380
CXUS55 KMSO 010921
CLMGPI


CLIMATE REPORT
NATIONAL WEATHER SERVICE MISSOULA, MT
221 AM MST THU DEC 1 2016

...................................

...THE KALISPELL MT CLIMATE SUMMARY FOR THE MONTH OF NOVEMBER 2016...

CLIMATE NORMAL PERIOD 1981 TO 2010
CLIMATE RECORD PERIOD 1894 TO 2016

WEATHER         OBSERVED          NORMAL  DEPART  LAST YEAR`S
                 VALUE   DATE(S)  VALUE   FROM    VALUE
                                          NORMAL
.............................................................
TEMPERATURE (F)
RECORD
 HIGH              69   11/12/1999
 LOW              -28   11/16/1959
HIGHEST            61   11/10        MM      MM       57
LOWEST             18   11/29        MM      MM        0
AVG. MAXIMUM     47.6              39.6     8.0     39.3
AVG. MINIMUM     28.3              24.0     4.3     23.3
MEAN             38.0              31.8     6.2
DAYS MAX >= 90      0               0.0     0.0        0
DAYS MAX <= 32      0               5.2    -5.2        6
DAYS MIN <= 32     22              24.6    -2.6       24
DAYS MIN <= 0       0               0.7    -0.7        1

PRECIPITATION (INCHES)
RECORD
 MAXIMUM         4.44   1959
 MINIMUM         0.17   1929
TOTALS           0.62              1.43   -0.81
DAILY AVG.       0.02              0.05   -0.03     0.02
DAYS >= .01        10              13.0    -3.0        9
DAYS >= .10         2               4.9    -2.9        2
DAYS >= .50         0               0.3    -0.3        0
DAYS >= 1.00        0               0.0     0.0        0
GREATEST
 24 HR. TOTAL    0.62   10/31 TO 11/01              0.48

SNOWFALL (INCHES)
TOTALS            0.7               9.3    -8.6      1.6
SINCE 7/1         1.7              10.4    -8.7      1.6
DAYS >= TRACE       7               7.4    -0.4        6
DAYS >= 1.0         0               3.0    -3.0        1
GREATEST
 SNOW DEPTH         0   MM
 24 HR TOTAL      0.7   MM                           1.6

DEGREE_DAYS
HEATING TOTAL     803               996    -193
 SINCE 7/1       1959              2204    -245
COOLING TOTAL       0                 0       0
 SINCE 1/1        157               147      10
..............................................................

WIND (MPH)
AVERAGE WIND SPEED              3.5
HIGHEST WIND SPEED/DIRECTION    24/210    DATE  11/15
HIGHEST GUST SPEED/DIRECTION    30/220    DATE  11/15

SKY COVER
POSSIBLE SUNSHINE (PERCENT)   MM
AVERAGE SKY COVER           0.60
NUMBER OF DAYS FAIR            5
NUMBER OF DAYS PC             14
NUMBER OF DAYS CLOUDY         11

AVERAGE RH (PERCENT)     79

WEATHER CONDITIONS. NUMBER OF DAYS WITH
THUNDERSTORM              0     MIXED PRECIP               0
HEAVY RAIN                0     RAIN                       1
LIGHT RAIN               13     FREEZING RAIN              0
LT FREEZING RAIN          0     HAIL                       0
HEAVY SNOW                0     SNOW                       1
LIGHT SNOW                7     SLEET                      0
FOG                      22     FOG W/VIS <= 1/4 MILE      7
HAZE                      0

-  INDICATES NEGATIVE NUMBERS.
R  INDICATES RECORD WAS SET OR TIED.
MM INDICATES DATA IS MISSING.
T  INDICATES TRACE AMOUNT.

$$
