330
CXUS53 KGRB 010832
CLMGRB


CLIMATE REPORT
NATIONAL WEATHER SERVICE GREEN BAY
231 AM CST WED FEB 1 2017

...................................

...THE GREEN BAY WI CLIMATE SUMMARY FOR THE MONTH OF JANUARY 2017...

CLIMATE NORMAL PERIOD 1981 TO 2010
CLIMATE RECORD PERIOD 1886 TO 2017

WEATHER         OBSERVED          NORMAL  DEPART  LAST YEAR`S
                 VALUE   DATE(S)  VALUE   FROM    VALUE  DATE(S)
                                          NORMAL
................................................................
TEMPERATURE (F)
RECORD
 HIGH              56   01/26/1944
 LOW              -36   01/21/1888
HIGHEST            44   01/24        40       4       39  01/30
LOWEST             -5   01/05       -16      11       -8  01/18
AVG. MAXIMUM     28.8              24.3     4.5     26.3
AVG. MINIMUM     18.1               9.0     9.1     12.2
MEAN             23.5              16.6     6.9     19.2
DAYS MAX >= 90      0               0.0     0.0        0
DAYS MAX <= 32     16              22.8    -6.8       21
DAYS MIN <= 32     22              30.3    -8.3       30
DAYS MIN <= 0       7               8.1    -1.1        9

PRECIPITATION (INCHES)
RECORD
 MAXIMUM         3.75   1889
 MINIMUM         0.12   1981
TOTALS           2.43              1.13    1.30     1.33
DAILY AVG.       0.08              0.04    0.04     0.04
DAYS >= .01        13               9.9     3.1       10
DAYS >= .10         7               3.7     3.3        5
DAYS >= .50         1               0.2     0.8        0
DAYS >= 1.00        0               0.0     0.0        0
GREATEST
 24 HR. TOTAL    0.86   01/09 TO 01/10

SNOWFALL (INCHES)
RECORDS
 TOTAL           32.5   1889
TOTALS           14.6              13.0     1.6      7.7
SINCE 7/1        38.6              30.3     8.3     21.6
SNOWDEPTH AVG.      3                 6      -3        6
DAYS >= 1.0         6               4.1     1.9        3
GREATEST
 SNOW DEPTH         6   01/31                         11  01/01
                        01/12
                        01/10
 24 HR TOTAL      4.5   01/30 TO 01/30

DEGREE_DAYS
HEATING TOTAL    1280              1499    -219     1410
 SINCE 7/1       3593              4589    -996     3620
COOLING TOTAL       0                 0       0        0
 SINCE 1/1          0                 0       0        0
.................................................................

WIND (MPH)
AVERAGE WIND SPEED              8.9
HIGHEST WIND SPEED/DIRECTION    38/270    DATE  01/10
HIGHEST GUST SPEED/DIRECTION    48/270    DATE  01/10

SKY COVER
POSSIBLE SUNSHINE (PERCENT)   MM
AVERAGE SKY COVER           0.70
NUMBER OF DAYS FAIR            7
NUMBER OF DAYS PC              7
NUMBER OF DAYS CLOUDY         17

AVERAGE RH (PERCENT)     79

WEATHER CONDITIONS. NUMBER OF DAYS WITH
THUNDERSTORM              0     MIXED PRECIP               0
HEAVY RAIN                0     RAIN                       3
LIGHT RAIN                7     FREEZING RAIN              1
LT FREEZING RAIN          2     HAIL                       0
HEAVY SNOW                1     SNOW                       1
LIGHT SNOW               15     SLEET                      0
FOG                      20     FOG W/VIS <= 1/4 MILE      6
HAZE                      4

-  INDICATES NEGATIVE NUMBERS.
R  INDICATES RECORD WAS SET OR TIED.
MM INDICATES DATA IS MISSING.
T  INDICATES TRACE AMOUNT.

$$
