612
CXUS53 KGRB 011041
CLMGRB


CLIMATE REPORT
NATIONAL WEATHER SERVICE GREEN BAY
437 AM CST FRI DEC 1 2017

...................................

...THE GREEN BAY WI CLIMATE SUMMARY FOR THE MONTH OF NOVEMBER 2017...

CLIMATE NORMAL PERIOD 1981 TO 2010
CLIMATE RECORD PERIOD 1886 TO 2017

WEATHER         OBSERVED          NORMAL  DEPART  LAST YEAR`S
                 VALUE   DATE(S)  VALUE   FROM    VALUE  DATE(S)
                                          NORMAL
................................................................
TEMPERATURE (F)
RECORD
 HIGH              74   11/04/2008
                        11/09/1999
                        11/01/1933
 LOW              -12   11/28/1887
HIGHEST            62   11/24        61       1       70  11/01
LOWEST             11   11/10         8       3       21  11/21
AVG. MAXIMUM     42.9              42.2     0.7     53.6
AVG. MINIMUM     27.8              26.9     0.9     35.5
MEAN             35.4              34.6     0.8     44.6
DAYS MAX >= 90      0               0.0     0.0        0
DAYS MAX <= 32      4               5.3    -1.3        0
DAYS MIN <= 32     23              21.1     1.9        9
DAYS MIN <= 0       0               0.1    -0.1        0

PRECIPITATION (INCHES)
RECORD
 MAXIMUM         6.19   1934
 MINIMUM         0.11   2007
TOTALS           1.14              2.13   -0.99     2.29
DAILY AVG.       0.04              0.07   -0.03     0.08
DAYS >= .01         8              10.0    -2.0       10
DAYS >= .10         3               5.3    -2.3        4
DAYS >= .50         0               1.1    -1.1        1
DAYS >= 1.00        0               0.2    -0.2        1
GREATEST
 24 HR. TOTAL    0.40   11/17 TO 11/17

SNOWFALL (INCHES)
RECORDS
 TOTAL           21.3   1889
TOTALS            0.6               4.0    -3.4      0.9
SINCE 7/1         0.6               4.2    -3.6      0.9
SNOWDEPTH AVG.      0                MM      MM        0
DAYS >= 1.0         0               1.1    -1.1        0
GREATEST
 SNOW DEPTH         T   11/12                          0  MM
 24 HR TOTAL      0.6   11/11 TO 11/11

DEGREE_DAYS
HEATING TOTAL     879               914     -35      608
 SINCE 7/1       1416              1740    -324     1062
COOLING TOTAL       0                 0       0        0
 SINCE 1/1        477               398      79      577
.................................................................

WIND (MPH)
AVERAGE WIND SPEED              9.1
HIGHEST WIND SPEED/DIRECTION    30/290    DATE  11/30
HIGHEST GUST SPEED/DIRECTION    41/280    DATE  11/30

SKY COVER
POSSIBLE SUNSHINE (PERCENT)   MM
AVERAGE SKY COVER           0.50
NUMBER OF DAYS FAIR           11
NUMBER OF DAYS PC             10
NUMBER OF DAYS CLOUDY          9

AVERAGE RH (PERCENT)     74

WEATHER CONDITIONS. NUMBER OF DAYS WITH
THUNDERSTORM              0     MIXED PRECIP               0
HEAVY RAIN                1     RAIN                       4
LIGHT RAIN                9     FREEZING RAIN              1
LT FREEZING RAIN          1     HAIL                       0
HEAVY SNOW                0     SNOW                       0
LIGHT SNOW                5     SLEET                      0
FOG                      10     FOG W/VIS <= 1/4 MILE      0
HAZE                      1

-  INDICATES NEGATIVE NUMBERS.
R  INDICATES RECORD WAS SET OR TIED.
MM INDICATES DATA IS MISSING.
T  INDICATES TRACE AMOUNT.

$$
