516
CXUS53 KGID 011708
CLMGRI


CLIMATE REPORT
NATIONAL WEATHER SERVICE HASTINGS NE
1205 PM CDT SUN OCT 1 2017

...................................

...THE GRAND ISLAND NE CLIMATE SUMMARY FOR THE MONTH OF SEPTEMBER 2017...

CLIMATE NORMAL PERIOD 1981 TO 2010
CLIMATE RECORD PERIOD 1895 TO 2017

WEATHER         OBSERVED          NORMAL  DEPART  LAST YEAR`S
                 VALUE   DATE(S)  VALUE   FROM    VALUE  DATE(S)
                                          NORMAL
................................................................
TEMPERATURE (F)
RECORD
 HIGH             109   09/06/1931
 LOW               20   09/30/1920
HIGHEST            96   09/22        95       1       93  09/20
LOWEST             42   09/06        35       7       38  09/29
AVG. MAXIMUM     80.5              78.0     2.5     78.8
AVG. MINIMUM     55.0              52.3     2.7     55.0
MEAN             67.8              65.1     2.7     66.9
DAYS MAX >= 90      6               3.7     2.3        2
DAYS MAX <= 32      0               0.0     0.0        0
DAYS MIN <= 32      0               0.4    -0.4        0
DAYS MIN <= 0       0               0.0     0.0        0

PRECIPITATION (INCHES)
RECORD
 MAXIMUM         9.00   1965
 MINIMUM         0.01   1998
TOTALS           2.68              2.23    0.45     2.53
DAILY AVG.       0.09              0.07    0.02     0.08
DAYS >= .01         7               7.0     0.0        7
DAYS >= .10         6               4.3     1.7        4
DAYS >= .50         2               1.4     0.6        2
DAYS >= 1.00        1               0.5     0.5        1
GREATEST
 24 HR. TOTAL    1.68   09/24 TO 09/25

SNOWFALL (INCHES)
RECORDS
 TOTAL            3.8   1985
TOTALS            0.0               0.1    -0.1      0.0
SINCE 7/1         0.0               0.1    -0.1      0.0
SNOWDEPTH AVG.      0                MM      MM        0
DAYS >= 1.0         0               0.0     0.0        0
GREATEST
 SNOW DEPTH         0   MM                             0  MM

DEGREE_DAYS
HEATING TOTAL      56               105     -49       65
 SINCE 7/1         60               115     -55       72
COOLING TOTAL     147               109      38      127
 SINCE 1/1       1058              1023      35     1141
.................................................................

WIND (MPH)
AVERAGE WIND SPEED              9.8
HIGHEST WIND SPEED/DIRECTION    31/190    DATE  09/15
HIGHEST GUST SPEED/DIRECTION    41/320    DATE  09/05

SKY COVER
POSSIBLE SUNSHINE (PERCENT)   MM
NUMBER OF DAYS FAIR           22
NUMBER OF DAYS PC              6
NUMBER OF DAYS CLOUDY          2

AVERAGE RH (PERCENT)     69

WEATHER CONDITIONS. NUMBER OF DAYS WITH
THUNDERSTORM              6     MIXED PRECIP               0
HEAVY RAIN                3     RAIN                       2
LIGHT RAIN               12     FREEZING RAIN              0
LT FREEZING RAIN          0     HAIL                       0
HEAVY SNOW                0     SNOW                       0
LIGHT SNOW                0     SLEET                      0
FOG                      14     FOG W/VIS <= 1/4 MILE      1
HAZE                      2

-  INDICATES NEGATIVE NUMBERS.
R  INDICATES RECORD WAS SET OR TIED.
MM INDICATES DATA IS MISSING.
T  INDICATES TRACE AMOUNT.

$$
