000
CXUS52 KRAH 011343
CLMGSO


CLIMATE REPORT
NATIONAL WEATHER SERVICE RALEIGH NC
940 AM EDT WED JUL 1 2015

...................................

...THE PIEDMONT TRIAD INTL AIRPORT CLIMATE SUMMARY FOR THE MONTH OF JUNE 2015...

CLIMATE NORMAL PERIOD 1981 TO 2010
CLIMATE RECORD PERIOD 1903 TO 2015

WEATHER         OBSERVED          NORMAL  DEPART  LAST YEAR`S
                 VALUE   DATE(S)  VALUE   FROM    VALUE
                                          NORMAL
.............................................................
TEMPERATURE (F)
RECORD
 HIGH             102   06/29/2012
                        06/27/1954
                        54/01/2206
 LOW               42   06/08/1977
                        06/12/1972
                        06/11/1972
HIGHEST            98   06/16                         94
LOWEST             59   06/04                         55
AVG. MAXIMUM     88.7              84.8     3.9     86.7
AVG. MINIMUM     68.5              65.3     3.2     66.6
MEAN             78.6              75.1     3.5     76.7
DAYS MAX >= 90     15                                  7
DAYS MAX <= 32      0                                  0
DAYS MIN <= 32      0                                  0
DAYS MIN <= 0       0                                  0

PRECIPITATION (INCHES)
RECORD
 MAXIMUM        10.50   2006
TOTALS           2.06              3.73   -1.67     3.00
DAYS >= .01        12
DAYS >= .10         5
DAYS >= .50         1
DAYS >= 1.00        0
GREATEST
 24 HR. TOTAL    0.75   06/02 TO 06/03

DEGREE_DAYS
HEATING TOTAL       3                 6      -3        0
 SINCE 7/1       3698              3618      80     3818
COOLING TOTAL     419               307     112      357
 SINCE 1/1        653               466     187      554
..............................................................

WIND (MPH)
AVERAGE WIND SPEED              6.6
HIGHEST WIND SPEED/DIRECTION    47/290    DATE  06/30
HIGHEST GUST SPEED/DIRECTION    60/290    DATE  06/30

SKY COVER
POSSIBLE SUNSHINE (PERCENT)   MM
AVERAGE SKY COVER           0.60
NUMBER OF DAYS FAIR            2
NUMBER OF DAYS PC             17
NUMBER OF DAYS CLOUDY         11

AVERAGE RH (PERCENT)     67

WEATHER CONDITIONS. NUMBER OF DAYS WITH
THUNDERSTORM             11     MIXED PRECIP               0
HEAVY RAIN                3     RAIN                       8
LIGHT RAIN               12     FREEZING RAIN              0
LT FREEZING RAIN          0     HAIL                       0
HEAVY SNOW                0     SNOW                       0
LIGHT SNOW                0     SLEET                      0
FOG                      14     FOG W/VIS <= 1/4 MILE      0
HAZE                      3

-  INDICATES NEGATIVE NUMBERS.
R  INDICATES RECORD WAS SET OR TIED.
MM INDICATES DATA IS MISSING.
T  INDICATES TRACE AMOUNT.

&&

THE MONTHLY AVERAGE TEMPERATURE AT THE PIEDMONT TRIAD INTERNATIONAL
AIRPORT FOR JUNE 2015 WAS 78.6 DEGREES. THIS MAKES JUNE 2015 THE 6TH
WARMEST JUNE ON RECORD FOR THE GREENSBORO AREA.

THE MINIMUM TEMPERATURE AT THE PIEDMONT TRIAD INTERNATIONAL AIRPORT
ON JUNE 13TH WAS 73 DEGREES. THIS TIED THE PREVIOUS RECORD HIGH
MINIMUM TEMPERATURE SET IN 2005.

THE MINIMUM TEMPERATURE AT THE PIEDMONT TRIAD INTERNATIONAL AIRPORT
ON JUNE 14TH WAS 71 DEGREES. THIS TIED THE PREVIOUS RECORD HIGH
MINIMUM TEMPERATURE SET IN 1945.

THE MINIMUM TEMPERATURE AT THE PIEDMONT TRIAD INTERNATIONAL AIRPORT
ON JUNE 15TH WAS 73 DEGREES. THIS TIED THE PREVIOUS RECORD HIGH
MINIMUM TEMPERATURE SET IN 1981.

THE MINIMUM TEMPERATURE AT THE PIEDMONT TRIAD INTERNATIONAL AIRPORT
ON JUNE 16TH WAS 73 DEGREES. THIS TIED THE PREVIOUS RECORD HIGH
MINIMUM TEMPERATURE SET IN 2004.

A RECORD HIGH TEMPERATURE OF 98 DEGREES WAS SET AT PIEDMONT TRIAD
INTERNATIONAL AIRPORT ON JUNE 16TH. THIS BREAKS THE PREVIOUS RECORD
HIGH OF 96 DEGREES SET IN 1914.

THE MINIMUM TEMPERATURE AT THE PIEDMONT TRIAD INTERNATIONAL AIRPORT
ON JUNE 18TH WAS 73 DEGREES. THIS TIED THE PREVIOUS RECORD HIGH
MINIMUM TEMPERATURE SET IN 1970.

THE MINIMUM TEMPERATURE AT THE PIEDMONT TRIAD INTERNATIONAL AIRPORT
ON JUNE 23RD WAS 74 DEGREES. THIS TIED THE PREVIOUS RECORD HIGH
MINIMUM TEMPERATURE SET IN 1914.

THE MINIMUM TEMPERATURE AT THE PIEDMONT TRIAD INTERNATIONAL AIRPORT
ON JUNE 24TH WAS 76 DEGREES. THIS BREAKS THE OLD RECORD HIGH MINIMUM
TEMPERATURE OF 74 DEGREES SET IN 2010.

THE MINIMUM TEMPERATURE AT THE PIEDMONT TRIAD INTERNATIONAL AIRPORT
ON JUNE 25TH WAS 75 DEGREES. THIS BREAKS THE OLD RECORD HIGH MINIMUM
TEMPERATURE OF 74 DEGREES SET IN 2010.

$$
