000
CXUS55 KTFX 011914
CLMGTF


CLIMATE REPORT
NATIONAL WEATHER SERVICE GREAT FALLS MT
1214 PM MST MON DEC 1 2014

...................................

...THE GREAT FALLS MT CLIMATE SUMMARY FOR THE MONTH OF NOVEMBER 2014...

CLIMATE NORMAL PERIOD 1981 TO 2010
CLIMATE RECORD PERIOD 1886 TO 2014

WEATHER         OBSERVED          NORMAL  DEPART  LAST YEAR`S
                 VALUE   DATE(S)  VALUE   FROM    VALUE
                                          NORMAL
.............................................................
TEMPERATURE (F)
RECORD
 HIGH              76   11/07/1999
                        11/05/1975
 LOW              -25   11/28/1985
                        11/23/1985
                        11/18/1903
HIGHEST            66   11/06        51      15       65
LOWEST            -22   11/30        19     -41       -5
AVG. MAXIMUM     37.0              43.3    -6.3     46.4
AVG. MINIMUM     15.3              23.4    -8.1     21.2
MEAN             26.1              33.4    -7.3     33.8
DAYS MAX >= 90      0               0.0     0.0
DAYS MAX <= 32     11               5.2     5.8
DAYS MIN <= 32     25              22.3     2.7
DAYS MIN <= 0       9               2.2     6.8

PRECIPITATION (INCHES)
RECORD
 MAXIMUM         2.27   1955
 MINIMUM         0.00   1917
TOTALS           1.38              0.59    0.79     0.18
DAYS >= .01         9               6.7     2.3
DAYS >= .10         5               1.9     3.1
DAYS >= .50         1               0.1     0.9
DAYS >= 1.00        0               0.0     0.0
GREATEST
 24 HR. TOTAL    0.51   11/29 TO 11/29

SNOWFALL (INCHES)
RECORDS
 TOTAL           24.9   2005
 24 HR TOTAL     10.8   11/27/2005 TO 11/27/2005
                        11/20/1946 TO 11/20/1946
TOTALS           16.3               8.1     8.2      2.8
SINCE 7/1        17.4              13.7     3.7      9.7
SNOWDEPTH AVG.      1
DAYS >= TRACE      11               5.7     5.3
DAYS >= 1.0         4               2.5     1.5
GREATEST
 SNOW DEPTH         6   11/30
 24 HR TOTAL      6.1   MM

DEGREE_DAYS
HEATING TOTAL    1157               949     208      929
 SINCE 7/1       1889              1969     -80     1800
COOLING TOTAL       0                 0       0        0
 SINCE 1/1        350               298      52      449
..............................................................

WIND (MPH)
AVERAGE WIND SPEED              12.1
HIGHEST WIND SPEED/DIRECTION    41/230    DATE  11/04
HIGHEST GUST SPEED/DIRECTION    53/210    DATE  11/28

SKY COVER
AVERAGE SKY COVER           0.40

AVERAGE RH (PERCENT)     69

WEATHER CONDITIONS. NUMBER OF DAYS WITH
THUNDERSTORM              0     MIXED PRECIP               1
HEAVY RAIN                1     RAIN                       0
LIGHT RAIN                6     FREEZING RAIN              0
LT FREEZING RAIN          0     HAIL                       0
HEAVY SNOW                1     SNOW                       4
LIGHT SNOW               10     SLEET                      0
FOG                      16     FOG W/VIS <= 1/4 MILE      7
HAZE                      6

-  INDICATES NEGATIVE NUMBERS.
R  INDICATES RECORD WAS SET OR TIED.
MM INDICATES DATA IS MISSING.
T  INDICATES TRACE AMOUNT.

$$
