000
CXUS54 KAMA 011618
CLMGUY


CLIMATE REPORT
NATIONAL WEATHER SERVICE AMARILLO TX
1117 AM CDT SAT JUL 1 2017

...................................

...THE GUYMON CLIMATE SUMMARY FOR THE MONTH OF JUNE 2017...

CLIMATE NORMAL PERIOD 1981 TO 2010
CLIMATE RECORD PERIOD 1998 TO 2017

WEATHER         OBSERVED          NORMAL  DEPART  LAST YEAR`S
                 VALUE   DATE(S)  VALUE   FROM    VALUE  DATE(S)
                                          NORMAL
................................................................
TEMPERATURE (F)
HIGHEST           105   06/17                        102  06/22
LOWEST             56   06/19                         49  06/05
                        06/01
AVG. MAXIMUM     91.6              87.6     4.0     93.0
AVG. MINIMUM     62.3              60.5     1.8     63.4
MEAN             77.0              74.1     2.9     78.2
DAYS MAX >= 90     16              13.0     3.0       23
DAYS MAX <= 32      0               0.0     0.0        0
DAYS MIN <= 32      0               0.0     0.0        0
DAYS MIN <= 0       0               0.0     0.0        0

PRECIPITATION (INCHES)
TOTALS           1.79              2.94   -1.15     2.64
DAILY AVG.       0.06              0.10   -0.04     0.09
DAYS >= .01         6                MM      MM        8
DAYS >= .10         3                MM      MM        6
DAYS >= .50         2                MM      MM        2
DAYS >= 1.00        0                MM      MM        0
GREATEST
 24 HR. TOTAL    0.98   06/21 TO 06/21

SNOWFALL (INCHES)
TOTALS            0.0                MM      MM      0.0
SINCE 7/1         3.8                MM      MM      0.0
DAYS >= TRACE       0                MM      MM
DAYS >= 1.0         0                MM      MM        0
GREATEST
 SNOW DEPTH         0   MM
 24 HR TOTAL      0.0   06/30 TO 06/30

DEGREE_DAYS
HEATING TOTAL       0                 8      -8        0
 SINCE 7/1       3669              4457    -788     3784
COOLING TOTAL     366               280      86      404
 SINCE 1/1        490               388     102      494
.................................................................

WIND (MPH)
AVERAGE WIND SPEED              11.2
HIGHEST WIND SPEED/DIRECTION    38/220    DATE  06/21
HIGHEST GUST SPEED/DIRECTION    45/140    DATE  06/21

SKY COVER
POSSIBLE SUNSHINE (PERCENT)   MM
NUMBER OF DAYS FAIR           26
NUMBER OF DAYS PC              2
NUMBER OF DAYS CLOUDY          2

AVERAGE RH (PERCENT)     59

WEATHER CONDITIONS. NUMBER OF DAYS WITH
THUNDERSTORM              0     MIXED PRECIP               0
HEAVY RAIN                2     RAIN                       2
LIGHT RAIN               11     FREEZING RAIN              0
LT FREEZING RAIN          0     HEAVY SNOW                 0
SNOW                      0     LIGHT SNOW                 0
SLEET                     0     FOG                        5
FOG W/VIS <= 1/4 MILE     0     HAZE                       4

-  INDICATES NEGATIVE NUMBERS.
R  INDICATES RECORD WAS SET OR TIED.
MM INDICATES DATA IS MISSING.
T  INDICATES TRACE AMOUNT.

$$
