000
CXUX51 KGYX 030225
CLMGYX

PWMCLMGYX 000
TTAA00 KGYX 012003


CLIMATE REPORT
NATIONAL WEATHER SERVICE GRAY ME
925 PM EST MON MAR 2 2015

...................................

...THE GRAY ME CLIMATE SUMMARY FOR THE MONTH OF FEBRUARY 2015...

CLIMATE NORMAL PERIOD 1981 TO 2010
CLIMATE RECORD PERIOD 1995 TO 2015

WEATHER         OBSERVED          NORMAL  DEPART  LAST YEAR`S
                 VALUE   DATE(S)  VALUE   FROM    VALUE
                                          NORMAL
.............................................................
TEMPERATURE (F)
RECORD
 HIGH              56   02/18/2011
                        02/24/2000
 LOW              -11   02/15/2003
                        02/14/2003
HIGHEST            35   02/22        50     -15       44
LOWEST            -10   02/24                -9       -2
AVG. MAXIMUM     21.2              33.5   -12.3     29.7
AVG. MINIMUM      2.7              15.9   -13.2     12.8
MEAN             11.9              24.7   -12.8     21.2
DAYS MAX >= 90      0               0.0     0.0        0
DAYS MAX <= 32     26              11.3    14.7       20
DAYS MIN <= 32     28              26.7     1.3       27
DAYS MIN <= 0      12               1.5    10.5        2

PRECIPITATION (INCHES)
RECORD
 MAXIMUM         8.51   2008
 MINIMUM         1.24   2012
TOTALS           2.04              3.31   -1.27     3.49
DAILY AVG.       0.07              0.12   -0.05     0.12
DAYS >= .01        12               9.4     2.6       10
DAYS >= .10         6               6.5    -0.5        8
DAYS >= .50         1               2.3    -1.3        4
DAYS >= 1.00        0               0.7    -0.7        0
GREATEST
 24 HR. TOTAL    0.69   02/02

SNOWFALL (INCHES)
RECORDS
 TOTAL           49.3   2013
TOTALS           31.8              16.5    15.3     33.2
SINCE 7/1        99.1              59.1    40.0     74.1
SNOWDEPTH AVG.     25
DAYS >= TRACE      17               6.8    10.2       12
DAYS >= 1.0         9               4.1     4.9        8
GREATEST
 SNOW DEPTH        30   02/19                         25
 24 HR TOTAL      9.4   02/02

DEGREE_DAYS
HEATING TOTAL    1477              1128     349     1218
 SINCE 7/1       5476              5158     318     5410
COOLING TOTAL       0                 0       0        0
 SINCE 1/1          0                 0       0        0
..............................................................



-  INDICATES NEGATIVE NUMBERS.
R  INDICATES RECORD WAS SET OR TIED.
MM INDICATES DATA IS MISSING.
T  INDICATES TRACE AMOUNT.

&&

THE COLD AND SNOWY WEATHER THAT BEGAN AT THE END OF JANUARY
CONTINUED UNABATED THROUGH FEBRUARY. IN FACT... FROM JANUARY 24
THROUGH FEBRUARY 25 THE NATIONAL WEATHER SERVICE OFFICE IN GRAY
NEVER WENT MORE THAN 2 DAYS WITHOUT SNOWFALL. IT WAS AN EXCEPTIONAL
MONTH OF CONSISTENTLY COLD AND SNOWY WEATHER. ALTHOUGH RECORDS ONLY
GO BACK 20 YEARS, IT RANKED AS THE COLDEST FEBRUARY ON RECORD BY A
LARGE MARGIN. IN FACT IT WAS THE COLDEST MONTH EVER RECORDED. THE
ONLY DAY IN THE MONTH THAT WAS ABOVE NORMAL WAS FEBRUARY 22 WHEN THE
TEMPERATURE SOARED TO 35 DEGREES, THE HIGHEST OF THE MONTH.

THE AVERAGE TEMPERATURE FOR THE MONTH WAS 11.9 DEGREES WHICH WAS
12.8 DEGREES BELOW NORMAL. IT WAS THE COLDEST FEBRUARY IN THE SHORT
20 YEAR HISTORY OF OBSERVATIONS IN GRAY AND ALSO THE COLDEST OF ANY
MONTH ON RECORD. UNTIL THIS YEAR THE COLDEST FEBRUARY ON RECORD WAS
2007 WITH AN AVERAGE TEMPERATURE OF 18.9 DEGREES. THE WARMEST WAS
1997 AT 34.0 DEGREES. THE FOLLOWING TABLE LISTS THE COLDEST
FEBRUARYS ON RECORD.

COLDEST AVERAGE TEMPERATURE IN FEBRUARY (SINCE 1995)
RANK  TEMP  YEAR
1     11.9  2015 <===
2     18.9  2007
3     19.4  2003
4     21.2  2014
5     22.9  2001
      22.9  1996

NOT ONLY WAS IT THE COLDEST FEBRUARY ON RECORD. IT WAS ALSO THE
COLDEST OF ANY MONTH RECORDED. THE FOLLOWING TABLE LISTS THE COLDEST
MONTHS ON RECORD AT GRAY.

COLDEST MONTHS (SINCE 1995)
RANK  TEMP  YEAR
1     11.9  FEB 2015 <===
2     12.9  JAN 2004
3     15.8  JAN 2003
4     16.2  JAN 2009
5     17.7  JAN 2015 <===
      17.7  JAN 2005

THERE WERE 26 DAYS THIS MONTH THAT DID NOT RISE ABOVE 32 DEGREES.
THIS IS THE MOST IN THE HISTORY OF OBSERVATIONS AT GRAY. THE
FOLLOWING TABLE LISTS THE MOST DAYS IN FEBRUARY WITH A HIGH
TEMPERATURE OF FREEZING OR BELOW.

DAYS WITH MAX 32 OR COLDER
RANK  DAYS  YEAR
1     26    2015 <===
2     20    2014
      20    2007
4     16    1996
5     15    2011
      15    2006
      15    2003

NIGHTTIME LOWS WERE ALSO VERY COLD. GRAY SAW THE MOST NIGHTS IN THE
SINGLE DIGITS AND THE MOST NIGHTS ZERO OR COLDER. THE FOLLOWING
TABLE LISTS THE MOST DAYS IN FEBRUARY WITH A LOW TEMPERATURE IN THE
SINGLE DIGITS AND ZERO OR COLDER.

      MIN < 10         MIN <= 0
RANK  DAYS  YEAR       DAYS  YEAR
1     26    2015 <===  12    2015 <===
2     14    2014       8     2003
3     14    2007       7     1996
4     14    2003       2     2014
5     13    1996       1     2008 (AND MANY OTHERS)

THE WARMEST TEMPERATURE OF THE MONTH WAS ONLY 35 DEGREES. THIS WAS
THE COLDEST MONTHLY MAX TEMPERATURE ON RECORD FOR FEBRUARY BY ALMOST
10 DEGREES. THE FOLLOWING TABLE LISTS THE COLDEST MONTHLY HIGH
TEMPERATURES FOR FEBRUARY.

COLDEST MONTHLY HIGH TEMPERATURE
RANK  MAX  YEAR
1     35   2015 <===
2     44   2014
3     45   2013
      45   2007
5     46   2010

A TOTAL OF 2.04 INCHES OF PRECIPITATION WAS MEASURED. THIS WAS 1.27
INCHES BELOW NORMAL. THE MOST PRECIPITATION FELL ON FEBRUARY 2 WHEN
0.69 INCHES WAS MEASURED DURING A SNOWSTORM. THE WETTEST FEBRUARY ON
RECORD WAS 2010 WITH 8.93 INCHES OF PRECIPITATION. THE DRIEST WAS
2006 WITH ONLY 1.19 INCHES.

SEVERAL ROUNDS OF SNOW FELL, TOTALING 31.8 INCHES ON THE MONTH. THIS
WAS 15.3 INCHES ABOVE NORMAL. THE MOST SNOW FELL ON FEBRUARY 2 WHEN
9.4 INCHES WAS MEASURED. THE SNOWIEST FEBRUARY ON RECORD WAS 2013
WHEN 49.3 INCHES FELL. THE LEAST SNOWY FEBRUARY WAS 1998 WITH ONLY
2.6 INCHES.

$$

KIMBLE
