000
CXUS56 KPQR 011630
CLMHIO


CLIMATE REPORT
NATIONAL WEATHER SERVICE PORTLAND OREGON
930 AM PDT FRI JUL 1 2016

...................................

...THE HILLSBORO OR CLIMATE SUMMARY FOR THE MONTH OF JUNE 2016...

CLIMATE NORMAL PERIOD 1981 TO 2010
CLIMATE RECORD PERIOD 1929 TO 2016

WEATHER         OBSERVED          NORMAL  DEPART  LAST YEAR`S
                 VALUE   DATE(S)  VALUE   FROM    VALUE  DATE(S)
                                          NORMAL
................................................................
TEMPERATURE (F)
HIGHEST            99                                 97  06/26
LOWEST             41                                 41  06/14
                                                          06/13
AVG. MAXIMUM     76.4              72.7     3.7     82.9
AVG. MINIMUM     50.4              48.3     2.1     52.0
MEAN             63.4              60.5     2.9     67.4
DAYS MAX >= 90      5               1.0     4.0       10
DAYS MAX <= 32      0               0.0     0.0        0
DAYS MIN <= 32      0               0.0     0.0        0
DAYS MIN <= 0       0               0.0     0.0        0

PRECIPITATION (INCHES)
RECORD
 MAXIMUM         4.38   1984
 MINIMUM            T   1940
TOTALS           1.33              1.40   -0.07     0.54
DAYS >= .01        11                MM      MM        3
DAYS >= .10         7                MM      MM        3
DAYS >= .50         0                MM      MM        0
DAYS >= 1.00        0                MM      MM        0
GREATEST
 24 HR. TOTAL    0.49   06/13 TO 06/14

DEGREE_DAYS
HEATING TOTAL     111               155     -44       46
 SINCE 7/1       4056              5005    -949     3817
COOLING TOTAL      71                20      51      127
 SINCE 1/1         90                26      64      140
.................................................................

WIND (MPH)
AVERAGE WIND SPEED              5.2
RESULTANT WIND SPEED/DIRECTION   2/315
HIGHEST WIND SPEED/DIRECTION    21/310    DATE  06/20
HIGHEST GUST SPEED/DIRECTION    27/230    DATE  06/10

SKY COVER
POSSIBLE SUNSHINE (PERCENT)   MM
AVERAGE SKY COVER           0.30

AVERAGE RH (PERCENT)     63

WEATHER CONDITIONS. NUMBER OF DAYS WITH
THUNDERSTORM              0     MIXED PRECIP               0
HEAVY RAIN                2     RAIN                       4
LIGHT RAIN               13     FREEZING RAIN              0
LT FREEZING RAIN          0     HAIL                       0
HEAVY SNOW                0     SNOW                       0
LIGHT SNOW                0     SLEET                      0
FOG                       8     FOG W/VIS <= 1/4 MILE      0
HAZE                      3

-  INDICATES NEGATIVE NUMBERS.
R  INDICATES RECORD WAS SET OR TIED.
MM INDICATES DATA IS MISSING.
T  INDICATES TRACE AMOUNT.

$$
