000
CXUS56 KPQR 011606
CLMHIO


CLIMATE REPORT
NATIONAL WEATHER SERVICE PORTLAND OREGON
806 AM PST WED FEB 1 2017

...................................

...THE HILLSBORO OR CLIMATE SUMMARY FOR THE MONTH OF JANUARY 2017...

CLIMATE NORMAL PERIOD 1981 TO 2010
CLIMATE RECORD PERIOD 1929 TO 2017

WEATHER         OBSERVED          NORMAL  DEPART  LAST YEAR`S
                 VALUE   DATE(S)  VALUE   FROM    VALUE  DATE(S)
                                          NORMAL
................................................................
TEMPERATURE (F)
HIGHEST            54                                 59  01/27
LOWEST              3                                 25  01/03
AVG. MAXIMUM     40.5              46.9    -6.4     46.2
AVG. MINIMUM     25.9              33.3    -7.4     35.1
MEAN             33.2              40.1    -6.9     40.6
DAYS MAX >= 90      0               0.0     0.0        0
DAYS MAX <= 32      6               0.3     5.7        1
DAYS MIN <= 32     23              13.4     9.6       11
DAYS MIN <= 0       0               0.0     0.0        0

PRECIPITATION (INCHES)
RECORD
 MAXIMUM        11.89   2006
 MINIMUM         0.32   1985
TOTALS           4.11              6.06   -1.95     7.53
DAYS >= .01        11                MM      MM       24
DAYS >= .10         9                MM      MM       18
DAYS >= .50         3                MM      MM        4
DAYS >= 1.00        1                MM      MM        1
GREATEST
 24 HR. TOTAL    1.50   01/17 TO 01/18

DEGREE_DAYS
HEATING TOTAL     978               772     206      630
 SINCE 7/1       2876              2893     -17     2443
COOLING TOTAL       0                 0       0        0
 SINCE 1/1          0                 0       0        0
.................................................................

WIND (MPH)
AVERAGE WIND SPEED              4.7
RESULTANT WIND SPEED/DIRECTION   2/085
HIGHEST WIND SPEED/DIRECTION    37/080    DATE  01/04
HIGHEST GUST SPEED/DIRECTION    51/100    DATE  01/04

SKY COVER
POSSIBLE SUNSHINE (PERCENT)   MM
AVERAGE SKY COVER           0.60

AVERAGE RH (PERCENT)     80

WEATHER CONDITIONS. NUMBER OF DAYS WITH
THUNDERSTORM              0     MIXED PRECIP               0
HEAVY RAIN                0     RAIN                       3
LIGHT RAIN               12     FREEZING RAIN              2
LT FREEZING RAIN          4     HAIL                       0
HEAVY SNOW                2     SNOW                       2
LIGHT SNOW                4     SLEET                      0
FOG                      25     FOG W/VIS <= 1/4 MILE     10
HAZE                     13

-  INDICATES NEGATIVE NUMBERS.
R  INDICATES RECORD WAS SET OR TIED.
MM INDICATES DATA IS MISSING.
T  INDICATES TRACE AMOUNT.

$$
