000
CXUS53 KGID 011613
CLMHSI


CLIMATE REPORT
NATIONAL WEATHER SERVICE HASTINGS NE
1012 AM CST WED FEB 1 2017

...................................

...THE HASTINGS NE CLIMATE SUMMARY FOR THE MONTH OF JANUARY 2017...

CLIMATE NORMAL PERIOD 1981 TO 2010
CLIMATE RECORD PERIOD 1894 TO 2017

WEATHER         OBSERVED          NORMAL  DEPART  LAST YEAR`S
                 VALUE   DATE(S)  VALUE   FROM    VALUE  DATE(S)
                                          NORMAL
................................................................
TEMPERATURE (F)
RECORD
 HIGH              76   01/11/1990
 LOW              -30   01/12/1912
HIGHEST            61   01/30        61       0       58  01/29
LOWEST            -13   01/05       -10      -3       -8  01/10
AVG. MAXIMUM     35.7              36.0    -0.3     36.6
AVG. MINIMUM     19.4              16.0     3.4     19.2
MEAN             27.6              26.0     1.6     27.9
DAYS MAX >= 90      0               0.0     0.0        0
DAYS MAX <= 32     11              11.7    -0.7       12
DAYS MIN <= 32     29              29.8    -0.8       31
DAYS MIN <= 0       3               3.7    -0.7        3

PRECIPITATION (INCHES)
RECORD
 MAXIMUM         3.23   1960
 MINIMUM         0.00   1986
                        1943
                        1935
TOTALS           0.83              0.41    0.42     0.35
DAILY AVG.       0.03              0.01    0.02     0.01
DAYS >= .01         4                MM      MM        9
DAYS >= .10         3                MM      MM        1
DAYS >= .50         1                MM      MM        0
DAYS >= 1.00        0                MM      MM        0
GREATEST
 24 HR. TOTAL    0.59   01/15 TO 01/16

SNOWFALL (INCHES)
RECORDS
 TOTAL           22.0   1932
TOTALS            3.7               6.0    -2.3      5.5
SINCE 7/1         4.8              15.9   -11.1     14.3
SNOWDEPTH AVG.      0                MM      MM        1
DAYS >= 1.0         1                MM      MM        2
GREATEST
 SNOW DEPTH         4   01/05                          3  01/02
                                                          01/01

DEGREE_DAYS
HEATING TOTAL    1150              1209     -59     1141
 SINCE 7/1       3199              3649    -450     3051
COOLING TOTAL       0                 0       0        0
 SINCE 1/1          0                 0       0        0
.................................................................

WIND (MPH)
AVERAGE WIND SPEED              10.3
HIGHEST WIND SPEED/DIRECTION    37/330    DATE  01/10
HIGHEST GUST SPEED/DIRECTION    45/320    DATE  01/10

SKY COVER
POSSIBLE SUNSHINE (PERCENT)   MM
AVERAGE SKY COVER           0.40
NUMBER OF DAYS FAIR           18
NUMBER OF DAYS PC              5
NUMBER OF DAYS CLOUDY          8

AVERAGE RH (PERCENT)     73

WEATHER CONDITIONS. NUMBER OF DAYS WITH
THUNDERSTORM              0     MIXED PRECIP               0
HEAVY RAIN                0     RAIN                       0
LIGHT RAIN                3     FREEZING RAIN              2
LT FREEZING RAIN          3     HAIL                       0
HEAVY SNOW                0     SNOW                       1
LIGHT SNOW                5     SLEET                      0
FOG                      11     FOG W/VIS <= 1/4 MILE      3
HAZE                      1

-  INDICATES NEGATIVE NUMBERS.
R  INDICATES RECORD WAS SET OR TIED.
MM INDICATES DATA IS MISSING.
T  INDICATES TRACE AMOUNT.

$$
