000
CXUS54 KHUN 021639
CLMHSV


CLIMATE REPORT
NATIONAL WEATHER SERVICE HUNTSVILLE AL
1038 AM CST FRI DEC 2 2016

...................................

...THE HUNTSVILLE CLIMATE SUMMARY FOR THE MONTH OF NOVEMBER 2016...

CLIMATE NORMAL PERIOD 1981 TO 2010
CLIMATE RECORD PERIOD 1894 TO 2016

WEATHER         OBSERVED          NORMAL  DEPART  LAST YEAR`S
                 VALUE   DATE(S)  VALUE   FROM    VALUE
                                          NORMAL
.............................................................
TEMPERATURE (F)
RECORD
 HIGH              88   11/01/2016
 LOW                1   11/25/1950
HIGHEST            88R  11/01        MM      MM       79
LOWEST             24   11/27        MM      MM       26
AVG. MAXIMUM     71.9              63.7     8.2     68.4
AVG. MINIMUM     43.4              41.8     1.6     49.2
MEAN             57.7              52.7     5.0     58.8
DAYS MAX >= 90      0               0.0     0.0        0
DAYS MAX <= 32      0               0.0     0.0        0
DAYS MIN <= 32      5               5.8    -0.8        4
DAYS MIN <= 0       0               0.0     0.0        0

PRECIPITATION (INCHES)
RECORD
 MAXIMUM        13.60   1948
 MINIMUM         0.49   1924
TOTALS           4.78              4.94   -0.16     7.97
DAILY AVG.       0.16              0.16    0.00     0.27
DAYS >= .01         6               9.4    -3.4       11
DAYS >= .10         4               6.8    -2.8        7
DAYS >= .50         3               3.4    -0.4        5
DAYS >= 1.00        1               1.6    -0.6        2
GREATEST
 24 HR. TOTAL    3.96   11/29 TO 11/30              3.87

SNOWFALL (INCHES)
RECORDS
 TOTAL            4.0   1966
 24 HR TOTAL      4.0   11/02/1966 TO 11/02/1966
TOTALS            0.0               0.0     0.0      0.0
SINCE 7/1         0.0               0.0     0.0      0.0
DAYS >= TRACE       0               0.0     0.0        0
DAYS >= 1.0         0               0.0     0.0        0
GREATEST
 SNOW DEPTH         0   MM                             0
 24 HR TOTAL      0.0   11/30 TO 11/30

DEGREE_DAYS
HEATING TOTAL     240               376    -136      218
 SINCE 7/1        264               527    -263      294
COOLING TOTAL      28                 9      19       39
 SINCE 1/1       2548              1949     599     2279

FREEZE DATES
RECORD
 EARLIEST     10/09/2000
 LATEST       05/02/1909
EARLIEST                        11/05
LATEST                          03/30
..............................................................

WIND (MPH)
AVERAGE WIND SPEED              6.2
HIGHEST WIND SPEED/DIRECTION    37/160    DATE  11/28
HIGHEST GUST SPEED/DIRECTION    48/150    DATE  11/28

AVERAGE RH (PERCENT)     58


-  INDICATES NEGATIVE NUMBERS.
R  INDICATES RECORD WAS SET OR TIED.
MM INDICATES DATA IS MISSING.
T  INDICATES TRACE AMOUNT.

$$
