000
CXUS53 KAPX 010810
CLMHTL


CLIMATE REPORT
NATIONAL WEATHER SERVICE GAYLORD MI
408 AM EDT THU SEP 1 2016

...................................

...THE HOUGHTON LAKE MI CLIMATE SUMMARY FOR THE MONTH OF AUGUST 2016...

CLIMATE NORMAL PERIOD 1981 TO 2010
CLIMATE RECORD PERIOD 1913 TO 2016

WEATHER         OBSERVED          NORMAL  DEPART  LAST YEAR`S
                 VALUE   DATE(S)  VALUE   FROM    VALUE  DATE(S)
                                          NORMAL
................................................................
TEMPERATURE (F)
RECORD
 HIGH             100   08/05/1931
 LOW               27   08/24/1927
HIGHEST            91   08/10        MM      MM       89  08/14
                        08/04
LOWEST             47   08/08        MM      MM       47  08/06
AVG. MAXIMUM     81.8              77.1     4.7     76.9
AVG. MINIMUM     58.3              52.8     5.5     56.2
MEAN             70.1              65.0     5.1     66.5
DAYS MAX >= 90      3               0.5     2.5        0
DAYS MAX <= 32      0               0.0     0.0        0
DAYS MIN <= 32      0               0.1    -0.1        0
DAYS MIN <= 0       0               0.0     0.0        0

PRECIPITATION (INCHES)
RECORD
 MAXIMUM           MM   MM
 MINIMUM           MM   MM
TOTALS           3.76              3.40    0.36     3.27
DAILY AVG.       0.12              0.11    0.01     0.11
DAYS >= .01        10               9.8     0.2       12
DAYS >= .10         8               6.6     1.4        6
DAYS >= .50         2               2.2    -0.2        2
DAYS >= 1.00        1               0.8     0.2        1
GREATEST
 24 HR. TOTAL    1.40   08/17 TO 08/17
                        08/16 TO 08/17
                        08/17 TO 08/17
 STORM TOTAL       MM
 (MM/DD(HH))            MM

SNOWFALL (INCHES)
RECORDS
 TOTAL             MM   MM
 24 HR TOTAL       MM
 SNOW DEPTH        MM   MM
TOTALS            0.0               0.0     0.0      0.0
SINCE 7/1         0.0               0.0     0.0      0.0
SNOWDEPTH AVG.      0                MM      MM        0
DAYS >= TRACE       0               0.0     0.0        0
DAYS >= 1.0         0               0.0     0.0        0
GREATEST
 SNOW DEPTH         0   MM                             0  MM
 24 HR TOTAL      0.0   08/31 TO 08/31               0.0

DEGREE_DAYS
HEATING TOTAL       6                80     -74       42
 SINCE 7/1         33               127     -94       90
COOLING TOTAL     170                78      92       97
 SINCE 1/1        409               265     144      258
.................................................................

WIND (MPH)
AVERAGE WIND SPEED              6.2
HIGHEST WIND SPEED/DIRECTION    28/270    DATE  08/30
HIGHEST GUST SPEED/DIRECTION    35/170    DATE  08/20

SKY COVER
POSSIBLE SUNSHINE (PERCENT)   MM
AVERAGE SKY COVER           0.30
NUMBER OF DAYS FAIR           21
NUMBER OF DAYS PC              7
NUMBER OF DAYS CLOUDY          3

AVERAGE RH (PERCENT)     72

WEATHER CONDITIONS. NUMBER OF DAYS WITH
THUNDERSTORM              0     MIXED PRECIP               0
HEAVY RAIN                5     RAIN                       6
LIGHT RAIN               10     FREEZING RAIN              0
LT FREEZING RAIN          0     HAIL                       0
HEAVY SNOW                0     SNOW                       0
LIGHT SNOW                0     SLEET                      0
FOG                      23     FOG W/VIS <= 1/4 MILE      5
HAZE                      1

-  INDICATES NEGATIVE NUMBERS.
R  INDICATES RECORD WAS SET OR TIED.
MM INDICATES DATA IS MISSING.
T  INDICATES TRACE AMOUNT.

$$
