000
CXUS51 KRLX 021604
CLMHTS


CLIMATE REPORT
NATIONAL WEATHER SERVICE CHARLESTON WV
1059 AM EST TUE FEB 2 2016

...................................

...THE HUNTINGTON CLIMATE SUMMARY FOR THE MONTH OF JANUARY 2016...

CLIMATE NORMAL PERIOD 1981 TO 2010
CLIMATE RECORD PERIOD 1897 TO 2016

WEATHER         OBSERVED          NORMAL  DEPART  LAST YEAR`S
                 VALUE   DATE(S)  VALUE   FROM    VALUE  DATE(S)
                                          NORMAL
................................................................
TEMPERATURE (F)
RECORD
 HIGH              79   01/25/1950
 LOW              -21   01/19/1994
HIGHEST            69   01/31        MM      MM       62  01/04
                                                          01/03
LOWEST              8   01/19        MM      MM        1  01/08
                        01/18
AVG. MAXIMUM     40.7              42.2    -1.5     39.8
AVG. MINIMUM     21.9              25.3    -3.4     23.0
MEAN             31.3              33.7    -2.4     31.4
DAYS MAX >= 90      0               0.0     0.0        0
DAYS MAX <= 32      9               6.6     2.4        8
DAYS MIN <= 32     28              22.2     5.8       26
DAYS MIN <= 0       0               0.5    -0.5        0

PRECIPITATION (INCHES)
RECORD
 MAXIMUM        12.07   1937
 MINIMUM         0.64   1981
TOTALS           1.99              2.97   -0.98     2.17
DAILY AVG.       0.06              0.10   -0.04     0.07
DAYS >= .01        12              13.4    -1.4       14
DAYS >= .10         5               6.5    -1.5        7
DAYS >= .50         1               2.0    -1.0        1
DAYS >= 1.00        1               0.5     0.5        0
GREATEST
 24 HR. TOTAL    4.30   01/22 TO 01/23              0.54

SNOWFALL (INCHES)
RECORDS
 TOTAL           30.3   1978
TOTALS           13.8               6.9     6.9      2.7
SINCE 7/1        13.8              11.5     2.3      2.7
DAYS >= 1.0         3               2.2     0.8        1
GREATEST
 SNOW DEPTH        10R  01/24                          1  01/24
                        01/23
 24 HR TOTAL      9.6R  MM                       01/24 TO 01/24
                                                          01/24 TO 01/24
                                                          01/24 TO 01/24

DEGREE_DAYS
HEATING TOTAL    1039               969      70     1036
 SINCE 7/1       2279              2724    -445     2908
COOLING TOTAL       0                 0       0        0
 SINCE 1/1          0                 0       0        0
.....................................................

WIND (MPH)
AVERAGE WIND SPEED              6.4
HIGHEST WIND SPEED/DIRECTION    23/250    DATE  01/12
HIGHEST GUST SPEED/DIRECTION    37/250    DATE  01/12

SKY COVER
POSSIBLE SUNSHINE (PERCENT)   MM
AVERAGE SKY COVER           0.50
NUMBER OF DAYS FAIR           14
NUMBER OF DAYS PC              8
NUMBER OF DAYS CLOUDY          9

AVERAGE RH (PERCENT)     66

WEATHER CONDITIONS. NUMBER OF DAYS WITH
THUNDERSTORM              0     MIXED PRECIP               0
HEAVY RAIN                0     RAIN                       1
LIGHT RAIN                8     FREEZING RAIN              0
LT FREEZING RAIN          1     HAIL                       0
HEAVY SNOW                2     SNOW                       2
LIGHT SNOW               13     SLEET                      0
FOG                      14     FOG W/VIS <= 1/4 MILE      2
HAZE                      4

-  INDICATES NEGATIVE NUMBERS.
R  INDICATES RECORD WAS SET OR TIED.
MM INDICATES DATA IS MISSING.
T  INDICATES TRACE AMOUNT.

$$
