000
CXUS53 KIND 011607
CLMHUF


CLIMATE REPORT
NATIONAL WEATHER SERVICE INDIANAPOLIS IN
1107 AM EST MON DEC 1 2014

...................................

...THE TERRE HAUTE IN CLIMATE SUMMARY FOR THE MONTH OF NOVEMBER 2014...

CLIMATE NORMAL PERIOD 1981 TO 2010
CLIMATE RECORD PERIOD 9999 TO 9999

WEATHER         OBSERVED          NORMAL  DEPART  LAST YEAR`S
                 VALUE   DATE(S)  VALUE   FROM    VALUE  DATE(S)
                                          NORMAL
................................................................
TEMPERATURE (F)
HIGHEST            65   11/30                         62  11/09
                        11/03
LOWEST              9   11/18                         14  11/29
                                                          11/24
AVG. MAXIMUM     44.8              52.6    -7.8     47.6
AVG. MINIMUM     27.6              34.0    -6.4     29.3
MEAN             36.2              43.3    -7.1     38.4
DAYS MAX >= 90      0               0.0     0.0        0
DAYS MAX <= 32      6               0.5     5.5        2
DAYS MIN <= 32     18              13.3     4.7       19
DAYS MIN <= 0       0               0.0     0.0        0

PRECIPITATION (INCHES)
TOTALS           2.11              3.84   -1.73     2.80
DAILY AVG.       0.07              0.13   -0.06     0.09
DAYS >= .01         7                MM      MM        6
DAYS >= .10         3                MM      MM        4
DAYS >= .50         1                MM      MM        2
DAYS >= 1.00        1                MM      MM        1
GREATEST
 24 HR. TOTAL    1.50   11/23 TO 11/24

DEGREE_DAYS
HEATING TOTAL     857               651     206      713
 SINCE 7/1       1300              1078     222     1122
COOLING TOTAL       0                 0       0        0
 SINCE 1/1        939               993     -54     1056
.................................................................

WIND (MPH)
AVERAGE WIND SPEED              9.1
HIGHEST WIND SPEED/DIRECTION    35/240    DATE  11/24
HIGHEST GUST SPEED/DIRECTION    46/240    DATE  11/24

SKY COVER
POSSIBLE SUNSHINE (PERCENT)   MM
AVERAGE SKY COVER           0.50
NUMBER OF DAYS FAIR           13
NUMBER OF DAYS PC              7
NUMBER OF DAYS CLOUDY         10

AVERAGE RH (PERCENT)     70

WEATHER CONDITIONS. NUMBER OF DAYS WITH
THUNDERSTORM              1     MIXED PRECIP               0
HEAVY RAIN                2     RAIN                       5
LIGHT RAIN                7     FREEZING RAIN              0
LT FREEZING RAIN          0     HAIL                       0
HEAVY SNOW                0     SNOW                       1
LIGHT SNOW                7     SLEET                      0
FOG                      10     FOG W/VIS <= 1/4 MILE      1
HAZE                      6

-  INDICATES NEGATIVE NUMBERS.
R  INDICATES RECORD WAS SET OR TIED.
MM INDICATES DATA IS MISSING.
T  INDICATES TRACE AMOUNT.

$$
