000
CXUS51 KCAR 031346
CLMHUL


CLIMATE REPORT
NATIONAL WEATHER SERVICE CARIBOU, ME
844 AM EST MON NOV 3 2014

...................................

...THE HOULTON ME CLIMATE SUMMARY FOR THE MONTH OF OCTOBER 2014...

CLIMATE NORMAL PERIOD 1981 TO 2010
CLIMATE RECORD PERIOD 1948 TO 2014

WEATHER         OBSERVED          NORMAL  DEPART  LAST YEAR`S
                 VALUE   DATE(S)  VALUE   FROM    VALUE  DATE(S)
                                          NORMAL
................................................................
TEMPERATURE (F)
RECORD
 HIGH              83   10/17/1947
                        10/13/1938
                        10/12/1938
 LOW               10   10/30/1978
                        10/21/1972
HIGHEST            75   10/15        MM      MM       74  10/02
LOWEST             24   10/21        MM      MM       15  10/30
AVG. MAXIMUM     57.3              53.9     3.4     57.2
AVG. MINIMUM     38.9              33.0     5.9     33.5
MEAN             48.1              43.4     4.7     45.3
DAYS MAX >= 90      0               0.0     0.0        0
DAYS MAX <= 32      0               0.0     0.0        0
DAYS MIN <= 32      7              16.1    -9.1       14
DAYS MIN <= 0       0               0.0     0.0        0

PRECIPITATION (INCHES)
RECORD
 MAXIMUM           MM   MM
 MINIMUM           MM   MM
TOTALS           5.82                      2.16
DAILY AVG.       0.19              0.12    0.07     0.08
DAYS >= .01        13              12.6     0.4        9
DAYS >= .10         8               7.4     0.6        6
DAYS >= .50         5               2.4     2.6        1
DAYS >= 1.00        2               0.9     1.1        0
GREATEST
 24 HR. TOTAL    2.18   10/16 TO 10/17           10/07 TO 10/08
                                                          10/08 TO 10/08
                                                          10/08 TO 10/08

SNOWFALL (INCHES)
RECORDS
 TOTAL             MM   MM
TOTALS             MM               0.6      MM       MM
SINCE 7/1          MM               0.7      MM       MM
SNOWDEPTH AVG.     MM                MM      MM       MM
DAYS >= 1.0         0               0.2    -0.2        0
GREATEST
 SNOW DEPTH        MM                                 MM  MM
 24 HR TOTAL       MM                                 MM

DEGREE_DAYS
HEATING TOTAL     518               668    -150
.........................................................

WIND (MPH)
AVERAGE WIND SPEED              6.5
HIGHEST WIND SPEED/DIRECTION    25/220    DATE  10/17
HIGHEST GUST SPEED/DIRECTION    33/300    DATE  10/27

SKY COVER
POSSIBLE SUNSHINE (PERCENT)   MM
AVERAGE SKY COVER           0.60
NUMBER OF DAYS FAIR            7
NUMBER OF DAYS PC             11
NUMBER OF DAYS CLOUDY         13

AVERAGE RH (PERCENT)     77

WEATHER CONDITIONS. NUMBER OF DAYS WITH
THUNDERSTORM              0     MIXED PRECIP               0
HEAVY RAIN                5     RAIN                       6
LIGHT RAIN               13     FREEZING RAIN              0
LT FREEZING RAIN          0     HAIL                       0
HEAVY SNOW                0     SNOW                       0
LIGHT SNOW                0     SLEET                      0
FOG                      18     FOG W/VIS <= 1/4 MILE      2
HAZE                      1

-  INDICATES NEGATIVE NUMBERS.
R  INDICATES RECORD WAS SET OR TIED.
MM INDICATES DATA IS MISSING.
T  INDICATES TRACE AMOUNT.

$$
