000
CXUS55 KVEF 011123
CLMIGM

CLIMATE REPORT
NATIONAL WEATHER SERVICE LAS VEGAS, NV
406 AM PDT TUE JUL 1 2014

...................................

...THE KINGMAN AZ CLIMATE SUMMARY FOR THE MONTH OF JUNE 2014...

CLIMATE NORMAL PERIOD 1981 TO 2010
CLIMATE RECORD PERIOD 1901 TO 2014

WEATHER         OBSERVED          NORMAL  DEPART  LAST YEAR`S
                 VALUE   DATE(S)  VALUE   FROM    VALUE  DATE(S)
                                          NORMAL
................................................................
TEMPERATURE (F)
RECORD
 HIGH             112   06/29/2013
 LOW               34   06/04/1908
HIGHEST           101   06/30                        112  06/29
LOWEST             55   06/19                         58  06/21
                        06/05                             06/17
AVG. MAXIMUM     95.6              93.1     2.5     98.7
AVG. MINIMUM     63.2              62.4     0.8     64.3
MEAN             79.4              77.8     1.6     81.5
DAYS MAX >= 90     29              21.6     7.4       30
DAYS MAX <= 32      0               0.0     0.0        0
DAYS MIN <= 32      0               0.0     0.0        0
DAYS MIN <= 0       0               0.0     0.0        0

PRECIPITATION (INCHES)
RECORD
 MAXIMUM         3.00   1920
 MINIMUM         0.00   2012
                        2011
                        2008
TOTALS           0.00R             0.09   -0.09     0.01
DAILY AVG.       0.00              0.00    0.00     0.00
DAYS >= .01         0                                  1
DAYS >= .10         0                                  0
DAYS >= .50         0                                  0
DAYS >= 1.00        0                                  0
GREATEST
 24 HR. TOTAL    0.00   06/30 TO 06/30

SNOWFALL (INCHES)
RECORDS
 TOTAL            0.0
 24 HR TOTAL
TOTALS            0.0                                0.0
SINCE 7/1           T
SNOWDEPTH AVG.      0
DAYS >= TRACE       0
DAYS >= 1.0         0
GREATEST
 SNOW DEPTH         0
 24 HR TOTAL      0.0   06/30 TO 06/30
 STORM TOTAL
 (MM/DD(HH))

DEGREE_DAYS
HEATING TOTAL       0                 3      -3        0
 SINCE 7/1       2834              3103    -269     2899
COOLING TOTAL     440               385      55      500
 SINCE 1/1        665               583      82      722

FREEZE DATES
RECORD
 EARLIEST     10/22/1996
 LATEST       05/21/1975
EARLIEST      10/31             11/14
LATEST        03/20             04/04
.................................................................

WIND (MPH)
AVERAGE WIND SPEED              12.5
HIGHEST WIND SPEED/DIRECTION    39/210    DATE  06/17
HIGHEST GUST SPEED/DIRECTION    49/210    DATE  06/12

SKY COVER
POSSIBLE SUNSHINE (PERCENT)   MM
AVERAGE SKY COVER           0.00
NUMBER OF DAYS FAIR           30
NUMBER OF DAYS PC              0
NUMBER OF DAYS CLOUDY          0

AVERAGE RH (PERCENT)     12

WEATHER CONDITIONS. NUMBER OF DAYS WITH
THUNDERSTORM              0     MIXED PRECIP               0
HEAVY RAIN                0     RAIN                       0
LIGHT RAIN                0     FREEZING RAIN              0
LT FREEZING RAIN          0     HAIL                       0
HEAVY SNOW                0     SNOW                       0
LIGHT SNOW                0     SLEET                      0
FOG                       0     FOG W/VIS <= 1/4 MILE      0
HAZE                      2

-  INDICATES NEGATIVE NUMBERS.
R  INDICATES RECORD WAS SET OR TIED.
MM INDICATES DATA IS MISSING.
T  INDICATES TRACE AMOUNT.

$$
