000
CXUS52 KILM 040324
CLMILM


CLIMATE REPORT
NATIONAL WEATHER SERVICE WILMINGTON NC
1123 PM EDT WED JUN 3 2015

...................................

...THE WILMINGTON NC CLIMATE SUMMARY FOR THE MONTH OF MAY 2015...

CLIMATE NORMAL PERIOD 1981 TO 2010
CLIMATE RECORD PERIOD 1871 TO 2015

WEATHER         OBSERVED          NORMAL  DEPART  LAST YEAR`S
                 VALUE   DATE(S)  VALUE   FROM    VALUE  DATE(S)
                                          NORMAL
................................................................
TEMPERATURE (F)
RECORD
 HIGH              98   05/31/1953
                        05/26/1953
 LOW               35   05/02/1963
HIGHEST            92   05/19                         92  05/28
                                                          05/23
                                                          05/22
LOWEST             47   05/02                         50  05/20
AVG. MAXIMUM     80.7              80.7     0.0     83.8
AVG. MINIMUM     61.2              60.0     1.2     64.4
MEAN             70.9              70.4     0.5     74.1
DAYS MAX >= 90      2               1.9     0.1        6
DAYS MAX <= 32      0               0.0     0.0        0
DAYS MIN <= 32      0               0.0     0.0        0
DAYS MIN <= 0       0               0.0     0.0        0

PRECIPITATION (INCHES)
RECORD
 MAXIMUM         9.12   1956
 MINIMUM         0.10   1914
TOTALS           5.66              4.49    1.17     2.49
DAILY AVG.       0.18              0.14    0.04     0.08
DAYS >= .01         8              10.9    -2.9        7
DAYS >= .10         7               6.0     1.0        4
DAYS >= .50         4               2.5     1.5        2
DAYS >= 1.00        1               1.2    -0.2        1
GREATEST
 24 HR. TOTAL    3.06   05/09 TO 05/10

SNOWFALL (INCHES)
RECORDS
 TOTAL             MM   MM
 24 HR TOTAL       MM
TOTALS            0.0               0.0     0.0      0.0
SINCE 7/1         0.3               1.7    -1.4      1.0
DAYS >= TRACE       0               0.0     0.0        0
DAYS >= 1.0         0               0.0     0.0        0
GREATEST
 SNOW DEPTH         0   MM                             0  MM
 24 HR TOTAL      0.0   MM

DEGREE_DAYS
HEATING TOTAL      10                27     -17        0
COOLING TOTAL     204               193      11      292
.......................................................

WIND (MPH)
AVERAGE WIND SPEED              7.7
RESULTANT WIND SPEED/DIRECTION   3/114
HIGHEST WIND SPEED/DIRECTION    29/170    DATE  05/10
HIGHEST GUST SPEED/DIRECTION    41/170    DATE  05/10

SKY COVER
POSSIBLE SUNSHINE (PERCENT)   MM
AVERAGE SKY COVER           0.30
NUMBER OF DAYS FAIR           20
NUMBER OF DAYS PC              8
NUMBER OF DAYS CLOUDY          3

AVERAGE RH (PERCENT)     74

WEATHER CONDITIONS. NUMBER OF DAYS WITH
THUNDERSTORM              4     MIXED PRECIP               0
HEAVY RAIN                6     RAIN                       6
LIGHT RAIN               12     FREEZING RAIN              0
LT FREEZING RAIN          0     HAIL                       0
HEAVY SNOW                0     SNOW                       0
LIGHT SNOW                0     SLEET                      0
FOG                      11     FOG W/VIS <= 1/4 MILE      2
HAZE                      3

-  INDICATES NEGATIVE NUMBERS.
R  INDICATES RECORD WAS SET OR TIED.
MM INDICATES DATA IS MISSING.
T  INDICATES TRACE AMOUNT.

$$
