000
CXUS53 KIND 011512
CLMIND


CLIMATE REPORT
NATIONAL WEATHER SERVICE INDIANAPOLIS IN
1109 AM EDT SAT AUG 1 2015

...................................

...THE INDIANAPOLIS IN CLIMATE SUMMARY FOR THE MONTH OF JULY 2015...

CLIMATE NORMAL PERIOD 1981 TO 2010
CLIMATE RECORD PERIOD 1871 TO 2015

WEATHER         OBSERVED          NORMAL  DEPART  LAST YEAR`S
                 VALUE   DATE(S)  VALUE   FROM    VALUE  DATE(S)
                                          NORMAL
................................................................
TEMPERATURE (F)
RECORD
 HIGH             106   07/14/1936
                        07/21/1934
                        07/22/1901
 LOW               46   07/23/1947
                        07/21/1944
HIGHEST            92   07/28                         88  07/22
LOWEST             59   07/22                         52  07/29
                        07/11
                        07/08
AVG. MAXIMUM     83.6              85.0    -1.4     79.3
AVG. MINIMUM     65.6              65.8    -0.2     60.9
MEAN             74.6              75.4    -0.8     70.1
DAYS MAX >= 90      4               5.2    -1.2        0
DAYS MAX <= 32      0               0.0     0.0        0
DAYS MIN <= 32      0               0.0     0.0        0
DAYS MIN <= 0       0               0.0     0.0        0

PRECIPITATION (INCHES)
RECORD
 MAXIMUM        13.12   1875
 MINIMUM         0.47   2011
TOTALS          13.14R             4.55    8.59     3.10
DAILY AVG.       0.42              0.15    0.27     0.10
DAYS >= .01        13              10.5     2.5       10
DAYS >= .10         8               7.0     1.0        7
DAYS >= .50         5               3.0     2.0        1
DAYS >= 1.00        5               1.4     3.6        1
GREATEST
 24 HR. TOTAL    4.51   07/07 TO 07/08

SNOWFALL (INCHES)
RECORDS
 TOTAL             MM   MM
 SNOW DEPTH        MM   MM
TOTALS            0.0               0.0     0.0      0.0
SINCE 7/1         0.0               0.0     0.0      0.0
SNOWDEPTH AVG.      0
DAYS >= 1.0         0               0.0     0.0        0
DAYS >= 0.1         0                                  0
GREATEST
 SNOW DEPTH         0   MM                             0  MM
 24 HR TOTAL      0.0   07/31 TO 07/31           07/23 TO 07/23
                                                          07/23 TO 07/23
                                                          07/23 TO 07/23

DEGREE_DAYS
HEATING TOTAL       0                 1      -1        4
 SINCE 7/1          0                 1      -1        4
COOLING TOTAL     304               323     -19      172
 SINCE 1/1        703               633      70      514
....................................................

WIND (MPH)
AVERAGE WIND SPEED              7.5
HIGHEST WIND SPEED/DIRECTION    36/250    DATE  07/13
HIGHEST GUST SPEED/DIRECTION    52/300    DATE  07/13

SKY COVER
POSSIBLE SUNSHINE (PERCENT)    0
AVERAGE SKY COVER           0.60
NUMBER OF DAYS FAIR            4
NUMBER OF DAYS PC             16
NUMBER OF DAYS CLOUDY         10

AVERAGE RH (PERCENT)     69

WEATHER CONDITIONS. NUMBER OF DAYS WITH
THUNDERSTORM              9     MIXED PRECIP               0
HEAVY RAIN                5     RAIN                       6
LIGHT RAIN               15     FREEZING RAIN              0
LT FREEZING RAIN          0     HAIL                       1
HEAVY SNOW                0     SNOW                       0
LIGHT SNOW                0     SLEET                      0
FOG                      20     FOG W/VIS <= 1/4 MILE      0
HAZE                     13

-  INDICATES NEGATIVE NUMBERS.
R  INDICATES RECORD WAS SET OR TIED.
MM INDICATES DATA IS MISSING.
T  INDICATES TRACE AMOUNT.

$$
