000
CXUS53 KDVN 011143
CLMIOW


CLIMATE REPORT
NATIONAL WEATHER SERVICE QUAD CITIES IA IL
541 AM CST FRI DEC 1 2017

...................................

...THE IOWA CITY IA CLIMATE SUMMARY FOR THE MONTH OF NOVEMBER 2017...

CLIMATE NORMAL PERIOD 1981 TO 2010
CLIMATE RECORD PERIOD 9999 TO 9999

WEATHER         OBSERVED          NORMAL  DEPART
                 VALUE   DATE(S)  VALUE   FROM
                                          NORMAL
................................................
TEMPERATURE (F)
HIGHEST            74   11/24        56      18
LOWEST             15   11/22        23      -8
AVG. MAXIMUM     49.7              47.7     2.0
AVG. MINIMUM     28.8              30.2    -1.4
MEAN             39.3              39.0     0.3
DAYS MAX >= 90      0
DAYS MAX <= 32      0
DAYS MIN <= 32     22
DAYS MIN <= 0       0

PRECIPITATION (INCHES)
TOTALS           0.83              2.35   -1.52
DAILY AVG.       0.03              0.08   -0.05
DAYS >= .01         5
DAYS >= .10         2
DAYS >= .50         1
DAYS >= 1.00        0
GREATEST
 24 HR. TOTAL    0.52   11/12 TO 11/12

DEGREE_DAYS
HEATING TOTAL     767               782     -15
 SINCE 7/1       1095              1307    -212
COOLING TOTAL       0                 0       0
 SINCE 1/1       1073               912     161
.................................................

WIND (MPH)
AVERAGE WIND SPEED              8.4
HIGHEST WIND SPEED/DIRECTION    30/310    DATE  11/15
HIGHEST GUST SPEED/DIRECTION    42/300    DATE  11/15

SKY COVER
POSSIBLE SUNSHINE (PERCENT)   MM
AVERAGE SKY COVER           0.40
NUMBER OF DAYS FAIR           17
NUMBER OF DAYS PC              6
NUMBER OF DAYS CLOUDY          7

AVERAGE RH (PERCENT)     65

WEATHER CONDITIONS. NUMBER OF DAYS WITH
THUNDERSTORM              0     HAIL                       0
SLEET                     1     FOG                       11
FOG W/VIS <= 1/4 MILE     1     HAZE                       7

-  INDICATES NEGATIVE NUMBERS.
R  INDICATES RECORD WAS SET OR TIED.
MM INDICATES DATA IS MISSING.
T  INDICATES TRACE AMOUNT.

$$
