000
CXUS51 KCTP 011033
CLMIPT

PHLCLMIPT 000
TTAA00 KCTP 011020


CLIMATE REPORT
NATIONAL WEATHER SERVICE STATE COLLEGE PA
620 AM EDT MON AUG 1 2016

...................................

...THE WILLIAMSPORT PA CLIMATE SUMMARY FOR THE MONTH OF JULY 2016...

CLIMATE NORMAL PERIOD 1981 TO 2010
CLIMATE RECORD PERIOD 1895 TO 2016

WEATHER         OBSERVED          NORMAL  DEPART  LAST YEAR`S
                 VALUE   DATE(S)  VALUE   FROM    VALUE  DATE(S)
                                          NORMAL
................................................................
TEMPERATURE (F)
RECORD
 HIGH             106   07/09/1936
 LOW               43   07/20/1965
                        07/09/1963
                        07/12/1945
HIGHEST            99   07/23                         92  07/19
LOWEST             52   07/03                         52  07/16
AVG. MAXIMUM     89.2              83.6     5.6     83.9
AVG. MINIMUM     64.5              61.9     2.6     61.9
MEAN             76.8              72.7     4.1     72.9
DAYS MAX >= 90     14               4.8     9.2        6
DAYS MAX <= 32      0               0.0     0.0        0
DAYS MIN <= 32      0               0.0     0.0        0
DAYS MIN <= 0       0               0.0     0.0        0

PRECIPITATION (INCHES)
RECORD
 MAXIMUM         9.65   1992
 MINIMUM         0.75   1909
TOTALS           3.11              4.34   -1.23     3.93
DAILY AVG.       0.10              0.14   -0.04     0.13
DAYS >= .01        11              11.4    -0.4        9
DAYS >= .10         6               7.6    -1.6        6
DAYS >= .50         2               3.1    -1.1        3
DAYS >= 1.00        1               1.0     0.0        2
GREATEST
 24 HR. TOTAL    1.39   07/30 TO 07/30
                                                                                                           07/31 TO 07/31

SNOWFALL (INCHES)
RECORDS
 TOTAL            0.0   MM
TOTALS            0.0               0.0     0.0      0.0
SINCE 7/1         0.0               0.0     0.0      0.0
SNOWDEPTH AVG.      0                MM      MM        0
DAYS >= 1.0         0               0.0     0.0        0
GREATEST
 SNOW DEPTH         0   MM                             0  MM
 24 HR TOTAL      0.0   07/31 TO 07/31
                                                                                                         07/31 TO 07/31

DEGREE_DAYS
HEATING TOTAL       0                 4      -4        2
 SINCE 7/1          0                 4      -4        2
COOLING TOTAL     376               244     132      256
 SINCE 1/1        621               433     188      556
..................................................

WIND (MPH)
AVERAGE WIND SPEED              5.3
HIGHEST WIND SPEED/DIRECTION    33/320    DATE  07/25
HIGHEST GUST SPEED/DIRECTION    46/330    DATE  07/25

SKY COVER
POSSIBLE SUNSHINE (PERCENT)   MM
AVERAGE SKY COVER           0.30
NUMBER OF DAYS FAIR           20
NUMBER OF DAYS PC             11
NUMBER OF DAYS CLOUDY          0

AVERAGE RH (PERCENT)     61

WEATHER CONDITIONS. NUMBER OF DAYS WITH
THUNDERSTORM              9     MIXED PRECIP               0
HEAVY RAIN                4     RAIN                       5
LIGHT RAIN               16     FREEZING RAIN              0
LT FREEZING RAIN          0     HAIL                       0
HEAVY SNOW                0     SNOW                       0
LIGHT SNOW                0     SLEET                      0
FOG                      12     FOG W/VIS <= 1/4 MILE      0
HAZE                      3

-  INDICATES NEGATIVE NUMBERS.
R  INDICATES RECORD WAS SET OR TIED.
MM INDICATES DATA IS MISSING.
T  INDICATES TRACE AMOUNT.

&&

THE HIGH TEMPERATURE OF 99 DEGREES ON JULY 15TH TIED THE OLD RECORD OF 99 DEGREES
SET IN 1955.

THE MEAN TEMPERATURE OF 76.8 DEGREES THIS JULY IS THE 8TH WARMEST ON RECORD.
THIS AVERAGE TEMPERATURE WAS WARMER THAN THE 76.6 DEGREES SET IN JULY 1993.
JULY 2011 AND 2012 WERE ALSO IN THE TOP 10TH WARMEST.

$$

MARTIN
