000
CXUS53 KEAX 010654 RRA
CLMIRK

STLCLMWK2 000
TTAA00 KEAX 010646


CLIMATE REPORT
NATIONAL WEATHER SERVICE KANSAS CITY/PLEASANT HILL MO
146 AM CDT TUE AUG 1 2017

...................................

...THE KIRKSVILLE CLIMATE SUMMARY FOR THE MONTH OF JULY 2017...

CLIMATE NORMAL PERIOD 1981 TO 2010
CLIMATE RECORD PERIOD 9999 TO 9999

WEATHER         OBSERVED          NORMAL  DEPART  LAST YEAR`S
                 VALUE   DATE(S)  VALUE   FROM    VALUE  DATE(S)
                                          NORMAL
................................................................
TEMPERATURE (F)
HIGHEST            96   07/22        95       1       96  07/23
                        07/21
LOWEST             56   07/30        54       2       57  07/03
AVG. MAXIMUM     88.6              85.3     3.3     86.3
AVG. MINIMUM     67.1              64.8     2.3     66.0
MEAN             77.9              75.1     2.8     76.1
DAYS MAX >= 90     13               8.3     4.7       11
DAYS MAX <= 32      0               0.0     0.0        0
DAYS MIN <= 32      0               0.0     0.0        0
DAYS MIN <= 0       0               0.0     0.0        0

PRECIPITATION (INCHES)
TOTALS           0.92              4.66   -3.74     2.22
DAILY AVG.       0.03              0.15   -0.12     0.07
DAYS >= .01         3               9.5    -6.5        9
DAYS >= .10         3               5.7    -2.7        5
DAYS >= .50         1               2.5    -1.5        1
DAYS >= 1.00        0               1.0    -1.0        0
GREATEST
 24 HR. TOTAL    0.63   07/13 TO 07/13

DEGREE_DAYS
HEATING TOTAL       0                 1      -1        6
 SINCE 7/1          0                 1      -1        6
COOLING TOTAL     405               313      92      359
 SINCE 1/1        745               567     178      754
.................................................................

WIND (MPH)
AVERAGE WIND SPEED              6.5
HIGHEST WIND SPEED/DIRECTION    22/230    DATE  07/10
HIGHEST GUST SPEED/DIRECTION    32/220    DATE  07/10

SKY COVER
POSSIBLE SUNSHINE (PERCENT)   MM
AVERAGE SKY COVER           0.20
NUMBER OF DAYS FAIR           28
NUMBER OF DAYS PC              2
NUMBER OF DAYS CLOUDY          1

AVERAGE RH (PERCENT)     74

WEATHER CONDITIONS. NUMBER OF DAYS WITH
THUNDERSTORM              1     MIXED PRECIP               0
HEAVY RAIN                1     RAIN                       1
LIGHT RAIN                3     FREEZING RAIN              0
LT FREEZING RAIN          0     HAIL                       0
HEAVY SNOW                0     SNOW                       0
LIGHT SNOW                0     SLEET                      0
FOG                      14     FOG W/VIS <= 1/4 MILE      1
HAZE                      0

-  INDICATES NEGATIVE NUMBERS.
R  INDICATES RECORD WAS SET OR TIED.
MM INDICATES DATA IS MISSING.
T  INDICATES TRACE AMOUNT.

$$
