000
CXUS53 KEAX 011208
CLMIRK

STLCLMWK2 000
TTAA00 KEAX 011206


CLIMATE REPORT
NATIONAL WEATHER SERVICE KANSAS CITY/PLEASANT HILL MO
605 AM CST MON FEB 1 2016

...................................

...THE KIRKSVILLE CLIMATE SUMMARY FOR THE MONTH OF JANUARY 2016...

CLIMATE NORMAL PERIOD 1981 TO 2010
CLIMATE RECORD PERIOD 9999 TO 9999

WEATHER         OBSERVED          NORMAL  DEPART  LAST YEAR`S
                 VALUE   DATE(S)  VALUE   FROM    VALUE  DATE(S)
                                          NORMAL
................................................................
TEMPERATURE (F)
HIGHEST            57   01/14        57       0       55  01/18
LOWEST             -5   01/18        -5       0       -5  01/07
AVG. MAXIMUM     34.8              35.3    -0.5     38.6
AVG. MINIMUM     17.5              17.0     0.5     17.4
MEAN             26.2              26.1     0.1     28.0
DAYS MAX >= 90      0               0.0     0.0        0
DAYS MAX <= 32     12              13.3    -1.3        8
DAYS MIN <= 32     27              28.1    -1.1       30
DAYS MIN <= 0       3               3.6    -0.6        3

PRECIPITATION (INCHES)
TOTALS           1.09              1.27   -0.18     1.60
DAILY AVG.       0.04              0.04    0.00     0.05
DAYS >= .01         6               6.6    -0.6        8
DAYS >= .10         3               3.0     0.0        4
DAYS >= .50         0               0.6    -0.6        1
DAYS >= 1.00        0               0.3    -0.3        1
GREATEST
 24 HR. TOTAL    0.59   01/07 TO 01/08

DEGREE_DAYS
HEATING TOTAL    1196              1204      -8     1137
 SINCE 7/1       2825              3547    -722     3428
COOLING TOTAL       0                 0       0        0
 SINCE 1/1          0                 0       0        0
.................................................................

WIND (MPH)
AVERAGE WIND SPEED              8.7
HIGHEST WIND SPEED/DIRECTION    26/310    DATE  01/12
HIGHEST GUST SPEED/DIRECTION    41/310    DATE  01/12

SKY COVER
POSSIBLE SUNSHINE (PERCENT)   MM
AVERAGE SKY COVER           0.30
NUMBER OF DAYS FAIR           20
NUMBER OF DAYS PC              7
NUMBER OF DAYS CLOUDY          4

AVERAGE RH (PERCENT)     72

WEATHER CONDITIONS. NUMBER OF DAYS WITH
THUNDERSTORM              0     MIXED PRECIP               0
HEAVY RAIN                0     RAIN                       1
LIGHT RAIN                4     FREEZING RAIN              0
LT FREEZING RAIN          0     HAIL                       0
HEAVY SNOW                1     SNOW                       2
LIGHT SNOW                6     SLEET                      0
FOG                       0     FOG W/VIS <= 1/4 MILE      0
HAZE                      0

-  INDICATES NEGATIVE NUMBERS.
R  INDICATES RECORD WAS SET OR TIED.
MM INDICATES DATA IS MISSING.
T  INDICATES TRACE AMOUNT.

$$
