637
CXUS53 KEAX 010801
CLMIRK

CLIMATE REPORT
NATIONAL WEATHER SERVICE KANSAS CITY/PLEASANT HILL MO
255 AM CDT FRI JUL 1 2016

...................................

...THE KIRKSVILLE CLIMATE SUMMARY FOR THE MONTH OF JUNE 2016...

CLIMATE NORMAL PERIOD 1981 TO 2010
CLIMATE RECORD PERIOD 9999 TO 9999

WEATHER         OBSERVED          NORMAL  DEPART  LAST YEAR`S
                 VALUE   DATE(S)  VALUE   FROM    VALUE  DATE(S)
                                          NORMAL
................................................................
TEMPERATURE (F)
HIGHEST            97   06/15        91       6       92  06/10
LOWEST             51   06/08        48       3       48  06/02
AVG. MAXIMUM     87.6              81.0     6.6     81.8
AVG. MINIMUM     63.6              60.7     2.9     63.3
MEAN             75.6              70.8     4.8     72.6
DAYS MAX >= 90     14               2.1    11.9        4
DAYS MAX <= 32      0               0.0     0.0        0
DAYS MIN <= 32      0               0.0     0.0        0
DAYS MIN <= 0       0               0.0     0.0        0

PRECIPITATION (INCHES)
TOTALS           1.49              4.78   -3.29    11.19
DAILY AVG.       0.05              0.16   -0.11     0.37
DAYS >= .01         3              12.4    -9.4       17
DAYS >= .10         3               8.5    -5.5       12
DAYS >= .50         2               4.5    -2.5        8
DAYS >= 1.00        0               1.5    -1.5        5
GREATEST
 24 HR. TOTAL    0.91   06/20 TO 06/21

DEGREE_DAYS
HEATING TOTAL       0                16     -16       15
 SINCE 7/1       4738              5856   -1118     5780
COOLING TOTAL     323               192     131      242
 SINCE 1/1        395               254     141      310
.................................................................

WIND (MPH)
AVERAGE WIND SPEED              6.7
HIGHEST WIND SPEED/DIRECTION    32/360    DATE  06/20
HIGHEST GUST SPEED/DIRECTION    44/010    DATE  06/20

SKY COVER
POSSIBLE SUNSHINE (PERCENT)   MM
AVERAGE SKY COVER           0.10
NUMBER OF DAYS FAIR           27
NUMBER OF DAYS PC              3
NUMBER OF DAYS CLOUDY          0

AVERAGE RH (PERCENT)     67

WEATHER CONDITIONS. NUMBER OF DAYS WITH
THUNDERSTORM              5     MIXED PRECIP               0
HEAVY RAIN                3     RAIN                       6
LIGHT RAIN               20     FREEZING RAIN              0
LT FREEZING RAIN          0     HAIL                       0
HEAVY SNOW                0     SNOW                       0
LIGHT SNOW                0     SLEET                      0
FOG                       8     FOG W/VIS <= 1/4 MILE      2
HAZE                      0

-  INDICATES NEGATIVE NUMBERS.
R  INDICATES RECORD WAS SET OR TIED.
MM INDICATES DATA IS MISSING.
T  INDICATES TRACE AMOUNT.

$$
