000
CXHW53 PHFO 040112
CLMITO


CLIMATE REPORT
NATIONAL WEATHER SERVICE HONOLULU HI
302 PM HST TUE MAY 3 2016

...................................

...THE HILO HI CLIMATE SUMMARY FOR THE MONTH OF APRIL 2016...

CLIMATE NORMAL PERIOD 1981 TO 2010
CLIMATE RECORD PERIOD 1946 TO 2016

WEATHER         OBSERVED          NORMAL  DEPART  LAST YEAR`S
                 VALUE   DATE(S)  VALUE   FROM    VALUE  DATE(S)
                                          NORMAL
................................................................
TEMPERATURE (F)
RECORD
 HIGH              89   04/20/1978
                        04/02/1963
 LOW               58   04/02/2013
                        04/05/2008
                        01/22/1969
HIGHEST            87   04/05        79       8       85  04/26
LOWEST             65   04/17        66      -1       63  04/16
AVG. MAXIMUM     82.1              78.9     3.2     81.6
AVG. MINIMUM     68.6              65.5     3.1     67.0
MEAN             75.3              72.2     3.1     74.3
DAYS MAX >= 90      0               0.0     0.0        0
DAYS MAX <= 32      0               0.0     0.0        0
DAYS MIN <= 32      0               0.0     0.0        0
DAYS MIN <= 0       0               0.0     0.0        0

PRECIPITATION (INCHES)
RECORD
 MAXIMUM        43.24   1986
 MINIMUM         2.93   1962
TOTALS           9.57             11.54   -1.97    14.31
DAILY AVG.       0.33              0.38   -0.05     0.48
DAYS >= .01        25              24.9     0.1       28
DAYS >= .10        20              18.3     1.7       20
DAYS >= .50         5               6.8    -1.8       12
DAYS >= 1.00        2               2.6    -0.6        4
GREATEST
 24 HR. TOTAL    2.49   04/18 TO 04/18              2.99

SNOWFALL (INCHES)
RECORDS
 TOTAL             MM   5
TOTALS            0.0               0.0     0.0      0.0
SINCE 7/1         0.0               0.0     0.0      0.0
SNOWDEPTH AVG.      0                MM      MM        0
DAYS >= 1.0         0               0.0     0.0        0
GREATEST
 SNOW DEPTH         0   MM                             0  MM
 24 HR TOTAL      0.0   04/30 TO 04/30               0.0

DEGREE_DAYS
HEATING TOTAL       0                 0       0        0
 SINCE 7/1          0                 0       0        0
COOLING TOTAL     317               216     101      287
 SINCE 1/1       1190               797     393     1054
.................................................................

WIND (MPH)
AVERAGE WIND SPEED              6.8
HIGHEST WIND SPEED/DIRECTION    22/090    DATE  04/27
HIGHEST GUST SPEED/DIRECTION    27/090    DATE  04/23

SKY COVER
POSSIBLE SUNSHINE (PERCENT)   MM
AVERAGE SKY COVER           0.70
NUMBER OF DAYS FAIR            2
NUMBER OF DAYS PC             17
NUMBER OF DAYS CLOUDY         11

AVERAGE RH (PERCENT)     75

WEATHER CONDITIONS. NUMBER OF DAYS WITH
THUNDERSTORM              0     MIXED PRECIP               0
HEAVY RAIN               17     RAIN                      19
LIGHT RAIN               25     FREEZING RAIN              0
LT FREEZING RAIN          0     HAIL                       0
HEAVY SNOW                0     SNOW                       0
LIGHT SNOW                0     SLEET                      0
FOG                      26     FOG W/VIS <= 1/4 MILE      0
HAZE                     11

-  INDICATES NEGATIVE NUMBERS.
R  INDICATES RECORD WAS SET OR TIED.
MM INDICATES DATA IS MISSING.
T  INDICATES TRACE AMOUNT.

$$
