000
CXUS53 KGLD 052046
CLMITR

CLIMATE REPORT
NATIONAL WEATHER SERVICE GOODLAND
242 PM MDT TUE JUL 5 2016

...................................

...THE BURLINGTON CLIMATE SUMMARY FOR THE MONTH OF JUNE 2016...

CLIMATE NORMAL PERIOD 1981 TO 2010
CLIMATE RECORD PERIOD 1896 TO 2016

WEATHER         OBSERVED          NORMAL  DEPART  LAST YEAR`S
                 VALUE   DATE(S)  VALUE   FROM    VALUE  DATE(S)
                                          NORMAL
................................................................
TEMPERATURE (F)
RECORD
 HIGH             112   06/15/1952
 LOW               31   06/04/1919
HIGHEST           104   06/21        99       5       95  06/30
LOWEST             47   06/05        45       2       53  06/01
AVG. MAXIMUM     90.1              82.8     7.3     84.9
AVG. MINIMUM     58.0              54.2     3.8     58.6
MEAN             74.0              68.5     5.5     71.8
DAYS MAX >= 90     16               6.9     9.1        8
DAYS MAX <= 32      0               0.0     0.0        0
DAYS MIN <= 32      0               0.0     0.0        0
DAYS MIN <= 0       0               0.0     0.0        0

PRECIPITATION (INCHES)
RECORD
 MAXIMUM         7.87   1965
 MINIMUM         0.00   1952
TOTALS           4.00              2.88    1.12     2.91
DAILY AVG.       0.13              0.10    0.03     0.10
DAYS >= .01         6                MM      MM        9
DAYS >= .10         5                MM      MM        7
DAYS >= .50         4                MM      MM        2
DAYS >= 1.00        1                MM      MM        1
GREATEST
 24 HR. TOTAL    1.38   06/30 TO 06/30              1.21
                        06/29 TO 06/30
                        06/30 TO 06/30


.................................................................



-  INDICATES NEGATIVE NUMBERS.
R  INDICATES RECORD WAS SET OR TIED.
MM INDICATES DATA IS MISSING.
T  INDICATES TRACE AMOUNT.

$$
