000
CXUS53 KGLD 031433 RRA
CLMITR

CLIMATE REPORT
NATIONAL WEATHER SERVICE GOODLAND
829 AM MDT MON AUG 3 2015

...................................

...THE BURLINGTON CLIMATE SUMMARY FOR THE MONTH OF JULY 2015...

CLIMATE NORMAL PERIOD 1981 TO 2010
CLIMATE RECORD PERIOD 1896 TO 2015

WEATHER         OBSERVED          NORMAL  DEPART  LAST YEAR`S
                 VALUE   DATE(S)  VALUE   FROM    VALUE  DATE(S)
                                          NORMAL
................................................................
TEMPERATURE (F)
RECORD
 HIGH             108   07/07/2001
 LOW               36   07/03/1905
HIGHEST            99   07/05       101      -2      102  07/07
LOWEST             52   07/07        52       0       53  07/31
AVG. MAXIMUM     88.9              88.5     0.4     87.3
AVG. MINIMUM     60.9              60.4     0.5     60.5
MEAN             74.9              74.5     0.4     73.9
DAYS MAX >= 90     16              15.0     1.0       13
DAYS MAX <= 32      0               0.0     0.0        0
DAYS MIN <= 32      0               0.0     0.0        0
DAYS MIN <= 0       0               0.0     0.0        0

PRECIPITATION (INCHES)
RECORD
 MAXIMUM         7.13   1958
 MINIMUM         0.29   1955
TOTALS           4.65              3.13    1.52     2.68
DAILY AVG.       0.15              0.10    0.05     0.09
DAYS >= .01        13                MM      MM       11
DAYS >= .10        10                MM      MM        6
DAYS >= .50         3                MM      MM        2
DAYS >= 1.00        2                MM      MM        0
GREATEST
 24 HR. TOTAL    1.36   07/18 TO 07/19              0.99


.................................................................



-  INDICATES NEGATIVE NUMBERS.
R  INDICATES RECORD WAS SET OR TIED.
MM INDICATES DATA IS MISSING.
T  INDICATES TRACE AMOUNT.

$$
