712
CXUS54 KJAN 021919
CLMJAN


CLIMATE REPORT
NATIONAL WEATHER SERVICE JACKSON MS
206 PM CDT SAT APR 2 2016

...................................

...THE JACKSON CLIMATE SUMMARY FOR THE MONTH OF MARCH 2016...

CLIMATE NORMAL PERIOD 1981 TO 2010
CLIMATE RECORD PERIOD 1896 TO 2016

WEATHER         OBSERVED          NORMAL  DEPART  LAST YEAR`S
                 VALUE   DATE(S)  VALUE   FROM    VALUE  DATE(S)
                                          NORMAL
................................................................
TEMPERATURE (F)
RECORD
 HIGH              95   03/24/1929
 LOW               15   03/03/1980
HIGHEST            87   03/15        84       3       84  03/16
LOWEST             34   03/21        27       7       23  03/07
                                                          03/06
AVG. MAXIMUM     73.0              68.5     4.5     70.2
AVG. MINIMUM     50.5              45.3     5.2     49.2
MEAN             61.8              56.9     4.9     59.7
DAYS MAX >= 90      0               0.0     0.0        0
DAYS MAX <= 32      0               0.0     0.0        0
DAYS MIN <= 32      0               2.8    -2.8        3
DAYS MIN <= 0       0               0.0     0.0        0

PRECIPITATION (INCHES)
RECORD
 MAXIMUM        15.13   1976
 MINIMUM         0.90   2007
TOTALS          12.24              5.04    7.20     7.27
DAILY AVG.       0.39              0.16    0.23     0.23
DAYS >= .01        12               9.4     2.6       17
DAYS >= .10        10               6.7     3.3       10
DAYS >= .50         5               3.5     1.5        6
DAYS >= 1.00        4               1.7     2.3        2
GREATEST
 24 HR. TOTAL    7.06   03/10 TO 03/11              1.88

SNOWFALL (INCHES)
RECORDS
 TOTAL            5.3   1968
TOTALS            0.0               0.1    -0.1      0.3
SINCE 7/1           T               0.8    -0.8      0.3
DAYS >= TRACE       0
DAYS >= 1.0         0               0.0     0.0        0
GREATEST
 24 HR TOTAL      0.0   03/31 TO 03/31

DEGREE_DAYS
HEATING TOTAL     144               278    -134      195
 SINCE 7/1       1535              2270    -735     2321
COOLING TOTAL      52                27      25       37
 SINCE 1/1         61                37      24       37
.................................................................

WIND (MPH)
AVERAGE WIND SPEED              8.8
HIGHEST WIND SPEED/DIRECTION    31/160    DATE  03/31
HIGHEST GUST SPEED/DIRECTION    43/170    DATE  03/31

SKY COVER
POSSIBLE SUNSHINE (PERCENT)   MM
AVERAGE SKY COVER           0.50
NUMBER OF DAYS FAIR           14
NUMBER OF DAYS PC             11
NUMBER OF DAYS CLOUDY          6

AVERAGE RH (PERCENT)     69

WEATHER CONDITIONS. NUMBER OF DAYS WITH
THUNDERSTORM              8     MIXED PRECIP               0
HEAVY RAIN                8     RAIN                      11
LIGHT RAIN               13     FREEZING RAIN              0
LT FREEZING RAIN          0     HAIL                       0
HEAVY SNOW                0     SNOW                       0
LIGHT SNOW                0     SLEET                      0
FOG                      13     FOG W/VIS <= 1/4 MILE      6
HAZE                      1

-  INDICATES NEGATIVE NUMBERS.
R  INDICATES RECORD WAS SET OR TIED.
MM INDICATES DATA IS MISSING.
T  INDICATES TRACE AMOUNT.

$$
