000
CXUS54 KMEG 160129
CLMJBR


CLIMATE REPORT
NATIONAL WEATHER SERVICE MEMPHIS TN
728 PM CST MON JAN 15 2018

...................................

...THE JONESBORO CLIMATE SUMMARY FOR THE YEAR OF 2017...

CLIMATE NORMAL PERIOD 1981 TO 2010
CLIMATE RECORD PERIOD 1897 TO 2018

WEATHER         OBSERVED          NORMAL  DEPART  LAST YEAR`S
                 VALUE   DATE(S)  VALUE   FROM    VALUE  DATE(S)
                                          NORMAL
................................................................
TEMPERATURE (F)
RECORD
 HIGH             116   07/12/1901
 LOW              -18   01/12/1918
HIGHEST            98   07/23                         99  07/22
                        07/21                             06/16
LOWEST             10   01/08                         13  12/19
AVG. MAXIMUM     72.4              70.1     2.3     72.3
AVG. MINIMUM     52.2              49.8     2.4     52.9
MEAN             62.3              60.0     2.3     62.6
DAYS MAX >= 90     57              54.2     2.8       78
DAYS MAX <= 32      7               6.6     0.4        8
DAYS MIN <= 32     46              67.9   -21.9       57
DAYS MIN <= 0       0               0.0     0.0        0

PRECIPITATION (INCHES)
RECORD
 MAXIMUM        75.95   2009
 MINIMUM        27.86   1943
TOTALS          47.17             48.10   -0.93    52.56
DAILY AVG.       0.13              0.13    0.00     0.14
DAYS >= .01       107                MM      MM      102
DAYS >= .10        70                MM      MM       70
DAYS >= .50        27                MM      MM       30
DAYS >= 1.00       16                MM      MM       14

SNOWFALL (INCHES)
RECORDS
 TOTAL           20.3   1929
 SNOW DEPTH        15   01/19/1918
                        01/20/1918
                        01/21/1918
TOTALS            0.0               4.8    -4.8      0.3
SINCE 7/1         0.0               0.6    -0.6        T
SNOWDEPTH AVG.      0                MM      MM        0
DAYS >= TRACE       0                MM      MM        8
DAYS >= 1.0         0                MM      MM        0
GREATEST
 SNOW DEPTH         0   MM                             0  MM

DEGREE_DAYS
HEATING TOTAL    2844              3654    -810     3054
 SINCE 7/1       1300              1442    -142     1084
COOLING TOTAL    1958              1827     131     2285
 SINCE 1/1       1958              1827     131     2285

FREEZE DATES
RECORD
 EARLIEST     10/07/1952
 LATEST       05/06/1927
EARLIEST                        11/02
LATEST                          04/02
.................................................................

WIND (MPH)
AVERAGE WIND SPEED              7.7
RESULTANT WIND SPEED/DIRECTION   1/192
HIGHEST WIND SPEED/DIRECTION    47/280    DATE  03/01
HIGHEST GUST SPEED/DIRECTION    78/210    DATE  10/12

SKY COVER
AVERAGE SKY COVER           0.30

AVERAGE RH (PERCENT)     72

WEATHER CONDITIONS. NUMBER OF DAYS WITH
THUNDERSTORM              0     MIXED PRECIP               0
HEAVY RAIN               48     RAIN                      65
LIGHT RAIN              129     FREEZING RAIN              0
LT FREEZING RAIN          0     HAIL                       0
HEAVY SNOW                1     SNOW                       1
LIGHT SNOW                3     SLEET                      0
FOG                     140     FOG W/VIS <= 1/4 MILE     18
HAZE                     14

-  INDICATES NEGATIVE NUMBERS.
R  INDICATES RECORD WAS SET OR TIED.
MM INDICATES DATA IS MISSING.
T  INDICATES TRACE AMOUNT.

$$
