000
CXUS51 KCTP 011759
CLMJST

CLIMATE REPORT
NATIONAL WEATHER SERVICE STATE COLLEGE PA
148 PM EDT FRI APR 1 2016

...................................

...THE JOHNSTOWN CLIMATE SUMMARY FOR THE MONTH OF MARCH 2016...

CLIMATE NORMAL PERIOD 1981 TO 2010
CLIMATE RECORD PERIOD 2000 TO 2016

WEATHER         OBSERVED          NORMAL  DEPART  LAST YEAR`S
                 VALUE   DATE(S)  VALUE   FROM    VALUE  DATE(S)
                                          NORMAL
................................................................
TEMPERATURE (F)
RECORD
 HIGH              86   03/27/1989
                        03/23/1907
 LOW               -2   03/06/2015
                        03/01/1990
                        03/09/1943
HIGHEST            72   03/24                         66  03/26
LOWEST             17   03/03                         -2  03/06
AVG. MAXIMUM     53.7              43.5    10.2     42.4
AVG. MINIMUM     35.8              27.6     8.2     23.8
MEAN             44.7              35.5     9.2     33.1
DAYS MAX >= 90      0                MM      MM        0
DAYS MAX <= 32      2                MM      MM        3
DAYS MIN <= 32     14                MM      MM       25
DAYS MIN <= 0       0                MM      MM        1

PRECIPITATION (INCHES)
RECORD
 MAXIMUM        10.00   1908
 MINIMUM         1.27   1910
TOTALS           1.60              3.29   -1.69     4.05
DAILY AVG.       0.05              0.11   -0.06     0.13
DAYS >= .01        11                MM      MM       12
DAYS >= .10         6                MM      MM        8
DAYS >= .50         0                MM      MM        3
DAYS >= 1.00        0                MM      MM        1
GREATEST
 24 HR. TOTAL    0.53   03/13 TO 03/14

DEGREE_DAYS
HEATING TOTAL     622               913    -291      981
 SINCE 7/1       4685              5792   -1107     6170
COOLING TOTAL       0                 0       0        0
 SINCE 1/1          0                 0       0        0
...................................................

WIND (MPH)
AVERAGE WIND SPEED              10.2
HIGHEST WIND SPEED/DIRECTION    40/240    DATE  03/01
HIGHEST GUST SPEED/DIRECTION    54/260    DATE  03/02

SKY COVER
POSSIBLE SUNSHINE (PERCENT)   MM
AVERAGE SKY COVER           0.60
NUMBER OF DAYS FAIR           12
NUMBER OF DAYS PC              6
NUMBER OF DAYS CLOUDY         13

AVERAGE RH (PERCENT)     59

WEATHER CONDITIONS. NUMBER OF DAYS WITH
THUNDERSTORM              1     MIXED PRECIP               0
HEAVY RAIN                4     RAIN                       5
LIGHT RAIN               13     FREEZING RAIN              0
LT FREEZING RAIN          0     HAIL                       0
HEAVY SNOW                0     SNOW                       0
LIGHT SNOW                8     SLEET                      0
FOG                      14     FOG W/VIS <= 1/4 MILE      5
HAZE                      7

-  INDICATES NEGATIVE NUMBERS.
R  INDICATES RECORD WAS SET OR TIED.
MM INDICATES DATA IS MISSING.
T  INDICATES TRACE AMOUNT.

$$
