000
CXUS51 KCTP 010906
CLMJST

PHLCLMJST 000
TTAA00 KCTP 010850


CLIMATE REPORT
NATIONAL WEATHER SERVICE STATE COLLEGE PA
450 AM EDT SUN MAY 1 2016

...................................

...THE JOHNSTOWN CLIMATE SUMMARY FOR THE MONTH OF APRIL 2016...

CLIMATE NORMAL PERIOD 1981 TO 2010
CLIMATE RECORD PERIOD 1892 TO 2016

WEATHER         OBSERVED          NORMAL  DEPART  LAST YEAR`S
                 VALUE   DATE(S)  VALUE   FROM    VALUE  DATE(S)
                                          NORMAL
................................................................
TEMPERATURE (F)
RECORD
 HIGH              95   04/18/1976
                        04/25/1915
 LOW                9   04/01/1923
HIGHEST            76   04/17                         78  04/13
LOWEST             14   04/10                         26  04/01
AVG. MAXIMUM     57.6              56.6     1.0     58.3
AVG. MINIMUM     36.9              37.9    -1.0     39.5
MEAN             47.3              47.3     0.0     48.9
DAYS MAX >= 90      0                MM      MM        0
DAYS MAX <= 32      0                MM      MM        0
DAYS MIN <= 32     11                MM      MM        6
DAYS MIN <= 0       0                MM      MM        0

PRECIPITATION (INCHES)
RECORD
 MAXIMUM         7.94   1948
 MINIMUM         0.85   1976
TOTALS           2.20              3.59   -1.39     4.41
DAILY AVG.       0.07              0.12   -0.05     0.15
DAYS >= .01        13                MM      MM       18
DAYS >= .10         9                MM      MM       12
DAYS >= .50         1                MM      MM        3
DAYS >= 1.00        0                MM      MM        1
GREATEST
 24 HR. TOTAL    0.54   04/28 TO 04/28

DEGREE_DAYS
HEATING TOTAL     524               538     -14      475
 SINCE 7/1       5209              6331   -1122     6645
COOLING TOTAL       0                 5      -5        0
 SINCE 1/1          0                 5      -5        0
.................................................

WIND (MPH)
AVERAGE WIND SPEED              9.7
HIGHEST WIND SPEED/DIRECTION    37/290    DATE  04/03
HIGHEST GUST SPEED/DIRECTION    49/320    DATE  04/03

SKY COVER
POSSIBLE SUNSHINE (PERCENT)   MM
AVERAGE SKY COVER           0.50
NUMBER OF DAYS FAIR           11
NUMBER OF DAYS PC              8
NUMBER OF DAYS CLOUDY         11

AVERAGE RH (PERCENT)     52

WEATHER CONDITIONS. NUMBER OF DAYS WITH
THUNDERSTORM              3     MIXED PRECIP               0
HEAVY RAIN                2     RAIN                       5
LIGHT RAIN               13     FREEZING RAIN              0
LT FREEZING RAIN          0     HAIL                       0
HEAVY SNOW                2     SNOW                       4
LIGHT SNOW                7     SLEET                      0
FOG                      10     FOG W/VIS <= 1/4 MILE      4
HAZE                      7

-  INDICATES NEGATIVE NUMBERS.
R  INDICATES RECORD WAS SET OR TIED.
MM INDICATES DATA IS MISSING.
T  INDICATES TRACE AMOUNT.

$$
