000
CXUS53 KIND 011516
CLMLAF


CLIMATE REPORT
NATIONAL WEATHER SERVICE INDIANAPOLIS IN
1113 AM EDT THU SEP 1 2016

...................................

...THE LAFAYETTE IN CLIMATE SUMMARY FOR THE MONTH OF AUGUST 2016...

CLIMATE NORMAL PERIOD 1981 TO 2010
CLIMATE RECORD PERIOD 9999 TO 9999

WEATHER         OBSERVED          NORMAL  DEPART  LAST YEAR`S
                 VALUE   DATE(S)  VALUE   FROM    VALUE  DATE(S)
                                          NORMAL
................................................................
TEMPERATURE (F)
HIGHEST            92   08/11                         89  08/02
                        08/10
LOWEST             53   08/22                         50  08/21
AVG. MAXIMUM     84.9              83.8     1.1     81.8
AVG. MINIMUM     66.0              62.7     3.3     58.9
MEAN             75.5              73.2     2.3     70.4
DAYS MAX >= 90      5               5.2    -0.2        0
DAYS MAX <= 32      0               0.0     0.0        0
DAYS MIN <= 32      0               0.0     0.0        0
DAYS MIN <= 0       0               0.0     0.0        0

PRECIPITATION (INCHES)
TOTALS           5.20              3.46    1.74     0.74
DAILY AVG.       0.17              0.11    0.06     0.02
DAYS >= .01        11               9.5     1.5        8
DAYS >= .10         9               5.3     3.7        1
DAYS >= .50         5               2.4     2.6        0
DAYS >= 1.00        1               0.9     0.1        0
GREATEST
 24 HR. TOTAL    2.06   08/15 TO 08/16

DEGREE_DAYS
HEATING TOTAL       0                 5      -5        3
 SINCE 7/1         10                 6       4        9
COOLING TOTAL     332               261      71      170
 SINCE 1/1        912               852      60      659
.................................................................

WIND (MPH)
AVERAGE WIND SPEED              4.6
HIGHEST WIND SPEED/DIRECTION    33/270    DATE  08/20
HIGHEST GUST SPEED/DIRECTION    42/270    DATE  08/20

SKY COVER
POSSIBLE SUNSHINE (PERCENT)   MM
AVERAGE SKY COVER           0.30
NUMBER OF DAYS FAIR           22
NUMBER OF DAYS PC              8
NUMBER OF DAYS CLOUDY          1

AVERAGE RH (PERCENT)     80

WEATHER CONDITIONS. NUMBER OF DAYS WITH
THUNDERSTORM             11     MIXED PRECIP               0
HEAVY RAIN                7     RAIN                       8
LIGHT RAIN               13     FREEZING RAIN              0
LT FREEZING RAIN          0     HAIL                       0
HEAVY SNOW                0     SNOW                       0
LIGHT SNOW                0     SLEET                      0
FOG                      27     FOG W/VIS <= 1/4 MILE      3
HAZE                      2

-  INDICATES NEGATIVE NUMBERS.
R  INDICATES RECORD WAS SET OR TIED.
MM INDICATES DATA IS MISSING.
T  INDICATES TRACE AMOUNT.

$$
