000
CXUS55 KCYS 031934
CLMLAR


CLIMATE REPORT
NATIONAL WEATHER SERVICE CHEYENNE WY
134 PM MDT THU SEP 3 2015

...................................

...THE LARAMIE WY AIRPORT CLIMATE SUMMARY FOR THE MONTH OF AUGUST 2015...

CLIMATE NORMAL PERIOD 1981 TO 2010
CLIMATE RECORD PERIOD 1948 TO 2015

WEATHER         OBSERVED          NORMAL  DEPART  LAST YEAR`S
                 VALUE   DATE(S)  VALUE   FROM    VALUE
                                          NORMAL
.............................................................
TEMPERATURE (F)
RECORD
 HIGH              94   08/05/1979
 LOW               28   08/19/1978
HIGHEST            88   08/14        MM      MM       84
LOWEST             37   08/19        MM      MM       41
AVG. MAXIMUM     80.5              77.9     2.6     75.5
AVG. MINIMUM     46.3              46.7    -0.4     46.2
MEAN             63.4              62.3     1.1     60.8
DAYS MAX >= 90      0               0.1                0
DAYS MAX <= 32      0               0.0                0
DAYS MIN <= 32      0               0.1                0
DAYS MIN <= 0       0               0.0                0

PRECIPITATION (INCHES)
RECORD
 MAXIMUM         3.58   1958
 MINIMUM         0.08   1949
TOTALS           1.30              1.23    0.07     1.63
DAYS >= .01         8               9.7    -1.7       14
DAYS >= .10         4               3.9     0.1        5
DAYS >= .50         0               0.3    -0.3        0
DAYS >= 1.00        0               0.1    -0.1        0
GREATEST
 24 HR. TOTAL    0.42   08/16 TO 08/16

DEGREE_DAYS
HEATING TOTAL      71               103     -32      124
 SINCE 7/1        149               172     -23      179
COOLING TOTAL      31                19      12        2
 SINCE 1/1         65                66      -1       67
..............................................................

WIND (MPH)
AVERAGE WIND SPEED              9.8
HIGHEST WIND SPEED/DIRECTION    37/310    DATE  08/16
HIGHEST GUST SPEED/DIRECTION    50/310    DATE  08/16

SKY COVER
POSSIBLE SUNSHINE (PERCENT)   MM
AVERAGE SKY COVER           0.20
NUMBER OF DAYS FAIR           24
NUMBER OF DAYS PC              7
NUMBER OF DAYS CLOUDY          0

AVERAGE RH (PERCENT)     51

WEATHER CONDITIONS. NUMBER OF DAYS WITH
THUNDERSTORM              0     MIXED PRECIP               0
HEAVY RAIN                1     RAIN                       5
LIGHT RAIN               14     FREEZING RAIN              0
LT FREEZING RAIN          0     HAIL                       0
HEAVY SNOW                0     SNOW                       0
LIGHT SNOW                0     SLEET                      0
FOG                       2     FOG W/VIS <= 1/4 MILE      0
HAZE                      1

-  INDICATES NEGATIVE NUMBERS.
R  INDICATES RECORD WAS SET OR TIED.
MM INDICATES DATA IS MISSING.
T  INDICATES TRACE AMOUNT.

$$
