000
CXUS54 KLUB 012022
CLMLBB


CLIMATE REPORT
NATIONAL WEATHER SERVICE LUBBOCK, TX
312 PM CDT MON MAY 1 2017

...................................

...THE LUBBOCK CLIMATE SUMMARY FOR THE MONTH OF APRIL 2017...

CLIMATE NORMAL PERIOD 1981 TO 2010
CLIMATE RECORD PERIOD 1911 TO 2017

WEATHER         OBSERVED          NORMAL  DEPART  LAST YEAR`S
                 VALUE   DATE(S)  VALUE   FROM    VALUE  DATE(S)
                                          NORMAL
................................................................
TEMPERATURE (F)
RECORD
 HIGH             104   04/25/2012
 LOW               18   04/04/1920
HIGHEST            94   04/24                         89  04/25
LOWEST             36   04/30                         32  04/02
AVG. MAXIMUM     76.6              75.4     1.2     76.8
AVG. MINIMUM     48.9              45.7     3.2     46.8
MEAN             62.8              60.5     2.3     61.8
DAYS MAX >= 90      3               1.3     1.7        0
DAYS MAX <= 32      0               0.0     0.0        0
DAYS MIN <= 32      0               1.3    -1.3        1
DAYS MIN <= 0       0               0.0     0.0        0

PRECIPITATION (INCHES)
RECORD
 MAXIMUM         6.18   1915
 MINIMUM         0.00   2011
TOTALS           1.32              1.41   -0.09     1.02
DAILY AVG.       0.04              0.05   -0.01     0.03
DAYS >= .01         3                                  7
DAYS >= .10         2                                  3
DAYS >= .50         2                                  0
DAYS >= 1.00        0                                  0
GREATEST
 24 HR. TOTAL    0.79   04/12 TO 04/12

SNOWFALL (INCHES)
RECORDS
 TOTAL            6.8   1942
 24 HR TOTAL       MM
 SNOW DEPTH        MM   MM
TOTALS              T               0.2    -0.2        T
SINCE 7/1         0.2               8.2    -8.0     13.3
SNOWDEPTH AVG.      0                MM      MM        0
DAYS >= TRACE       1               0.2     0.8        1
DAYS >= 1.0         0               0.1    -0.1        0
GREATEST
 SNOW DEPTH         0   MM                             0  MM
 24 HR TOTAL        T   04/29 TO 04/29           04/01 TO 04/01
                                                          04/01 TO 04/01
                                                          04/01 TO 04/01

DEGREE_DAYS
HEATING TOTAL     141               183     -42      122
 SINCE 7/1       2445              3337    -892     2771
COOLING TOTAL      79                49      30       35
 SINCE 1/1        129                56      73       51
..................................................

WIND (MPH)
AVERAGE WIND SPEED              14.6
HIGHEST WIND SPEED/DIRECTION    40/310    DATE  04/30
HIGHEST GUST SPEED/DIRECTION    53/310    DATE  04/30

SKY COVER
POSSIBLE SUNSHINE (PERCENT)   MM
AVERAGE SKY COVER           0.50
NUMBER OF DAYS FAIR            6
NUMBER OF DAYS PC             18
NUMBER OF DAYS CLOUDY          6

AVERAGE RH (PERCENT)     55

WEATHER CONDITIONS. NUMBER OF DAYS WITH
THUNDERSTORM              0     MIXED PRECIP               0
HEAVY RAIN                1     RAIN                       3
LIGHT RAIN               10     FREEZING RAIN              0
LT FREEZING RAIN          0     HAIL                       1
HEAVY SNOW                0     SNOW                       0
LIGHT SNOW                0     SLEET                      0
FOG                      12     FOG W/VIS <= 1/4 MILE      2
HAZE                      8

-  INDICATES NEGATIVE NUMBERS.
R  INDICATES RECORD WAS SET OR TIED.
MM INDICATES DATA IS MISSING.
T  INDICATES TRACE AMOUNT.

$$
