000
CXUS54 KLUB 011556
CLMLBB


CLIMATE REPORT
NATIONAL WEATHER SERVICE LUBBOCK, TX
956 AM CST FRI DEC 1 2017

...................................

...THE LUBBOCK CLIMATE SUMMARY FOR THE MONTH OF NOVEMBER 2017...

CLIMATE NORMAL PERIOD 1981 TO 2010
CLIMATE RECORD PERIOD 1911 TO 2017

WEATHER         OBSERVED          NORMAL  DEPART  LAST YEAR`S
                 VALUE   DATE(S)  VALUE   FROM    VALUE  DATE(S)
                                          NORMAL
................................................................
TEMPERATURE (F)
RECORD
 HIGH              90   11/09/2006
 LOW                    11/23/1957
HIGHEST            88   11/17                         88  11/01
                        11/04
LOWEST             24   11/19                         21  11/30
AVG. MAXIMUM     69.9              63.6     6.3     67.5
AVG. MINIMUM     39.2              35.9     3.3     41.1
MEAN             54.5              49.8     4.7     54.3
DAYS MAX >= 90      0               0.0     0.0        0
DAYS MAX <= 32      0               0.2    -0.2        0
DAYS MIN <= 32      6               9.5    -3.5        5
DAYS MIN <= 0       0               0.0     0.0        0

PRECIPITATION (INCHES)
RECORD
 MAXIMUM         6.65   2004
 MINIMUM         0.00   1999
                        1960
TOTALS           0.03              0.85   -0.82     0.54
DAILY AVG.       0.00              0.03   -0.03     0.02
DAYS >= .01         1                                  6
DAYS >= .10         0                                  1
DAYS >= .50         0                                  0
DAYS >= 1.00        0                                  0
GREATEST
 24 HR. TOTAL    0.07   10/31 TO 11/01
                        11/01 TO 11/02
                        11/02 TO 11/03

SNOWFALL (INCHES)
RECORDS
 TOTAL           21.4   1980
 24 HR TOTAL       MM
 SNOW DEPTH        MM   MM
TOTALS            0.0               0.9    -0.9      0.0
SINCE 7/1         0.0               0.9    -0.9      0.0
SNOWDEPTH AVG.      0                MM      MM        0
DAYS >= TRACE       0               0.6    -0.6        0
DAYS >= 1.0         0               0.3    -0.3        0
GREATEST
 SNOW DEPTH         0   MM                             0  MM
 24 HR TOTAL      0.0   11/30 TO 11/30           11/30 TO 11/30
                                                          11/30 TO 11/30
                                                          11/30 TO 11/30

DEGREE_DAYS
HEATING TOTAL     318               460    -142      318
 SINCE 7/1        506               642    -136      364
COOLING TOTAL      11                 3       8        7
 SINCE 1/1       1991              1804     187     2114
.................................................

WIND (MPH)
AVERAGE WIND SPEED              11.5
HIGHEST WIND SPEED/DIRECTION    36/360    DATE  11/18
HIGHEST GUST SPEED/DIRECTION    46/030    DATE  11/21

SKY COVER
POSSIBLE SUNSHINE (PERCENT)   MM
AVERAGE SKY COVER           0.50
NUMBER OF DAYS FAIR            8
NUMBER OF DAYS PC             18
NUMBER OF DAYS CLOUDY          4

AVERAGE RH (PERCENT)     54

WEATHER CONDITIONS. NUMBER OF DAYS WITH
THUNDERSTORM              0     MIXED PRECIP               0
HEAVY RAIN                0     RAIN                       0
LIGHT RAIN                5     FREEZING RAIN              0
LT FREEZING RAIN          0     HAIL                       0
HEAVY SNOW                0     SNOW                       0
LIGHT SNOW                0     SLEET                      0
FOG                       9     FOG W/VIS <= 1/4 MILE      4
HAZE                      9

-  INDICATES NEGATIVE NUMBERS.
R  INDICATES RECORD WAS SET OR TIED.
MM INDICATES DATA IS MISSING.
T  INDICATES TRACE AMOUNT.

$$
