000
CXUS53 KLBF 010959
CLMLBF


CLIMATE REPORT
NATIONAL WEATHER SERVICE NORTH PLATTE
458 AM CDT SUN OCT 1 2017

...................................

...THE NORTH PLATTE NE CLIMATE SUMMARY FOR THE MONTH OF SEPTEMBER 2017...

CLIMATE NORMAL PERIOD 1981 TO 2010
CLIMATE RECORD PERIOD 1874 TO 2017

WEATHER         OBSERVED          NORMAL  DEPART  LAST YEAR`S
                 VALUE   DATE(S)  VALUE   FROM    VALUE  DATE(S)
                                          NORMAL
................................................................
TEMPERATURE (F)
RECORD
 HIGH             105   09/05/1931
 LOW               17   09/29/1984
HIGHEST            98   09/03        95       3       96  09/20
LOWEST             34   09/06        29       5       33  09/29
AVG. MAXIMUM     80.5              77.8     2.7     81.1
AVG. MINIMUM     50.6              46.8     3.8     50.0
MEAN             65.6              62.3     3.3     65.6
DAYS MAX >= 90      9               4.0     5.0        4
DAYS MAX <= 32      0               0.0     0.0        0
DAYS MIN <= 32      0               1.4    -1.4        0
DAYS MIN <= 0       0               0.0     0.0        0

PRECIPITATION (INCHES)
RECORD
 MAXIMUM         7.54   1942
 MINIMUM            T   1953
TOTALS           4.75              1.41    3.34     0.94
DAILY AVG.       0.16              0.05    0.11     0.03
DAYS >= .01        12               7.0     5.0        7
DAYS >= .10         6               3.3     2.7        3
DAYS >= .50         3               0.8     2.2        1
DAYS >= 1.00        2               0.2     1.8        0
GREATEST
 24 HR. TOTAL    2.03   09/24 TO 09/24           09/06 TO 09/07
                                                          09/30 TO 09/30
                                                          09/30 TO 09/30

SNOWFALL (INCHES)
RECORDS
 TOTAL            3.1   1985
TOTALS            0.0               0.2    -0.2      0.0
SINCE 7/1           T               0.2    -0.2      0.0
SNOWDEPTH AVG.      0                MM      MM        0
DAYS >= 1.0         0               0.1    -0.1        0
GREATEST
 SNOW DEPTH         0   MM                             0  MM
 24 HR TOTAL      0.0   09/30 TO 09/30

DEGREE_DAYS
HEATING TOTAL     105               151     -46       79
 SINCE 7/1        109               171     -62       91
COOLING TOTAL     130                70      60      101
 SINCE 1/1        953               765     188      908
.................................................

WIND (MPH)
AVERAGE WIND SPEED              7.4
HIGHEST WIND SPEED/DIRECTION    35/320    DATE  09/19
HIGHEST GUST SPEED/DIRECTION    47/320    DATE  09/19

SKY COVER
POSSIBLE SUNSHINE (PERCENT)   MM
AVERAGE SKY COVER           0.30
NUMBER OF DAYS FAIR           21
NUMBER OF DAYS PC              4
NUMBER OF DAYS CLOUDY          5

AVERAGE RH (PERCENT)     65

WEATHER CONDITIONS. NUMBER OF DAYS WITH
THUNDERSTORM              0     MIXED PRECIP               0
HEAVY RAIN                5     RAIN                       8
LIGHT RAIN               14     FREEZING RAIN              0
LT FREEZING RAIN          0     HAIL                       0
HEAVY SNOW                0     SNOW                       0
LIGHT SNOW                0     SLEET                      0
FOG                      15     FOG W/VIS <= 1/4 MILE      1
HAZE                      3

-  INDICATES NEGATIVE NUMBERS.
R  INDICATES RECORD WAS SET OR TIED.
MM INDICATES DATA IS MISSING.
T  INDICATES TRACE AMOUNT.

$$
