000
CXUS52 KILM 042101
CLMLBT


CLIMATE REPORT
NATIONAL WEATHER SERVICE WILMINGTON NC
455 PM EDT TUE APR 4 2017

...................................

...THE LUMBERTON NC CLIMATE SUMMARY FOR THE MONTH OF MARCH 2017...

CLIMATE NORMAL PERIOD 1981 TO 2010
CLIMATE RECORD PERIOD 9999 TO 9999

WEATHER         OBSERVED          NORMAL  DEPART  LAST YEAR`S
                 VALUE   DATE(S)  VALUE   FROM    VALUE  DATE(S)
                                          NORMAL
................................................................
TEMPERATURE (F)
HIGHEST            85   03/21                         86
LOWEST             23   03/16                         32
AVG. MAXIMUM     67.2              66.3     0.9     72.6
AVG. MINIMUM     40.5              42.0    -1.5     48.2
MEAN             53.8              54.1    -0.3     60.4
DAYS MAX >= 90      0               0.0     0.0        0
DAYS MAX <= 32      0               0.0     0.0        0
DAYS MIN <= 32     10               4.3     5.7        1
DAYS MIN <= 0       0               0.0     0.0        0

PRECIPITATION (INCHES)
RECORD
 MAXIMUM         9.37   1971
 MINIMUM         0.00   1904
TOTALS           3.90              3.33    0.57     1.18
DAILY AVG.       0.13              0.11    0.02     0.04
DAYS >= .01        11                                 10
DAYS >= .10        11                                  5
DAYS >= .50         3                                  0
DAYS >= 1.00        1                                  0
GREATEST
 24 HR. TOTAL    1.09   03/31 TO 03/31

DEGREE_DAYS
HEATING TOTAL     365               346      19      181
COOLING TOTAL      27                10      17       46
.....................................................

WIND (MPH)
AVERAGE WIND SPEED              7.7
RESULTANT WIND SPEED/DIRECTION   1/286
HIGHEST WIND SPEED/DIRECTION    43/310    DATE  03/18
HIGHEST GUST SPEED/DIRECTION    55/240    DATE  03/01

SKY COVER
POSSIBLE SUNSHINE (PERCENT)   MM
AVERAGE SKY COVER           0.30
NUMBER OF DAYS FAIR           20
NUMBER OF DAYS PC              9
NUMBER OF DAYS CLOUDY          2

AVERAGE RH (PERCENT)     63

WEATHER CONDITIONS. NUMBER OF DAYS WITH
THUNDERSTORM              7     MIXED PRECIP              MM
HEAVY RAIN                4     RAIN                       7
LIGHT RAIN               12     FREEZING RAIN              0
LT FREEZING RAIN          0     HAIL                      MM
HEAVY SNOW                0     SNOW                       1
LIGHT SNOW                3     SLEET                     MM
FOG                      14     FOG W/VIS <= 1/4 MILE      0
HAZE                      3

-  INDICATES NEGATIVE NUMBERS.
R  INDICATES RECORD WAS SET OR TIED.
MM INDICATES DATA IS MISSING.
T  INDICATES TRACE AMOUNT.

$$
