000
CXUS54 KLCH 011615
CLMLCH


CLIMATE REPORT
NATIONAL WEATHER SERVICE LAKE CHARLES, LA
1015 AM CST SUN MAR 1 2015

...................................

...THE LAKE CHARLES CLIMATE SUMMARY FOR THE MONTH OF FEBRUARY 2015...

CLIMATE NORMAL PERIOD 1981 TO 2010
CLIMATE RECORD PERIOD 1895 TO 2015

WEATHER         OBSERVED          NORMAL  DEPART  LAST YEAR`S
                 VALUE   DATE(S)  VALUE   FROM    VALUE  DATE(S)
                                          NORMAL
................................................................
TEMPERATURE (F)
RECORD
 HIGH              89   02/19/1913
 LOW                3   02/12/1899
HIGHEST            80   02/09        MM      MM       76  02/20
                                                          02/19
LOWEST             32   02/18        MM      MM       28  02/13
AVG. MAXIMUM     61.2              64.6    -3.4     61.5
AVG. MINIMUM     41.0              45.5    -4.5     43.4
MEAN             51.1              55.0    -3.9     52.4
DAYS MAX >= 90      0               0.0     0.0        0
DAYS MAX <= 32      0               0.0     0.0        0
DAYS MIN <= 32      1               1.8    -0.8        4
DAYS MIN <= 0       0               0.0     0.0        0

PRECIPITATION (INCHES)
RECORD
 MAXIMUM        10.67   1959
 MINIMUM         0.43   2001
TOTALS           1.58              3.46   -1.88     4.50
DAILY AVG.       0.06              0.12   -0.06     0.16
DAYS >= .01         8               8.7    -0.7        9
DAYS >= .10         3               5.0    -2.0        8
DAYS >= .50         1               2.2    -1.2        3
DAYS >= 1.00        0               1.1    -1.1        1
GREATEST
 24 HR. TOTAL    0.86   02/16 TO 02/17

SNOWFALL (INCHES)
RECORDS
 TOTAL             MM   5
TOTALS            0.0               0.1    -0.1        T
SINCE 7/1         0.0               0.1    -0.1      0.1
SNOWDEPTH AVG.      0                MM      MM        0
DAYS >= 1.0         0               0.1    -0.1        0
GREATEST
 SNOW DEPTH         0   MM                             0  MM
 24 HR TOTAL      0.0   02/27 TO 02/27

DEGREE_DAYS
HEATING TOTAL     388               291      97      361
 SINCE 7/1       1438              1282     156     1651
.................................................................

WIND (MPH)
AVERAGE WIND SPEED              8.6
HIGHEST WIND SPEED/DIRECTION    26/340    DATE  02/02
HIGHEST GUST SPEED/DIRECTION    33/330    DATE  02/02

SKY COVER
POSSIBLE SUNSHINE (PERCENT)   MM
AVERAGE SKY COVER           0.50
NUMBER OF DAYS FAIR           11
NUMBER OF DAYS PC              8
NUMBER OF DAYS CLOUDY          9

AVERAGE RH (PERCENT)     73

WEATHER CONDITIONS. NUMBER OF DAYS WITH
THUNDERSTORM              0     MIXED PRECIP               0
HEAVY RAIN                2     RAIN                       5
LIGHT RAIN               12     FREEZING RAIN              0
LT FREEZING RAIN          0     HAIL                       0
HEAVY SNOW                0     SNOW                       0
LIGHT SNOW                0     SLEET                      0
FOG                      19     FOG W/VIS <= 1/4 MILE      4
HAZE                      3

-  INDICATES NEGATIVE NUMBERS.
R  INDICATES RECORD WAS SET OR TIED.
MM INDICATES DATA IS MISSING.
T  INDICATES TRACE AMOUNT.

$$
