000
CXUS51 KOKX 011451
CLMLGA
CLIMATE REPORT
NATIONAL WEATHER SERVICE NEW YORK, NY
951 AM EST FRI MAR 01 2024
...................................
...THE LAGUARDIA NY CLIMATE SUMMARY FOR THE MONTH OF FEBRUARY 2024...
CLIMATE NORMAL PERIOD 1991 TO 2020
CLIMATE RECORD PERIOD 1939 TO 2024
WEATHER OBSERVED NORMAL DEPART LAST YEAR`S
VALUE DATE(S) VALUE FROM VALUE DATE(S)
NORMAL
................................................................
TEMPERATURE (F)
RECORD
HIGH 79 02/21/2018
LOW -7 02/15/1943
HIGHEST 60 02/10 MM MM 69 02/16
02/28
LOWEST 24 02/25 MM MM 5 02/04
AVG. MAXIMUM 45.6 42.7 2.9 48.1
AVG. MINIMUM 33.6 29.9 3.7 33.4
MEAN 39.6 36.3 3.3 40.7
DAYS MAX >= 90 0 0.0 0.0 0
DAYS MAX <= 32 0 4.1 -4.1 1
DAYS MIN <= 32 14 17.2 -3.2 11
DAYS MIN <= 0 0 0.0 0.0 0
PRECIPITATION (INCHES)
RECORD
MAXIMUM 5.94 2018
MINIMUM 0.66 2002
TOTALS 1.88 2.93 -1.05 1.35
DAILY AVG. 0.06 NAN NAN 0.05
DAYS >= .01 8 10.2 -2.2 10
DAYS >= .10 5 5.8 -0.8 5
DAYS >= .50 2 2.1 -0.1 0
DAYS >= 1.00 0 0.7 -0.7 0
GREATEST
24 HR. TOTAL 0.64 02/13 TO 02/13 0.59 02/27 TO 02/28
STORM TOTAL 0.64 0.31
(MM/DD(HH)) MM
SNOWFALL (INCHES)
RECORDS
TOTAL 29.1 2010
24 HR TOTAL 2.9 MM
TOTALS 6.6 9.8 -3.2 2.9
LIQUID EQUIV 0.70 0.90 -0.20 0.30
SINCE 7/1 10.5 24.0 -13.5 MM
LIQUID 7/1 1.05 2.40 MM
DAYS >= TRACE 3 3.7 -0.7 6
DAYS >= 1.0 2 2.1 -0.1 2
GREATEST
SNOW DEPTH 3 02/17 2 02/28
24 HR TOTAL MM MM 2.9
STORM TOTAL 3.3 1.6
(MM/DD(HH)) MM
DEGREE DAYS
HEATING TOTAL 729 804 -75 673
SINCE 7/1 2905 3274 -369 MM
COOLING TOTAL 0 0 0 0
SINCE 1/1 0 0 0 MM
................................................................
WIND (MPH)
AVERAGE WIND SPEED 10.5
HIGHEST WIND SPEED/DIRECTION 37/300 DATE 02/29
HIGHEST GUST SPEED/DIRECTION 55/240 DATE 02/28
SKY COVER
POSSIBLE SUNSHINE (PERCENT) MM
AVERAGE SKY COVER 0.54
NUMBER OF DAYS FAIR 10
NUMBER OF DAYS PC 7
NUMBER OF DAYS CLOUDY 12
AVERAGE RH (PERCENT) 55
WEATHER CONDITIONS. NUMBER OF DAYS WITH
THUNDERSTORM 0 MIXED PRECIP 0
HEAVY RAIN 0 RAIN 3
LIGHT RAIN 7 FREEZING RAIN 0
LT FREEZING RAIN 0 HAIL 0
HEAVY SNOW 1 SNOW 1
LIGHT SNOW 2 SLEET 2
FOG 6 FOG W/VIS <= 1/4 MILE 2
HAZE 2
- INDICATES NEGATIVE NUMBERS.
R INDICATES RECORD WAS SET OR TIED.
MM INDICATES DATA IS MISSING.
T INDICATES TRACE AMOUNT.
$$