000
CXHW51 PHFO 011623
CLMLIH


CLIMATE REPORT
NATIONAL WEATHER SERVICE HONOLULU HI
623 AM HST WED JUL 1 2015

...................................

...THE LIHUE HI CLIMATE SUMMARY FOR THE MONTH OF JUNE 2015...

CLIMATE NORMAL PERIOD 1981 TO 2010
CLIMATE RECORD PERIOD 1946 TO 2015

WEATHER         OBSERVED          NORMAL  DEPART  LAST YEAR`S
                 VALUE   DATE(S)  VALUE   FROM    VALUE  DATE(S)
                                          NORMAL
................................................................
TEMPERATURE (F)
RECORD
 HIGH              89   06/15/1969
 LOW               61   06/03/1987
HIGHEST            86   06/30        83       3       84  06/30
LOWEST             68   06/14        73      -5       70  06/28
                        06/13                             06/21
                                                          06/17
AVG. MAXIMUM     84.0              83.3     0.7     82.1
AVG. MINIMUM     72.7              73.0    -0.3     72.8
MEAN             78.3              78.1     0.2     77.4
DAYS MAX >= 90      0               0.0     0.0        0
DAYS MAX <= 32      0               0.0     0.0        0
DAYS MIN <= 32      0               0.0     0.0        0
DAYS MIN <= 0       0               0.0     0.0        0

PRECIPITATION (INCHES)
RECORD
 MAXIMUM         4.83   1991
 MINIMUM         0.32   2007
TOTALS           0.98              1.61   -0.63     3.13
DAILY AVG.       0.03              0.05   -0.02     0.10
DAYS >= .01        14              17.2    -3.2       17
DAYS >= .10         5               5.0     0.0        4
DAYS >= .50         0               0.4    -0.4        1
DAYS >= 1.00        0               0.2    -0.2        1
GREATEST
 24 HR. TOTAL    0.23   06/29 TO 06/29              1.78
                        06/28 TO 06/29
                        06/29 TO 06/29

SNOWFALL (INCHES)
RECORDS
 TOTAL             MM   0
TOTALS            0.0               0.0     0.0      0.0
SINCE 7/1         0.0               0.0     0.0      0.0
SNOWDEPTH AVG.      0                MM      MM        0
DAYS >= 1.0         0               0.0     0.0        0
GREATEST
 SNOW DEPTH         0   MM                             0  MM
 24 HR TOTAL      0.0   06/30 TO 06/30               0.0

DEGREE_DAYS
HEATING TOTAL       0                 0       0        0
 SINCE 7/1          0                 0       0        0
COOLING TOTAL     409               394      15      380
 SINCE 1/1       1832              1633     199     1601
.................................................................

WIND (MPH)
AVERAGE WIND SPEED              11.7
HIGHEST WIND SPEED/DIRECTION    25/040    DATE  06/21
HIGHEST GUST SPEED/DIRECTION    29/040    DATE  06/21

SKY COVER
POSSIBLE SUNSHINE (PERCENT)   MM
AVERAGE SKY COVER           0.50
NUMBER OF DAYS FAIR            8
NUMBER OF DAYS PC             18
NUMBER OF DAYS CLOUDY          4

AVERAGE RH (PERCENT)     72

WEATHER CONDITIONS. NUMBER OF DAYS WITH
THUNDERSTORM              0     MIXED PRECIP               0
HEAVY RAIN                0     RAIN                       2
LIGHT RAIN                9     FREEZING RAIN              0
LT FREEZING RAIN          0     HAIL                       0
HEAVY SNOW                0     SNOW                       0
LIGHT SNOW                0     SLEET                      0
FOG                       7     FOG W/VIS <= 1/4 MILE      0
HAZE                      2

-  INDICATES NEGATIVE NUMBERS.
R  INDICATES RECORD WAS SET OR TIED.
MM INDICATES DATA IS MISSING.
T  INDICATES TRACE AMOUNT.

$$
