000
CXUS55 KRIW 020104
CLMLND

CLIMATE REPORT
NATIONAL WEATHER SERVICE RIVERTON WY
705 PM MDT SAT JUL 1 2017

...PRELIMINARY MONTHLY CLIMATE SUMMARY FOR THE HUNT FIELD IN LANDER
FOR THE MONTH OF JUNE 2017...

...OFFICIAL CLIMATE DATA FOR THE MONTH OF JUNE 2017 WILL BE
AVAILABLE APPROXIMATELY IN AUGUST 2017 FROM THE NATIONAL CENTER FOR
ENVIRONMENTAL INFORMATION (HTTP://WWW.NCEI.NOAA.GOV/OL/
CLIMATEDATA.HTML). UNOFFICIAL ASOS DAILY SUMMARIES ARE AVAILABLE ON
THE INTERNET AT HTTP://WWW.WEATHER.GOV/CLIMATE/INDEX.PHP?WFO=RIW

...JUNE WAS DRIER THAN NORMAL IN LANDER...

THE AVERAGE TEMPERATURE FOR LANDER IN JUNE WAS 63.8 DEGREES... WHICH
WAS 0.8 DEGREES ABOVE NORMAL. THE WARMEST READING OF THE MONTH WAS
93 DEGREES ON THE 20TH. THE COLDEST READING WAS 40 DEGREES ON THE
24TH. NO TEMPERATURE RECORDS WERE SET DURING THE MONTH.

TOTAL PRECIPITATION FOR THE MONTH WAS 0.26 INCHES...WHICH WAS 20
PERCENT OF NORMAL. THE WETTEST 24 HOUR PERIOD DURING THE MONTH WAS
ON THE 11TH...WHEN 0.17 INCHES FELL. NO PRECIPITATION RECORDS WERE
SET DURING THE MONTH.
THE HIGHEST WIND GUST WAS 76 MPH ON THE 12TH.

...THE LANDER WY CLIMATE SUMMARY FOR THE MONTH OF JUNE 2017...

CLIMATE NORMAL PERIOD 1981 TO 2010
CLIMATE RECORD PERIOD 1891 TO 2017

WEATHER         OBSERVED          NORMAL  DEPART
                 VALUE   DATE(S)  VALUE   FROM
                                          NORMAL
................................................
TEMPERATURE (F)
RECORD
 HIGH             100   06/23/1954
 LOW               25   06/03/1951
HIGHEST            93   06/20
LOWEST             40   06/24
AVG. MAXIMUM     79.1              77.5     1.6
AVG. MINIMUM     48.4              48.4     0.0
MEAN             63.8              63.0     0.8
DAYS MAX >= 90      3
DAYS MAX <= 32      0
DAYS MIN <= 32      0
DAYS MIN <= 0       0

PRECIPITATION (INCHES)
RECORD
 MAXIMUM         6.88   1947
 MINIMUM         0.00   1971
                        1956
TOTALS           0.26              1.27   -1.01
DAILY AVG.       0.01              0.04   -0.03
DAYS >= .01         4
DAYS >= .10         1
DAYS >= .50         0
DAYS >= 1.00        0
GREATEST
 24 HR. TOTAL    0.17   06/11 TO 06/11

SNOWFALL (INCHES)
TOTALS            0.0               0.1    -0.1
SINCE 7/1        90.9              91.4    -0.5
SNOWDEPTH AVG.      0
DAYS >= 1.0         0

DEGREE_DAYS
HEATING TOTAL      75               126     -51
 SINCE 7/1       7542              7748    -206
COOLING TOTAL      44                64     -20
 SINCE 1/1         44                69     -25
.................................................

WIND (MPH)
AVERAGE WIND SPEED              7.5
RESULTANT WIND SPEED/DIRECTION   2/270
HIGHEST WIND SPEED/DIRECTION    56/220    DATE  06/12
HIGHEST GUST SPEED/DIRECTION    76/220    DATE  06/12

SKY COVER
POSSIBLE SUNSHINE (PERCENT)   MM
AVERAGE SKY COVER           0.10
NUMBER OF DAYS FAIR           26
NUMBER OF DAYS PC              4
NUMBER OF DAYS CLOUDY          0

AVERAGE RH (PERCENT)     46

WEATHER CONDITIONS. NUMBER OF DAYS WITH
THUNDERSTORM              0     MIXED PRECIP               0
HEAVY RAIN                1     RAIN                       0
LIGHT RAIN               11     FREEZING RAIN              0
LT FREEZING RAIN          0     HAIL                       0
HEAVY SNOW                0     SNOW                       0
LIGHT SNOW                0     SLEET                      0
FOG                       1     FOG W/VIS <= 1/4 MILE      0
HAZE                      1

-  INDICATES NEGATIVE NUMBERS.
R  INDICATES RECORD WAS SET OR TIED.
MM INDICATES DATA IS MISSING.
T  INDICATES TRACE AMOUNT.

LOOKING AHEAD TO JULY 2017...THE AVERAGE HIGH TEMPERATURE ON THE
FIRST OF THE MONTH IS 84 DEGREES...AND THE AVERAGE LOW TEMPERATURE
IS 53 DEGREES. THE AVERAGE HIGH BY THE END OF THE MONTH IS 88
DEGREES...AND THE AVERAGE LOW TEMPERATURE IS 57. THE AVERAGE MONTHLY
PRECIPITATION IS 0.78 INCHES.

$$
