000
CXUS54 KCRP 011756
CLMLRD

CLIMATE REPORT
NATIONAL WEATHER SERVICE CORPUS CHRISTI TX
1211 PM CDT TUE AUG 1 2017

...................................

...THE LAREDO CLIMATE SUMMARY FOR THE MONTH OF JULY 2017...

CLIMATE NORMAL PERIOD 1981 TO 2010
CLIMATE RECORD PERIOD 1900 TO 2017

WEATHER         OBSERVED          NORMAL  DEPART  LAST YEAR`S
                 VALUE   DATE(S)  VALUE   FROM    VALUE  DATE(S)
                                          NORMAL
................................................................
TEMPERATURE (F)
RECORD
 HIGH             113   07/14/1998
 LOW               61   07/21/1940
HIGHEST           109   07/30       102       7      107  07/15
                                                          07/14
                                                          07/04
LOWEST             73   07/08        75      -2       73  07/29
AVG. MAXIMUM    102.1              99.3     2.8    103.2
AVG. MINIMUM     77.5              76.7     0.8     77.8
MEAN             89.8              88.0     1.8     90.5
DAYS MAX >= 90     31              29.4     1.6       31
DAYS MAX <= 32      0               0.0     0.0        0
DAYS MIN <= 32      0               0.0     0.0        0
DAYS MIN <= 0       0               0.0     0.0        0

PRECIPITATION (INCHES)
RECORD
 MAXIMUM        12.45   1919
 MINIMUM         0.00   1993
            1977
            1962
TOTALS           0.42              2.01   -1.59     1.34
DAILY AVG.       0.01              0.06   -0.05     0.04
DAYS >= .01         3               4.8    -1.8        6
DAYS >= .10         1               2.8    -1.8        2
DAYS >= .50         0               1.2    -1.2        1
DAYS >= 1.00        0               0.6    -0.6        1
GREATEST
 24 HR. TOTAL    0.32   07/07 TO 07/07           07/29 TO 07/29

SNOWFALL (INCHES)
RECORDS
 TOTAL            0.0   MM
 24 HR TOTAL      0.0
TOTALS            0.0                MM      MM      0.0
SINCE 7/1         0.0                MM      MM      0.0
SNOWDEPTH AVG.      0                MM      MM        0
DAYS >= 1.0         0                MM      MM
GREATEST
 SNOW DEPTH         0   MM                             0
 24 HR TOTAL      0.0   MM                           0.0

DEGREE_DAYS
HEATING TOTAL       0                 0       0        0
 SINCE 7/1          0                 0       0        0
COOLING TOTAL     775               713      62      797
 SINCE 1/1       2980              2516     464     2704
..........................................................

WIND (MPH)
AVERAGE WIND SPEED              12.8
HIGHEST WIND SPEED/DIRECTION    31/160    DATE  07/19
HIGHEST GUST SPEED/DIRECTION    41/120    DATE  07/25

SKY COVER
AVERAGE SKY COVER           0.10

AVERAGE RH (PERCENT)     57

WEATHER CONDITIONS. NUMBER OF DAYS WITH
THUNDERSTORM              5     MIXED PRECIP               0
HEAVY RAIN                0     RAIN                       0
LIGHT RAIN                3     FREEZING RAIN              0
LT FREEZING RAIN          0     HAIL                       0
HEAVY SNOW                0     SNOW                       0
LIGHT SNOW                0     SLEET                      0
FOG                       0     FOG W/VIS <= 1/4 MILE      0
HAZE                      1

-  INDICATES NEGATIVE NUMBERS.
R  INDICATES RECORD WAS SET OR TIED.
MM INDICATES DATA IS MISSING.
T  INDICATES TRACE AMOUNT.

$$

KW
