000
CXUS53 KTOP 011424
CLMLWC


CLIMATE REPORT
NATIONAL WEATHER SERVICE TOPEKA KS
915 AM CDT SAT OCT 1 2016

...................................

...THE LAWRENCE KS CLIMATE SUMMARY FOR THE MONTH OF SEPTEMBER 2016...

CLIMATE NORMAL PERIOD 1981 TO 2010
CLIMATE RECORD PERIOD 9999 TO 9999

WEATHER         OBSERVED          NORMAL  DEPART  LAST YEAR`S
                 VALUE   DATE(S)  VALUE   FROM    VALUE
                                          NORMAL
.............................................................
TEMPERATURE (F)
HIGHEST            92   09/20                         96
LOWEST             44   09/30                         47
AVG. MAXIMUM     82.5              81.3     1.2     83.8
AVG. MINIMUM     59.9              54.9     5.0     61.0
MEAN             71.2              68.1     3.1     72.4
DAYS MAX >= 90      8               4.7     3.3        9
DAYS MAX <= 32      0               0.0     0.0        0
DAYS MIN <= 32      0               0.0     0.0        0
DAYS MIN <= 0       0               0.0     0.0        0

PRECIPITATION (INCHES)
TOTALS           6.12              4.16    1.96     3.21
DAILY AVG.       0.20                               0.11
DAYS >= .01         7                                  5
DAYS >= .10         7                                  4
DAYS >= .50         6                                  2
DAYS >= 1.00        2                                  2
GREATEST
 24 HR. TOTAL    1.79   09/13 TO 09/14              1.51

DEGREE_DAYS
HEATING TOTAL      28                60     -32       19
 SINCE 7/1         28                63     -35       21
COOLING TOTAL     221               153      68      249
 SINCE 1/1       1538              1344     194     1378
..............................................................

WIND (MPH)
AVERAGE WIND SPEED              7.4
HIGHEST WIND SPEED/DIRECTION    30/320    DATE  09/09
HIGHEST GUST SPEED/DIRECTION    39/300    DATE  09/16

SKY COVER
POSSIBLE SUNSHINE (PERCENT)   MM
AVERAGE SKY COVER           0.20
NUMBER OF DAYS FAIR           23
NUMBER OF DAYS PC              7
NUMBER OF DAYS CLOUDY          0

AVERAGE RH (PERCENT)     76

WEATHER CONDITIONS. NUMBER OF DAYS WITH
THUNDERSTORM              7     MIXED PRECIP               0
HEAVY RAIN                5     RAIN                       6
LIGHT RAIN                7     FREEZING RAIN              0
LT FREEZING RAIN          0     HEAVY SNOW                 0
SNOW                      0     LIGHT SNOW                 0
FOG                      16     FOG W/VIS <= 1/4 MILE      2
HAZE                      2

-  INDICATES NEGATIVE NUMBERS.
R  INDICATES RECORD WAS SET OR TIED.
MM INDICATES DATA IS MISSING.
T  INDICATES TRACE AMOUNT.

$$
