000
CXUS54 KLZK 031019
CLMLZK


CLIMATE REPORT
NATIONAL WEATHER SERVICE LITTLE ROCK AR
510 AM CDT WED AUG 3 2016

...................................

...THE NORTH LITTLE ROCK CLIMATE SUMMARY FOR THE MONTH OF JULY 2016...

CLIMATE NORMAL PERIOD 1981 TO 2010
CLIMATE RECORD PERIOD 1975 TO 2016

WEATHER         OBSERVED          NORMAL  DEPART  LAST YEAR`S
                 VALUE   DATE(S)  VALUE   FROM    VALUE  DATE(S)
                                          NORMAL
................................................................
TEMPERATURE (F)
RECORD
 HIGH             110   07/31/1986
 LOW               60   07/05/1997
HIGHEST            98   07/22        94       4      102  07/29
LOWEST             66   07/10        73      -7       68  07/06
                                                          07/04
AVG. MAXIMUM     92.9              92.1     0.8     93.3
AVG. MINIMUM     74.1              72.8     1.3     74.7
MEAN             83.5              82.4     1.1     84.0
DAYS MAX >= 90     28              20.8     7.2       25
DAYS MAX <= 32      0               0.0     0.0        0
DAYS MIN <= 32      0               0.0     0.0        0
DAYS MIN <= 0       0               0.0     0.0        0

PRECIPITATION (INCHES)
RECORD
 MAXIMUM         9.12   2009
 MINIMUM         0.34   2000
TOTALS           6.43              3.81    2.62     2.11
DAILY AVG.       0.21              0.12    0.09     0.07
DAYS >= .01         9               8.4     0.6        6
DAYS >= .10         8                                  2
DAYS >= .50         4                                  2
DAYS >= 1.00        3               1.1     1.9        1
GREATEST
 24 HR. TOTAL    2.26   07/10 TO 07/10

SNOWFALL (INCHES)
TOTALS              T               0.0     0.0      0.0
 LIQUID EQUIV       T              0.00    0.00     0.00
SINCE 7/1           T               0.0     0.0      0.0
 LIQUID 7/1        MM              0.00      MM     0.00
SNOWDEPTH AVG.      0
DAYS >= TRACE       1               0.0     1.0        0
DAYS >= 1.0         0                                  0
GREATEST
 SNOW DEPTH         0   MM
 24 HR TOTAL        T   07/10 TO 07/10

DEGREE_DAYS
HEATING TOTAL       0                 0       0        0
 SINCE 7/1          0                 0       0        0
COOLING TOTAL     581               541      40      600
 SINCE 1/1       1292              1250      42     1333

FREEZE DATES
RECORD
 EARLIEST     10/20/1989
 LATEST       04/19/1983
EARLIEST                        11/13
LATEST                          03/19
..................................................

WIND (MPH)
AVERAGE WIND SPEED              3.9
HIGHEST WIND SPEED/DIRECTION    15/110    DATE  07/23
HIGHEST GUST SPEED/DIRECTION    33/MM     DATE   MM

SKY COVER
POSSIBLE SUNSHINE (PERCENT)   MM
AVERAGE SKY COVER           0.00
NUMBER OF DAYS FAIR          MM
NUMBER OF DAYS PC            MM
NUMBER OF DAYS CLOUDY        MM

AVERAGE RH (PERCENT)     73

WEATHER CONDITIONS. NUMBER OF DAYS WITH
THUNDERSTORM              0     MIXED PRECIP               0
HEAVY RAIN                6     RAIN                       8
LIGHT RAIN               15     FREEZING RAIN              0
LT FREEZING RAIN          0     HAIL                       0
HEAVY SNOW                0     SNOW                       0
LIGHT SNOW                0     SLEET                      0
FOG                       7     FOG W/VIS <= 1/4 MILE      1
HAZE                      0

-  INDICATES NEGATIVE NUMBERS.
R  INDICATES RECORD WAS SET OR TIED.
MM INDICATES DATA IS MISSING.
T  INDICATES TRACE AMOUNT.

&&

...DATA FOR NORTH LITTLE ROCK FOR JULY 2016...

.SUMMARY...
JULY TEMPERATURES WERE A LITTLE OVER A DEGREE ABOVE THE 30-YEAR
AVERAGE. THE WARMEST PERIOD WAS DURING THE 3RD WEEK. HOWEVER...
THE MERCURY FAILED TO CRACK 100 DEGREES DURING THE MONTH.

RAINFALL WAS WELL ABOVE AVERAGE FOR THE MONTH...AND WAS FAIRLY WELL
DISTRIBUTED THROUGHOUT THE MONTH.

.MONTHLY TEMPERATURES...
THE AVERAGE HIGH...LOW AND MONTHLY TEMPERATURES WERE THE COOLEST SINCE 2014.

.DAILY TEMPERATURES...
ABOVE AVERAGE ON 18 DAYS...BELOW AVERAGE ON 11 DAYS...AND AVERAGE
ON TWO DAYS.

.TEMPERATURE RECORDS TIED OR BROKEN DURING THE MONTH...
NONE.

.MONTHLY RAINFALL...
RAINFALL WAS WELL ABOVE AVERAGE FOR THE MONTH. IT WAS THE WETTEST JULY
SINCE 2009...AND THE 6TH WETTEST ON RECORD.

.DAILY RAINFALL RECORDS TIED OR BROKEN...

DATE   NEW RECORD       PREVIOUS RECORD
10TH  2.26 IN 2016       1.13 IN 2007

THE RAINFALL ON THE 10TH MADE IT THE WETTEST JULY DAY SINCE JULY 12TH 2010...
AND THE 10TH WETTEST ON RECORD IN THE MONTH OF JULY.

.MISCELLANEOUS PHENOMENA...
HAIL FELL DURING THE PASSAGE OF A STRONG THUNDERSTORM ON THE 10TH.

$$
