000
CXUS56 KHNX 011823
CLMMAE


CLIMATE REPORT
NATIONAL WEATHER SERVICE SAN JOAQUIN VALLEY, CA
1120 AM PDT SAT JUL 1 2017

...................................

...THE MADERA CA AIRPORT CLIMATE SUMMARY FOR THE MONTH OF JUNE 2017...

CLIMATE NORMAL PERIOD 1981 TO 2010
CLIMATE RECORD PERIOD 1998 TO 2017

WEATHER         OBSERVED          NORMAL  DEPART  LAST YEAR`S
                 VALUE   DATE(S)  VALUE   FROM    VALUE  DATE(S)
                                          NORMAL
................................................................
TEMPERATURE (F)
RECORD
 HIGH             109   06/20/2017
 LOW               44   06/02/2011
                        06/09/1999
                        06/07/1999
HIGHEST           109R  06/20        MM      MM      106  06/28
LOWEST             47   06/12        MM      MM       50  06/16
                                                          06/15
AVG. MAXIMUM     94.4              90.8     3.6     95.5
AVG. MINIMUM     60.5              57.7     2.8     59.6
MEAN             77.4              74.2     3.2     77.6
DAYS MAX >= 90     23              17.5     5.5       22
DAYS MIN <= 32      0               0.0     0.0        0

PRECIPITATION (INCHES)
RECORD
 MAXIMUM         1.31   2011
TOTALS           0.00              0.19   -0.19        T
DAYS >= .01         0                MM      MM        0
DAYS >= .10         0                MM      MM        0
DAYS >= .50         0                MM      MM        0
DAYS >= 1.00        0                MM      MM        0
GREATEST
 24 HR. TOTAL    0.00   06/30 TO 06/30
                        06/29 TO 06/29
                        06/28 TO 06/28

SNOWFALL (INCHES)
RECORDS
 TOTAL            0.0
TOTALS            0.0               0.0

DEGREE_DAYS
HEATING TOTAL       6                 3       3        1
 SINCE 7/1       2074              2655    -581     2073
COOLING TOTAL     390               280     110      383
 SINCE 1/1        575               424     151      576
.................................................................

WIND (MPH)
AVERAGE WIND SPEED              7.9
HIGHEST WIND SPEED/DIRECTION    23/280    DATE  06/11
HIGHEST GUST SPEED/DIRECTION    31/280    DATE  06/11

AVERAGE RH (PERCENT)     52

WEATHER CONDITIONS. NUMBER OF DAYS WITH
THUNDERSTORM              0     RAIN                       0
HAIL                      0     FOG                        0
FOG W/VIS <= 1/4 MILE     0     HAZE                       0

-  INDICATES NEGATIVE NUMBERS.
R  INDICATES RECORD WAS SET OR TIED.
MM INDICATES DATA IS MISSING.
T  INDICATES TRACE AMOUNT.

$$
