000
CXUS56 KHNX 020015
CLMMCE


CLIMATE REPORT
NATIONAL WEATHER SERVICE SAN JOAQUIN VALLEY - HANFORD CA
515 PM PDT TUE SEP 1 2015

...................................

...THE MERCED CA AIRPORT CLIMATE SUMMARY FOR THE MONTH OF AUGUST 2015...

CLIMATE NORMAL PERIOD 1981 TO 2010
CLIMATE RECORD PERIOD 1998 TO 2015

WEATHER         OBSERVED          NORMAL  DEPART  LAST YEAR`S
                 VALUE   DATE(S)  VALUE   FROM    VALUE  DATE(S)
                                          NORMAL
................................................................
TEMPERATURE (F)
RECORD
 HIGH             108   08/11/2012
 LOW               50   08/29/2010
                        08/28/2010
HIGHEST           106   08/17        MM      MM      107  08/01
LOWEST             57   08/31        MM      MM       60  08/18
                        08/15
AVG. MAXIMUM     93.9              93.1     0.8     95.8
AVG. MINIMUM     62.0              59.4     2.6     64.2
MEAN             78.0              76.3     1.7     80.0
DAYS MAX >= 90     27              22.7     4.3       28
DAYS MIN <= 32      0               0.0     0.0        0

PRECIPITATION (INCHES)
RECORD
 MAXIMUM            T   2015
                        2014
                        2013
                        2012
TOTALS              TR             0.01   -0.01        T
DAYS >= .01         0                MM      MM        0
DAYS >= .10         0                MM      MM        0
DAYS >= .50         0                MM      MM        0
DAYS >= 1.00        0                MM      MM        0
GREATEST
 24 HR. TOTAL       T   08/22 TO 08/22
                        08/07 TO 08/07
                        08/04 TO 08/04

SNOWFALL (INCHES)
RECORDS
 TOTAL             MM   MM
TOTALS            0.0                MM

DEGREE_DAYS
HEATING TOTAL       0                 1      -1        0
 SINCE 7/1          0                 1      -1        0
COOLING TOTAL     408               349      59      473
 SINCE 1/1       1354              1139     215     1648
.................................................................

WIND (MPH)
AVERAGE WIND SPEED              8.3
HIGHEST WIND SPEED/DIRECTION    23/340    DATE  08/29
HIGHEST GUST SPEED/DIRECTION    28/010    DATE  08/07

AVERAGE RH (PERCENT)     49

WEATHER CONDITIONS. NUMBER OF DAYS WITH
THUNDERSTORM              0     RAIN                       3
HAIL                      0     FOG                        1
FOG W/VIS <= 1/4 MILE     0     HAZE                       8

-  INDICATES NEGATIVE NUMBERS.
R  INDICATES RECORD WAS SET OR TIED.
MM INDICATES DATA IS MISSING.
T  INDICATES TRACE AMOUNT.

$$

SANGER/OCHS/ROWE

WEATHER.GOV/HANFORD
