000
CXUS56 KHNX 011732
CLMMCE


CLIMATE REPORT
NATIONAL WEATHER SERVICE SAN JOAQUIN VALLEY, CA
921 AM PST FRI DEC 1 2017

...................................

...THE MERCED CA AIRPORT CLIMATE SUMMARY FOR THE MONTH OF NOVEMBER 2017...

CLIMATE NORMAL PERIOD 1981 TO 2010
CLIMATE RECORD PERIOD 1998 TO 2017

WEATHER         OBSERVED          NORMAL  DEPART  LAST YEAR`S
                 VALUE   DATE(S)  VALUE   FROM    VALUE  DATE(S)
                                          NORMAL
................................................................
TEMPERATURE (F)
RECORD
 HIGH              90   11/05/2010
 LOW               27   11/29/2015
                        11/25/2010
                        11/24/2010
HIGHEST            75   11/23        MM      MM       82  11/11
LOWEST             33   11/07        MM      MM       33  11/25
AVG. MAXIMUM     67.8              64.1     3.7     67.5
AVG. MINIMUM     44.4              40.7     3.7     43.4
MEAN             56.1              52.4     3.7     55.5
DAYS MAX >= 90      0               0.0     0.0        0
DAYS MIN <= 32      0               2.9    -2.9        0

PRECIPITATION (INCHES)
RECORD
 MAXIMUM         2.02   2010
TOTALS           0.88              1.18   -0.30     0.89
DAYS >= .01         5                MM      MM        6
DAYS >= .10         2                MM      MM        3
DAYS >= .50         1                MM      MM        0
DAYS >= 1.00        0                MM      MM        0
GREATEST
 24 HR. TOTAL    0.64   11/16 TO 11/16

SNOWFALL (INCHES)
RECORDS
 TOTAL            0.0
TOTALS            0.0                MM

DEGREE_DAYS
HEATING TOTAL     259               379    -120      280
 SINCE 7/1        354               489    -135      345
COOLING TOTAL       0                 1      -1        1
 SINCE 1/1       1843              1408     435     1649
.................................................................

WIND (MPH)
AVERAGE WIND SPEED              3.9
HIGHEST WIND SPEED/DIRECTION    22/300    DATE  11/16
HIGHEST GUST SPEED/DIRECTION    28/310    DATE  11/16

AVERAGE RH (PERCENT)     68

WEATHER CONDITIONS. NUMBER OF DAYS WITH
THUNDERSTORM              0     RAIN                       2
HAIL                      0     FOG                       19
FOG W/VIS <= 1/4 MILE    10     HAZE                      25

-  INDICATES NEGATIVE NUMBERS.
R  INDICATES RECORD WAS SET OR TIED.
MM INDICATES DATA IS MISSING.
T  INDICATES TRACE AMOUNT.

$$
