000
CXUS51 KCTP 010707
CLMMDT

CLIMATE REPORT
NATIONAL WEATHER SERVICE STATE COLLEGE PA
307 AM EDT TUE JUL 1 2014

...................................

...THE HARRISBURG PA CLIMATE SUMMARY FOR THE MONTH OF JUNE 2014...

CLIMATE NORMAL PERIOD 1981 TO 2010
CLIMATE RECORD PERIOD 1888 TO 2014

WEATHER         OBSERVED          NORMAL  DEPART  LAST YEAR`S
                 VALUE   DATE(S)  VALUE   FROM    VALUE  DATE(S)
                                          NORMAL
................................................................
TEMPERATURE (F)
RECORD
 HIGH             100   06/27/1966
                        06/26/1952
                        06/29/1934
 LOW               40   06/11/1980
HIGHEST            91   06/18                         92  06/25
                        06/17
LOWEST             54   06/01                         53  06/05
                                                          06/04
AVG. MAXIMUM     82.3              81.0     1.3     81.4
AVG. MINIMUM     63.5              62.0     1.5     62.9
MEAN             72.9              71.5     1.4     72.2
DAYS MAX >= 90      2               2.7    -0.7        3
DAYS MAX <= 32      0               0.0     0.0        0
DAYS MIN <= 32      0               0.0     0.0        0
DAYS MIN <= 0       0               0.0     0.0        0

PRECIPITATION (INCHES)
RECORD
 MAXIMUM        18.55   1972
 MINIMUM         0.07   1966
TOTALS           3.78              3.60    0.18     3.77
DAILY AVG.       0.13              0.12    0.01     0.13
DAYS >= .01        12              11.1     0.9       16
DAYS >= .10        10               6.9     3.1       10
DAYS >= .50         3               2.9     0.1        2
DAYS >= 1.00        0               0.9    -0.9        0
GREATEST
 24 HR. TOTAL    0.84   06/09 TO 06/10

SNOWFALL (INCHES)
RECORDS
 TOTAL            0.0   MM
TOTALS            0.0               0.0     0.0      0.0
SINCE 7/1        44.0              30.6    13.4     17.0
SNOWDEPTH AVG.      0                MM      MM        0
DAYS >= 1.0         0               0.0     0.0        0
GREATEST
 SNOW DEPTH         0   MM                             0  MM
 24 HR TOTAL      0.0   MM

DEGREE_DAYS
HEATING TOTAL       1                18     -17        2
 SINCE 7/1       5726              5269     457     5117
COOLING TOTAL     247               213      34      224
 SINCE 1/1        307               278      29      307
.................................................

WIND (MPH)
AVERAGE WIND SPEED              6.0
HIGHEST WIND SPEED/DIRECTION    33/330    DATE  06/13
HIGHEST GUST SPEED/DIRECTION    50/300    DATE  06/13

SKY COVER
POSSIBLE SUNSHINE (PERCENT)   MM
AVERAGE SKY COVER           0.60
NUMBER OF DAYS FAIR            4
NUMBER OF DAYS PC             19
NUMBER OF DAYS CLOUDY          7

AVERAGE RH (PERCENT)     68

WEATHER CONDITIONS. NUMBER OF DAYS WITH
THUNDERSTORM              9     MIXED PRECIP               0
HEAVY RAIN                5     RAIN                      10
LIGHT RAIN               16     FREEZING RAIN              0
LT FREEZING RAIN          0     HAIL                       0
HEAVY SNOW                0     SNOW                       0
LIGHT SNOW                0     SLEET                      0
FOG                      14     FOG W/VIS <= 1/4 MILE      0
HAZE                      7

-  INDICATES NEGATIVE NUMBERS.
R  INDICATES RECORD WAS SET OR TIED.
MM INDICATES DATA IS MISSING.
T  INDICATES TRACE AMOUNT.

&&

NO RECORDS WERE TIED OR BROKEN THIS MONTH. A CONTINUOUS WEATHER
RECORD HAS BEEN KEPT AT HARRISBURG SINCE 1888.

$$

RXR
