000
CXUS54 KMEG 031434
CLMMEM


CLIMATE REPORT
NATIONAL WEATHER SERVICE MEMPHIS TN
833 AM CST TUE MAR 3 2015

...................................

...THE MEMPHIS CLIMATE SUMMARY FOR THE MONTH OF FEBRUARY 2015...

CLIMATE NORMAL PERIOD 1981 TO 2010
CLIMATE RECORD PERIOD 1872 TO 2015

WEATHER         OBSERVED          NORMAL  DEPART  LAST YEAR`S
                 VALUE   DATE(S)  VALUE   FROM    VALUE  DATE(S)
                                          NORMAL
................................................................
TEMPERATURE (F)
RECORD
 HIGH              81   02/13/1962
 LOW              -11   02/02/1951
HIGHEST            66   02/14        54      12       74  02/20
LOWEST             13   02/19        35     -22       19  02/11
                                                          02/07
AVG. MAXIMUM     45.0              54.7    -9.7     50.2
AVG. MINIMUM     27.4              36.3    -8.9     31.9
MEAN             36.2              45.5    -9.3     41.1
DAYS MAX >= 90      0               0.0     0.0        0
DAYS MAX <= 32      3               0.9     2.1        3
DAYS MIN <= 32     21               9.5    11.5       16
DAYS MIN <= 0       0               0.0     0.0        0

PRECIPITATION (INCHES)
RECORD
 MAXIMUM        10.51   1989
 MINIMUM         0.71   1947
TOTALS           4.35              4.39   -0.04     4.96
DAILY AVG.       0.16              0.16    0.00     0.18
DAYS >= .01         7               9.2    -2.2        9
DAYS >= .10         5               6.5    -1.5        3
DAYS >= .50         4               3.0     1.0        2
DAYS >= 1.00        1               1.3    -0.3        2
GREATEST
 24 HR. TOTAL    2.29   02/20 TO 02/21

SNOWFALL (INCHES)
RECORDS
 TOTAL           10.3   1905
TOTALS            2.3               1.3     1.0      0.3
SINCE 7/1         2.5               3.4    -0.9      0.3
SNOWDEPTH AVG.      0                MM      MM        0
DAYS >= 1.0         1               0.4     0.6        0
GREATEST
 SNOW DEPTH         1   02/26                         -1  02/08
                        02/18
                        02/17
 24 HR TOTAL      1.3   MM

DEGREE_DAYS
HEATING TOTAL     802               548     254      665
 SINCE 7/1       2723              2450     273     2826
COOLING TOTAL       0                 2      -2        0
 SINCE 1/1          0                 3      -3        0
.................................................................

WIND (MPH)
AVERAGE WIND SPEED              9.8
HIGHEST WIND SPEED/DIRECTION    29/210    DATE  02/21
HIGHEST GUST SPEED/DIRECTION    41/190    DATE  02/21

SKY COVER
POSSIBLE SUNSHINE (PERCENT)   MM
AVERAGE SKY COVER           0.70
NUMBER OF DAYS FAIR            3
NUMBER OF DAYS PC             13
NUMBER OF DAYS CLOUDY         12

AVERAGE RH (PERCENT)     59

WEATHER CONDITIONS. NUMBER OF DAYS WITH
THUNDERSTORM              0     MIXED PRECIP               0
HEAVY RAIN                2     RAIN                       2
LIGHT RAIN                3     FREEZING RAIN              3
LT FREEZING RAIN          4     HAIL                       0
HEAVY SNOW                0     SNOW                       1
LIGHT SNOW                4     SLEET                      2
FOG                       8     FOG W/VIS <= 1/4 MILE      0
HAZE                      2

-  INDICATES NEGATIVE NUMBERS.
R  INDICATES RECORD WAS SET OR TIED.
MM INDICATES DATA IS MISSING.
T  INDICATES TRACE AMOUNT.

$$
