000
CXUS51 KCLE 011753
CLMMFD


CLIMATE REPORT
NATIONAL WEATHER SERVICE CLEVELAND OH
151 PM EDT MON JUN 1 2015

...................................

...THE MANSFIELD OH CLIMATE SUMMARY FOR THE MONTH OF MAY 2015...

CLIMATE NORMAL PERIOD 1981 TO 2010
CLIMATE RECORD PERIOD 1916 TO 2015

WEATHER         OBSERVED          NORMAL  DEPART  LAST YEAR`S
                 VALUE   DATE(S)  VALUE   FROM    VALUE
                                          NORMAL
.............................................................
TEMPERATURE (F)
RECORD
 HIGH              92   05/18/1962
 LOW               25   05/10/1966
HIGHEST            87   05/08
LOWEST             36   05/14
AVG. MAXIMUM     75.7              69.4     6.3     71.4
AVG. MINIMUM     53.7              48.1     5.6     50.5
MEAN             64.7              58.7     6.0     61.0
DAYS MAX >= 90      0               0.0     0.0        0
DAYS MAX <= 32      0               0.0     0.0        0
DAYS MIN <= 32      0               0.4    -0.4        0
DAYS MIN <= 0       0               0.0     0.0        0

PRECIPITATION (INCHES)
RECORD
 MAXIMUM         8.83   1989
 MINIMUM         1.50   1961
TOTALS           4.39              4.54   -0.15     3.00
DAYS >= .01        11              13.8    -2.8       12
DAYS >= .10        10               9.6     0.4        5
DAYS >= .50         5               3.4     1.6        3
DAYS >= 1.00        0               0.7    -0.7        0
GREATEST
 24 HR. TOTAL    0.86   05/30 TO 05/30              1.32

SNOWFALL (INCHES)
RECORDS
 TOTAL            1.4   1966
                        0
TOTALS            0.0                 T     0.0      0.0
SINCE 7/1        63.2              48.3    14.9     65.4
DAYS >= 1.0         0               0.0     0.0        0
GREATEST
 24 HR TOTAL      0.0   05/31 TO 05/31

DEGREE_DAYS
HEATING TOTAL     120               232    -112      178
 SINCE 7/1       6569              6217     352     6691
COOLING TOTAL     118                38      80       61
 SINCE 1/1        118                46      72       63
..............................................................

WIND (MPH)
AVERAGE WIND SPEED              8.7
HIGHEST WIND SPEED/DIRECTION    35/180    DATE  05/11
HIGHEST GUST SPEED/DIRECTION    47/180    DATE  05/11

SKY COVER
AVERAGE SKY COVER           0.40

AVERAGE RH (PERCENT)     69

WEATHER CONDITIONS. NUMBER OF DAYS WITH
THUNDERSTORM              0     MIXED PRECIP               0
HEAVY RAIN                6     RAIN                       8
LIGHT RAIN               13     FREEZING RAIN              0
LT FREEZING RAIN          0     HAIL                       0
HEAVY SNOW                0     SNOW                       0
LIGHT SNOW                0     SLEET                      0
FOG                      13     FOG W/VIS <= 1/4 MILE      3
HAZE                      5

-  INDICATES NEGATIVE NUMBERS.
R  INDICATES RECORD WAS SET OR TIED.
MM INDICATES DATA IS MISSING.
T  INDICATES TRACE AMOUNT.

$$
