000
CXUS54 KBMX 011018
CLMMGM


CLIMATE REPORT
NATIONAL WEATHER SERVICE BIRMINGHAM, AL
518 AM CDT THU JUN 1 2017

...................................

...THE MONTGOMERY CLIMATE SUMMARY FOR THE MONTH OF MAY 2017...

CLIMATE NORMAL PERIOD 1981 TO 2010
CLIMATE RECORD PERIOD 1872 TO 2017

WEATHER         OBSERVED          NORMAL  DEPART  LAST YEAR`S
                 VALUE   DATE(S)  VALUE   FROM    VALUE  DATE(S)
                                          NORMAL
................................................................
TEMPERATURE (F)
RECORD
 HIGH              99   05/27/1916
 LOW               40   05/04/1971
HIGHEST            92   05/19        MM      MM       96  05/31
                        05/18                             05/30
                        05/16
LOWEST             47   05/06        MM      MM       48  05/07
                                                          05/06
AVG. MAXIMUM     84.1              84.0     0.1     85.0
AVG. MINIMUM     61.6              60.7     0.9     62.1
MEAN             72.9                               73.6
DAYS MAX >= 90      5               4.2     0.8        5
DAYS MAX <= 32      0               0.0     0.0        0
DAYS MIN <= 32      0               0.0     0.0        0
DAYS MIN <= 0       0               0.0     0.0        0

PRECIPITATION (INCHES)
RECORD
 MAXIMUM        12.01   1978
 MINIMUM         0.23   2007
TOTALS          12.74R             3.54    9.20     0.73
DAILY AVG.       0.41              0.11    0.30     0.02
DAYS >= .01        13               7.6     5.4        4
DAYS >= .10         9               5.2     3.8        3
DAYS >= .50         5               2.3     2.7        0
DAYS >= 1.00        2               1.2     0.8        0

DEGREE_DAYS
HEATING TOTAL      14                10       4        4
 SINCE 7/1       1206              2236   -1030     1488
COOLING TOTAL     267               238      29      275
 SINCE 1/1        582               339     243      461
.................................................................

WIND (MPH)
AVERAGE WIND SPEED              5.1
HIGHEST WIND SPEED/DIRECTION    28/080    DATE  05/21
HIGHEST GUST SPEED/DIRECTION    32/080    DATE  05/21

AVERAGE RH (PERCENT)     64

WEATHER CONDITIONS. NUMBER OF DAYS WITH
THUNDERSTORM              0     MIXED PRECIP               0
HEAVY RAIN                9     RAIN                       9
LIGHT RAIN               14     FREEZING RAIN              0
LT FREEZING RAIN          0     HAIL                       0
HEAVY SNOW                0     SNOW                       0
LIGHT SNOW                0     SLEET                      0
FOG                      11     FOG W/VIS <= 1/4 MILE      1
HAZE                     10

-  INDICATES NEGATIVE NUMBERS.
R  INDICATES RECORD WAS SET OR TIED.
MM INDICATES DATA IS MISSING.
T  INDICATES TRACE AMOUNT.

$$
