000
CXUS51 KPBZ 011350
CLMMGW


CLIMATE REPORT
NATIONAL WEATHER SERVICE PITTSBURGH PA
950 AM EDT FRI SEP 1 2017

...................................

...THE MORGANTOWN WV CLIMATE SUMMARY FOR THE MONTH OF AUGUST 2017...

CLIMATE NORMAL PERIOD 1981 TO 2010
CLIMATE RECORD PERIOD 1872 TO 2017

WEATHER         OBSERVED          NORMAL  DEPART  LAST YEAR`S
                 VALUE   DATE(S)  VALUE   FROM    VALUE  DATE(S)
                                          NORMAL
................................................................
TEMPERATURE (F)
RECORD
 HIGH             105   MM
 LOW               49   08/15/2014
                        08/15/2013
                        01/01/2000
HIGHEST            89   08/17        MM      MM       93  08/13
LOWEST             52   08/09        MM      MM       58  08/31
                                                          08/23
                                                          08/22
AVG. MAXIMUM     80.5              82.3    -1.8     86.4
AVG. MINIMUM     60.5              61.7    -1.2     67.0
MEAN             70.5              72.0    -1.5     76.7
DAYS MAX >= 90      0               2.8    -2.8        5
DAYS MAX <= 32      0               0.0     0.0        0
DAYS MIN <= 32      0               0.0     0.0        0
DAYS MIN <= 0       0               0.0     0.0        0

PRECIPITATION (INCHES)
RECORD
 MAXIMUM           MM   MM
 MINIMUM           MM   MM
TOTALS           2.53              3.55   -1.02
DAILY AVG.       0.08              0.11   -0.03
DAYS >= .01         7              10.1    -3.1
DAYS >= .10         4               6.4    -2.4
DAYS >= .50         1               2.4    -1.4
DAYS >= 1.00        1               0.8     0.2
GREATEST
 24 HR. TOTAL    1.57   08/18 TO 08/18

DEGREE_DAYS
HEATING TOTAL       1                 8      -7
 SINCE 7/1          2                11      -9
COOLING TOTAL     180               225     -45
 SINCE 1/1        753               709      44
.................................................................

WIND (MPH)
AVERAGE WIND SPEED              3.3
HIGHEST WIND SPEED/DIRECTION    16/140    DATE  08/28
HIGHEST GUST SPEED/DIRECTION    26/240    DATE  08/22

AVERAGE RH (PERCENT)     71

WEATHER CONDITIONS. NUMBER OF DAYS WITH
THUNDERSTORM              0     MIXED PRECIP               0
HEAVY RAIN                2     RAIN                       3
LIGHT RAIN                9     FREEZING RAIN              0
LT FREEZING RAIN          0     HAIL                       0
HEAVY SNOW                0     SNOW                       0
LIGHT SNOW                0     SLEET                      0
FOG                      16     FOG W/VIS <= 1/4 MILE      2
HAZE                      6

-  INDICATES NEGATIVE NUMBERS.
R  INDICATES RECORD WAS SET OR TIED.
MM INDICATES DATA IS MISSING.
T  INDICATES TRACE AMOUNT.

$$
