000
CXUS51 KPBZ 041250
CLMMGW


CLIMATE REPORT
NATIONAL WEATHER SERVICE PITTSBURGH PA
850 AM EDT SAT NOV 4  2017

...................................

...THE MORGANTOWN WV CLIMATE SUMMARY FOR THE MONTH OF OCTOBER 2017...

CLIMATE NORMAL PERIOD 1981 TO 2010
CLIMATE RECORD PERIOD 1872 TO 2017

WEATHER         OBSERVED          NORMAL  DEPART  LAST YEAR`S
                 VALUE   DATE(S)  VALUE   FROM    VALUE  DATE(S)
                                          NORMAL
................................................................
TEMPERATURE (F)
RECORD
 HIGH              94   MM
 LOW               28   10/19/2015
HIGHEST            85   10/07        MM      MM       86  10/20
LOWEST             34   10/27        MM      MM       34  10/26
AVG. MAXIMUM     70.3              64.7     5.6     70.7
AVG. MINIMUM     48.3              43.8     4.5     49.4
MEAN             59.3              54.2     5.1     60.0
DAYS MAX >= 90      0               0.0     0.0        0
DAYS MAX <= 32      0               0.0     0.0        0
DAYS MIN <= 32      0               2.8    -2.8        0
DAYS MIN <= 0       0               0.0     0.0        0

PRECIPITATION (INCHES)
RECORD
 MAXIMUM           MM   MM
 MINIMUM           MM   MM
TOTALS           4.36              2.78    1.58
DAILY AVG.       0.14              0.09    0.05
DAYS >= .01        12              10.6     1.4
DAYS >= .10         7               6.3     0.7
DAYS >= .50         2               1.9     0.1
DAYS >= 1.00        2               0.4     1.6
GREATEST
 24 HR. TOTAL    1.48   10/23 TO 10/23

DEGREE_DAYS
HEATING TOTAL     223               345    -122
 SINCE 7/1        290               442    -152
COOLING TOTAL      54                12      42
 SINCE 1/1        919               813     106
.................................................................

WIND (MPH)
AVERAGE WIND SPEED              4.1
HIGHEST WIND SPEED/DIRECTION    23/130    DATE  10/23
HIGHEST GUST SPEED/DIRECTION    34/200    DATE  10/23

AVERAGE RH (PERCENT)     67

WEATHER CONDITIONS. NUMBER OF DAYS WITH
THUNDERSTORM              0     MIXED PRECIP               0
HEAVY RAIN                4     RAIN                       8
LIGHT RAIN               11     FREEZING RAIN              0
LT FREEZING RAIN          0     HAIL                       0
HEAVY SNOW                0     SNOW                       0
LIGHT SNOW                0     SLEET                      0
FOG                      12     FOG W/VIS <= 1/4 MILE      2
HAZE                      4

-  INDICATES NEGATIVE NUMBERS.
R  INDICATES RECORD WAS SET OR TIED.
MM INDICATES DATA IS MISSING.
T  INDICATES TRACE AMOUNT.

$$
