000
CXUS51 KPBZ 011526
CLMMGW

CLIMATE REPORT
NATIONAL WEATHER SERVICE PITTSBURGH PA
915 AM EST MON JAN 1 2018

...................................

...THE MORGANTOWN WV CLIMATE SUMMARY FOR THE MONTH OF DECEMBER
2017...

CLIMATE NORMAL PERIOD 1981 TO 2010 CLIMATE RECORD PERIOD 1872 TO 2017

WEATHER         OBSERVED          NORMAL  DEPART  LAST YEAR`S

                 VALUE   DATE(S)  VALUE   FROM    VALUE  DATE(S)

                                          NORMAL

................................................................
TEMPERATURE (F) RECORD HIGH              77   12/09/1966

 LOW                0   12/12/2010

HIGHEST            63   12/04        46      17       69  12/26

                                                          12/18

LOWEST              2   12/28        25     -23        5  12/16

AVG. MAXIMUM     39.8              42.4    -2.6     44.1

AVG. MINIMUM     24.9              27.2    -2.3     28.9

MEAN             32.4              34.8    -2.4     36.5
DAYS MAX >= 90      0               0.0     0.0        0
DAYS MAX <= 32      8               6.7     1.3        5
DAYS MIN <= 32     24              21.2     2.8       20
DAYS MIN <= 0       0               0.3    -0.3        0

PRECIPITATION (INCHES)
RECORD
 MAXIMUM         2.50   1919
 MINIMUM         0.00   2015
TOTALS           1.54              2.91   -1.37
DAILY AVG.       0.05              0.09   -0.04
DAYS >= .01        13              13.7    -0.7
DAYS >= .10         2               6.8    -4.8
DAYS >= .50         2               1.8     0.2
DAYS >= 1.00        0               0.2    -0.2
GREATEST
 24 HR. TOTAL    0.76   12/23 TO 12/23

DEGREE_DAYS
HEATING TOTAL    1004               936      68
 SINCE 7/1       1899              1984     -85
COOLING TOTAL       0                 0       0
 SINCE 1/1        919               814     105
.................................................................

WIND (MPH)
AVERAGE WIND SPEED              5.0
HIGHEST WIND SPEED/DIRECTION    22/270    DATE  12/14
HIGHEST GUST SPEED/DIRECTION    36/260    DATE  12/14

AVERAGE RH (PERCENT)     66

WEATHER CONDITIONS. NUMBER OF DAYS WITH
THUNDERSTORM              0     MIXED PRECIP               0
HEAVY RAIN                0     RAIN                       2
LIGHT RAIN                8     FREEZING RAIN              0
LT FREEZING RAIN          0     HAIL                       0
HEAVY SNOW                0     SNOW                       4
LIGHT SNOW               14     SLEET                      0
FOG                      16     FOG W/VIS <= 1/4 MILE      2
HAZE                     15

-  INDICATES NEGATIVE NUMBERS.
R  INDICATES RECORD WAS SET OR TIED.
MM INDICATES DATA IS MISSING.
T  INDICATES TRACE AMOUNT.

$$
