000
CXUS52 KMFL 011904
CLMMIA


CLIMATE REPORT
NATIONAL WEATHER SERVICE MIAMI, FL
202 PM EST MON FEB 1 2016

...................................

...THE MIAMI CLIMATE SUMMARY FOR THE MONTH OF JANUARY 2016...

CLIMATE NORMAL PERIOD 1981 TO 2010
CLIMATE RECORD PERIOD 1895 TO 2016

WEATHER         OBSERVED          NORMAL  DEPART  LAST YEAR`S
                 VALUE   DATE(S)  VALUE   FROM    VALUE
                                          NORMAL
.............................................................
TEMPERATURE (F)
RECORD
 HIGH              88   01/19/1987
                        01/27/1984
 LOW               28   01/28/1940
                        01/27/1940
HIGHEST            84   01/09                         84
                        01/02
                        01/01
LOWEST             46   01/24                         52
AVG. MAXIMUM     74.3              76.4    -2.1     77.8
AVG. MINIMUM     60.4              59.9     0.5     63.9
MEAN             67.4              68.2    -0.8     70.9
DAYS MAX >= 90      0                                  0
DAYS MAX <= 32      0                                  0
DAYS MIN <= 32      0                                  0
DAYS MIN <= 0       0                                  0

PRECIPITATION (INCHES)
RECORD
 MAXIMUM         7.93   1926
 MINIMUM         0.00   1902
                        1898
TOTALS           7.57              1.62    5.95     0.95
DAILY AVG.       0.24              0.05    0.19
DAYS >= .01        16                                  7
DAYS >= .10        10                                  1
DAYS >= .50         5                                  1
DAYS >= 1.00        3                                  0
GREATEST
 24 HR. TOTAL    2.42   01/27 TO 01/28              0.81

DEGREE_DAYS
HEATING TOTAL      40                53     -13       12
 SINCE 7/1         40                90     -50       41
COOLING TOTAL     121               151     -30      202
 SINCE 1/1        121               155     -34      202
..............................................................

WIND (MPH)
AVERAGE WIND SPEED              7.6
HIGHEST WIND SPEED/DIRECTION    30/260    DATE  01/17
HIGHEST GUST SPEED/DIRECTION    42/250    DATE  01/17

SKY COVER
POSSIBLE SUNSHINE (PERCENT)   74
AVERAGE SKY COVER           0.70
NUMBER OF DAYS FAIR            2
NUMBER OF DAYS PC             14
NUMBER OF DAYS CLOUDY         15

AVERAGE RH (PERCENT)     72

WEATHER CONDITIONS. NUMBER OF DAYS WITH
THUNDERSTORM              0     MIXED PRECIP               0
HEAVY RAIN                6     RAIN                       9
LIGHT RAIN               17     FREEZING RAIN              0
LT FREEZING RAIN          0     HAIL                       0
HEAVY SNOW                0     SNOW                       0
LIGHT SNOW                0     SLEET                      0
FOG                      15     FOG W/VIS <= 1/4 MILE      1
HAZE                      1

-  INDICATES NEGATIVE NUMBERS.
R  INDICATES RECORD WAS SET OR TIED.
MM INDICATES DATA IS MISSING.
T  INDICATES TRACE AMOUNT.


..................................................................


..............DATA FOR MIAMI BEACH.....JANUARY 2016...............

...TEMPERATURE DATA...

AVERAGE FOR THE MONTH .... 66.8 OR 0.8 DEGREES BELOW NORMAL.
AVERAGE MAXIMUM .......... 73.6 OR 0.2 DEGREES BELOW NORMAL.
AVERAGE MINIMUM .......... 60.0 OR 1.4 DEGREES BELOW NORMAL.

HIGHEST TEMPERATURE FOR THE MONTH: 83 DEGREES ON 1, 2, 10, & 11.
LOWEST  TEMPERATURE FOR THE MONTH: 45 DEGREES ON 24.


...PRECIPITATION...

TOTAL FOR THE MONTH  7.35 INCHES OR  5.26 INCHES ABOVE NORMAL.
TOTAL FOR THE YEAR   7.35 INCHES OR  5.26 INCHES BELOW NORMAL.
GREATEST 24-HOUR PERIOD RAINFALL 2.40 INCHES ON 28-29TH.

NUMBER OF DAYS HAVING 0.01 INCHES OR MORE ... 10.
NUMBER OF DAYS HAVING 0.10 INCHES OR MORE ... 10.
NUMBER OF DAYS HAVING 0.50 INCHES OR MORE ...  5.
NUMBER OF DAYS HAVING 1.00 INCHES OR MORE ...  3.


..................................................................


........DATA FOR NWS MIAMI (WEST MIAMI).....JANUARY 2016..........

...TEMPERATURE DATA...

AVERAGE FOR THE MONTH .... 66.3 OR 0.3 DEGREES BELOW NORMAL.
AVERAGE MAXIMUM .......... 73.7 OR 1.9 DEGREES BELOW NORMAL.
AVERAGE MINIMUM .......... 58.8 OR 1.2 DEGREES ABOVE NORMAL.

HIGHEST TEMPERATURE FOR THE MONTH: 84 DEGREES ON 1, 2, & 10.
LOWEST  TEMPERATURE FOR THE MONTH: 46 DEGREES ON 24 & 25.


...PRECIPITATION...

TOTAL FOR THE MONTH  8.43 INCHES OR  7.13 INCHES ABOVE NORMAL.
TOTAL FOR THE YEAR   8.43 INCHES OR  7.13 INCHES ABOVE NORMAL.
GREATEST 24-HOUR PERIOD RAINFALL 1.90 INCHES ON 28-29TH.

NUMBER OF DAYS HAVING 0.01 INCHES OR MORE ... 19.
NUMBER OF DAYS HAVING 0.10 INCHES OR MORE ... 11.
NUMBER OF DAYS HAVING 0.50 INCHES OR MORE ...  5.
NUMBER OF DAYS HAVING 1.00 INCHES OR MORE ...  4.

$$
