000
CXUS54 KMEG 012050
CLMMKL


CLIMATE REPORT
NATIONAL WEATHER SERVICE MEMPHIS TN
345 PM CDT SAT OCT 1 2016

...................................

...THE JACKSON CLIMATE SUMMARY FOR THE MONTH OF SEPTEMBER 2016...

CLIMATE NORMAL PERIOD 1981 TO 2010
CLIMATE RECORD PERIOD 1948 TO 2016

WEATHER         OBSERVED          NORMAL  DEPART  LAST YEAR`S
                 VALUE   DATE(S)  VALUE   FROM    VALUE  DATE(S)
                                          NORMAL
................................................................
TEMPERATURE (F)
RECORD
 HIGH             105   09/05/1954
 LOW               35   09/30/1949
HIGHEST            95   09/25        84      11       94  09/05
                        09/23                             09/04
                        09/16
LOWEST             48   09/29        61     -13       46  09/14
                                                          09/13
AVG. MAXIMUM     88.3              83.9     4.4     84.4
AVG. MINIMUM     62.3              59.0     3.3     59.8
MEAN             75.3              71.4     3.9     72.1
DAYS MAX >= 90     16               5.4    10.6        7
DAYS MAX <= 32      0               0.0     0.0        0
DAYS MIN <= 32      0               0.0     0.0        0
DAYS MIN <= 0       0               0.0     0.0        0

PRECIPITATION (INCHES)
RECORD
 MAXIMUM        13.07   2002
 MINIMUM         0.06   1956
TOTALS           1.69              3.38   -1.69     2.07
DAILY AVG.       0.06              0.11   -0.05     0.07
DAYS >= .01         3               7.3    -4.3        5
DAYS >= .10         2               4.6    -2.6        3
DAYS >= .50         1               2.1    -1.1        1
DAYS >= 1.00        1               1.2    -0.2        1
GREATEST
 24 HR. TOTAL    1.50   09/16 TO 09/17
                        09/17 TO 09/17
                        09/17 TO 09/18

SNOWFALL (INCHES)
RECORDS
 TOTAL            0.0   2002
                        2001
TOTALS            0.0               0.0     0.0      0.0
SINCE 7/1         0.0               0.0     0.0      0.0
SNOWDEPTH AVG.      0                MM      MM        0
DAYS >= 1.0         0               0.0     0.0        0
GREATEST
 SNOW DEPTH         0   MM                             0  MM
 24 HR TOTAL      0.0   09/30 TO 09/30

DEGREE_DAYS
HEATING TOTAL       5                26     -21        9
 SINCE 7/1          5                26     -21        9
COOLING TOTAL     322               220     102      231
 SINCE 1/1       1951              1643     308     1793
.................................................................

WIND (MPH)
AVERAGE WIND SPEED              4.4
HIGHEST WIND SPEED/DIRECTION    26/310    DATE  09/10
HIGHEST GUST SPEED/DIRECTION    36/300    DATE  09/10

SKY COVER
POSSIBLE SUNSHINE (PERCENT)   MM
AVERAGE SKY COVER           0.20
NUMBER OF DAYS FAIR           25
NUMBER OF DAYS PC              5
NUMBER OF DAYS CLOUDY          0

AVERAGE RH (PERCENT)     73

WEATHER CONDITIONS. NUMBER OF DAYS WITH
THUNDERSTORM              0     MIXED PRECIP               0
HEAVY RAIN                1     RAIN                       1
LIGHT RAIN                4     FREEZING RAIN              0
LT FREEZING RAIN          0     HAIL                       0
HEAVY SNOW                0     SNOW                       0
LIGHT SNOW                0     SLEET                      0
FOG                      14     FOG W/VIS <= 1/4 MILE      2
HAZE                      4

-  INDICATES NEGATIVE NUMBERS.
R  INDICATES RECORD WAS SET OR TIED.
MM INDICATES DATA IS MISSING.
T  INDICATES TRACE AMOUNT.

$$
