519
CXUS52 KMLB 011800
CLMMLB


CLIMATE REPORT
NATIONAL WEATHER SERVICE MELBOURNE FL
134 PM EDT SAT OCT 1 2016

...................................

...THE MELBOURNE CLIMATE SUMMARY FOR THE MONTH OF SEPTEMBER 2016...

CLIMATE NORMAL PERIOD 1981 TO 2010
CLIMATE RECORD PERIOD 1939 TO 2016

WEATHER         OBSERVED          NORMAL  DEPART  LAST YEAR`S
                 VALUE   DATE(S)  VALUE   FROM    VALUE
                                          NORMAL
................................................................
TEMPERATURE (F)
MONTHLY RECORD
 HOTTEST         82.4   2007
 COLDEST         77.8   1967
DAILY RECORD
 HIGH              97   09/03/2010
                        09/14/1961
                        09/17/1938
 LOW               57   09/21/1938
SEPTEMBER 2016
HIGHEST            92   09/03                         94
LOWEST             71   09/28                         71
                        09/27
AVG. MAXIMUM     88.5              88.4     0.1     88.1
AVG. MINIMUM     75.0              72.7     2.3     74.2
MEAN             81.8              80.6     1.2     81.2
DAYS MAX >= 90      8               8.2    -0.2        8
DAYS MAX <= 32      0               0.0     0.0        0
DAYS MIN <= 32      0               0.0     0.0        0
DAYS MIN <= 0       0               0.0     0.0        0

PRECIPITATION (INCHES)
MONTHLY RECORD
 MAXIMUM        19.68   1948
 MINIMUM         1.62   2002
DAILY RECORD
 MAXIMUM         7.98   09/25/1999
SEPTEMBER 2016
TOTALS          14.17              7.64    6.53     5.22
DAYS >= .01        19              13.7     5.3       17
DAYS >= .10        12               9.3     2.7        9
DAYS >= .50         7               4.6     2.4        3
DAYS >= 1.00        5               2.5     2.5        1
GREATEST
 24 HR. TOTAL    3.58   09/19 TO 09/19

SNOWFALL (INCHES)
TOTALS            0.0               0.0     0.0      0.0
SINCE 7/1         0.0               0.0     0.0      0.0
DAYS >= TRACE       0                                  0

DEGREE_DAYS
HEATING TOTAL       0                 0       0        0
 SINCE 7/1          0                 0       0        0
COOLING TOTAL     511               466      45      492
 SINCE 1/1       3159              2692     467     3151
.................................................................

WIND (MPH)
AVERAGE WIND SPEED              7.3
HIGHEST WIND SPEED/DIRECTION    36/240    DATE  09/02
HIGHEST GUST SPEED/DIRECTION    48/230    DATE  09/02

SKY COVER
POSSIBLE SUNSHINE (PERCENT)   MM
AVERAGE SKY COVER           0.30
NUMBER OF DAYS FAIR           23
NUMBER OF DAYS PC              6
NUMBER OF DAYS CLOUDY          1

AVERAGE RH (PERCENT)     81

WEATHER CONDITIONS. NUMBER OF DAYS WITH
THUNDERSTORM             23     MIXED PRECIP               0
HEAVY RAIN               11     RAIN                      10
LIGHT RAIN               24     LT FREEZING RAIN           0
HAIL                      0     LIGHT SNOW                 0
SLEET                     0     FOG                       20
FOG W/VIS <= 1/4 MILE     3     HAZE                       3

-  INDICATES NEGATIVE NUMBERS.
R  INDICATES RECORD WAS SET OR TIED.
MM INDICATES DATA IS MISSING.
T  INDICATES TRACE AMOUNT.

$$
