000
CXUS53 KDVN 011505
CLMMLI


CLIMATE REPORT
NATIONAL WEATHER SERVICE QUAD CITIES IA IL
956 AM CDT SAT NOV 1 2014

...................................

...THE MOLINE CLIMATE SUMMARY FOR THE MONTH OF OCTOBER 2014...

CLIMATE NORMAL PERIOD 1981 TO 2010
CLIMATE RECORD PERIOD 1872 TO 2014

WEATHER         OBSERVED          NORMAL  DEPART
                 VALUE   DATE(S)  VALUE   FROM
                                          NORMAL
................................................
TEMPERATURE (F)
RECORD
 HIGH              95   10/03/2006
 LOW               11   10/28/1925
HIGHEST            76   10/27        70       6
LOWEST             29   10/30        38      -9
AVG. MAXIMUM     62.3              64.1    -1.8
AVG. MINIMUM     41.2              42.4    -1.2
MEAN             51.8              53.2    -1.4
DAYS MAX >= 90      0               0.2    -0.2
DAYS MAX <= 32      0               0.0     0.0
DAYS MIN <= 32      5               4.3     0.7
DAYS MIN <= 0       0               0.0     0.0

PRECIPITATION (INCHES)
RECORD
 MAXIMUM         9.41   1941
 MINIMUM         0.01   1964
TOTALS           2.80              2.97   -0.17
DAILY AVG.       0.09              0.10   -0.01
DAYS >= .01         7               9.1    -2.1
DAYS >= .10         5
DAYS >= .50         2
DAYS >= 1.00        1               0.7     0.3
GREATEST
 24 HR. TOTAL    1.23   10/13 TO 10/14

SNOWFALL (INCHES)
RECORDS
 TOTAL            6.6   1967
TOTALS              T               0.0     0.0
SINCE 7/1           T               0.0     0.0
SNOWDEPTH AVG.      0
DAYS >= TRACE       1               0.0     1.0
DAYS >= 1.0         0               0.0     0.0
GREATEST
 SNOW DEPTH         0   MM
 24 HR TOTAL        T   10/04

DEGREE_DAYS
HEATING TOTAL     406               378      28
 SINCE 7/1        530               482      48
COOLING TOTAL       3                14     -11
 SINCE 1/1        839              1003    -164
.................................................

WIND (MPH)
AVERAGE WIND SPEED              7.9
HIGHEST WIND SPEED/DIRECTION    32/280    DATE  10/03
HIGHEST GUST SPEED/DIRECTION    42/280    DATE  10/03

SKY COVER
POSSIBLE SUNSHINE (PERCENT)   MM
AVERAGE SKY COVER           0.40
NUMBER OF DAYS FAIR           16
NUMBER OF DAYS PC              9
NUMBER OF DAYS CLOUDY          6

AVERAGE RH (PERCENT)     70

WEATHER CONDITIONS. NUMBER OF DAYS WITH
THUNDERSTORM              0     HAIL                       0
SLEET                     0     FOG                       16
FOG W/VIS <= 1/4 MILE     4     HAZE                       5

-  INDICATES NEGATIVE NUMBERS.
R  INDICATES RECORD WAS SET OR TIED.
MM INDICATES DATA IS MISSING.
T  INDICATES TRACE AMOUNT.

$$

NOTE: SUPPLEMENTAL CLIMATE DATA WAS USED FOR SNOWFALL FROM A NEARBY
CLIMATOLOGICALLY REPRESENTATIVE STATION.
