000
CXUS55 KBYZ 011032
CLMMLS


CLIMATE REPORT
NATIONAL WEATHER SERVICE BILLINGS MT
426 AM MDT TUE JUL 1 2014

...................................

...THE MILES CITY MT CLIMATE SUMMARY FOR THE MONTH OF JUNE 2014...

CLIMATE NORMAL PERIOD 1981 TO 2010
CLIMATE RECORD PERIOD 1937 TO 2014

WEATHER         OBSERVED          NORMAL  DEPART
                 VALUE   DATE(S)  VALUE   FROM
                                          NORMAL
................................................
TEMPERATURE (F)
HIGHEST            84   06/20
LOWEST             40   06/07
AVG. MAXIMUM     74.6              78.6    -4.0
AVG. MINIMUM     51.2              52.6    -1.4
MEAN             62.9              65.6    -2.7
DAYS MAX >= 90      0
DAYS MAX <= 32      0
DAYS MIN <= 32      0
DAYS MIN <= 0       0

PRECIPITATION (INCHES)
TOTALS           4.29              2.51    1.78
DAYS >= .01        15
DAYS >= .10         8
DAYS >= .50         2
DAYS >= 1.00        1
GREATEST
 24 HR. TOTAL    2.08   06/26 TO 06/26
                        06/26 TO 06/27

DEGREE_DAYS
HEATING TOTAL      94                89       5
 SINCE 7/1       8101              7638     463
COOLING TOTAL      37               107     -70
 SINCE 1/1         71               127     -56
.................................................

WIND (MPH)
AVERAGE WIND SPEED              10.1
HIGHEST WIND SPEED/DIRECTION    40/280    DATE  06/30
HIGHEST GUST SPEED/DIRECTION    51/280    DATE  06/30

AVERAGE RH (PERCENT)     66

WEATHER CONDITIONS. NUMBER OF DAYS WITH
THUNDERSTORM              0     MIXED PRECIP               0
HEAVY RAIN                7     RAIN                       6
LIGHT RAIN               15     FREEZING RAIN              0
LT FREEZING RAIN          0     HAIL                       0
HEAVY SNOW                0     SNOW                       0
LIGHT SNOW                0     SLEET                      0
FOG                       9     FOG W/VIS <= 1/4 MILE      4
HAZE                      2

-  INDICATES NEGATIVE NUMBERS.
R  INDICATES RECORD WAS SET OR TIED.
MM INDICATES DATA IS MISSING.
T  INDICATES TRACE AMOUNT.

&&

THIS IS AN AUTOMATED...UNATTENDED WEATHER STATION AND MAY
UNDERESTIMATE WINTER PRECIPITATION.

...JUNE 2014 MONTH IN REVIEW FOR MILES CITY...

BELOW IS A SUMMARY OF THE TEMPERATURE AND PRECIPITATION
STATISTICS FOR MILES CITY FOR JUNE 2014. ALL TEMPERATURES ARE IN
DEGREES FAHRENHEIT AND ALL PRECIPITATION AMOUNTS ARE IN INCHES. NORMALS
ARE 30 YEAR AVERAGES CALCULATED FROM 1981 TO 2010. MONTHLY RANKINGS
FOR PRECIPITATION...SNOWFALL...AND TEMPERATURES USE A PERIOD OF RECORD
THAT STARTED IN FEBRUARY 1937 AT THE MILES CITY AIRPORT.

NUMBERS DENOTED WITH AN * IS MISSING DATA IN THE CALCULATION.

...MILES CITY MONTHLY PRECIPITATION...

 MONTH   2014 VALUES  NORMALS    DEPARTURE  RANKING

JUNE         4.29     2.51       +1.78      15TH WETTEST OUT OF 78 YEARS
                                            (RECORD WETTEST WAS 9.78 IN 1944)
                                            (WETTEST SINCE 5.20 IN 2005)

...MILES CITY JUNE 2014 BROKEN OR TIED DAILY PRECIPITATION RECORDS...

2.08 ON JUNE 26 (OLD RECORD 0.97 IN 1969)

NOTE: SINCE THE LATE 1990S...MILES CITY BECAME AN AUTOMATED AND UNATTENDED
WEATHER STATION. PRECIPITATION AMOUNTS IN THE WINTER MAY BE UNDERESTIMATED.

...MILES CITY AVERAGE TEMPERATURES...

 MONTH   2014 VALUES  NORMALS   DEPARTURE  RANKING

JUNE         62.9      65.6      -2.7      TIED FOR THE 16TH COLDEST OUT OF 78 YEARS
                                           (RECORD COLDEST WAS 58.5 IN 1945)
                                           (COLDEST SINCE 62.6 IN 2011)

...MILES CITY AVERAGE HIGH TEMPERATURES...

 MONTH   2014 VALUES  NORMALS   DEPARTURE  RANKING

JUNE         74.6      78.6      -4.0      15TH COLDEST OUT OF 78 YEARS
                                           (RECORD COLDEST WAS 69.1 IN 1945)
                                           (COLDEST SINCE 74.2 IN 2011)

...MILES CITY JUNE 2014 BROKEN OR TIED WARMEST DAILY HIGH TEMPERATURE RECORDS...

NONE

...MILES CITY JUNE 2014 BROKEN OR TIED COLDEST DAILY HIGH TEMPERATURE RECORDS...

NONE

...MILES CITY AVERAGE LOW TEMPERATURES...

 MONTH   2014 VALUES  NORMALS   DEPARTURE  RANKING

JUNE         51.2      52.6      -1.4      TIED FOR THE 17TH COLDEST OUT OF 78 YEARS
                                           (RECORD COLDEST WAS 47.3 IN 1951)
                                           (COLDEST SINCE 50.9 IN 2011)

...MILES CITY JUNE 2014 BROKEN OR TIED WARMEST DAILY LOW TEMPERATURE RECORDS...

NONE

...MILES CITY JUNE 2014 BROKEN OR TIED COLDEST DAILY LOW TEMPERATURE RECORDS...

NONE

$$
