000
CXUS51 KPHI 010846
CLMMPO


CLIMATE REPORT
NATIONAL WEATHER SERVICE MOUNT HOLLY NJ
443 AM EDT TUE AUG 1 2017

...................................

...THE MOUNT POCONO PA CLIMATE SUMMARY FOR THE MONTH OF JULY 2017...

CLIMATE NORMAL PERIOD 1981 TO 2010
CLIMATE RECORD PERIOD 1901 TO 2017

WEATHER         OBSERVED          NORMAL  DEPART  LAST YEAR`S
                 VALUE   DATE(S)  VALUE   FROM    VALUE
                                          NORMAL
.............................................................
TEMPERATURE (F)
RECORD
 HIGH             103   07/03/1911
 LOW               34   07/09/1909
                        07/04/1907
HIGHEST            84                MM      MM       88
LOWEST             49                MM      MM       46
AVG. MAXIMUM     76.7              78.1    -1.4     79.8
AVG. MINIMUM     58.5              58.3     0.2     59.1
MEAN             67.6              68.2    -0.6     69.4
DAYS MAX >= 90      0               0.6    -0.6        0
DAYS MAX <= 32      0               0.0     0.0        0
DAYS MIN <= 32      0               0.0     0.0        0
DAYS MIN <= 0       0               0.0     0.0        0

PRECIPITATION (INCHES)
RECORD
 MAXIMUM        15.86   1945
 MINIMUM         0.60   1960
TOTALS           5.64              4.64    1.00     6.45
DAILY AVG.       0.18              0.15    0.03     0.21
DAYS >= .01        14                MM      MM       14
DAYS >= .10         6                MM      MM       12
DAYS >= .50         4                MM      MM        4
DAYS >= 1.00        3                MM      MM        3
GREATEST
 24 HR. TOTAL    1.68   07/24 TO 07/24              2.08
                        07/14 TO 07/14

DEGREE_DAYS
HEATING TOTAL      12                22     -10       16
 SINCE 7/1         12                22     -10       16
COOLING TOTAL     104               121     -17      162
 SINCE 1/1        183               202     -19      216
..............................................................

WIND (MPH)
AVERAGE WIND SPEED              6.5
HIGHEST WIND SPEED/DIRECTION    22/280    DATE  07/08
HIGHEST GUST SPEED/DIRECTION    29/290    DATE  07/08

SKY COVER
POSSIBLE SUNSHINE (PERCENT)   MM
AVERAGE SKY COVER           0.50
NUMBER OF DAYS FAIR           14
NUMBER OF DAYS PC             12
NUMBER OF DAYS CLOUDY          5

AVERAGE RH (PERCENT)     80

WEATHER CONDITIONS. NUMBER OF DAYS WITH
THUNDERSTORM              0     MIXED PRECIP               0
HEAVY RAIN                4     RAIN                       4
LIGHT RAIN               18     FREEZING RAIN              0
LT FREEZING RAIN          0     HEAVY SNOW                 0
SNOW                      0     LIGHT SNOW                 0
SLEET                     0     FOG                       21
FOG W/VIS <= 1/4 MILE     6     HAZE                       0

-  INDICATES NEGATIVE NUMBERS.
R  INDICATES RECORD WAS SET OR TIED.
MM INDICATES DATA IS MISSING.
T  INDICATES TRACE AMOUNT.

$$
