000
CXUS51 KPHI 011805
CLMMPO


CLIMATE REPORT
NATIONAL WEATHER SERVICE MOUNT HOLLY NJ
154 PM EDT SAT APR 1 2017

...................................

...THE MOUNT POCONO PA CLIMATE SUMMARY FOR THE MONTH OF MARCH 2017...

CLIMATE NORMAL PERIOD 1981 TO 2010
CLIMATE RECORD PERIOD 1901 TO 2017

WEATHER         OBSERVED          NORMAL  DEPART  LAST YEAR`S
                 VALUE   DATE(S)  VALUE   FROM    VALUE
                                          NORMAL
.............................................................
TEMPERATURE (F)
RECORD
 HIGH              81   03/31/1998
                        03/30/1910
 LOW              -18   03/07/1911
HIGHEST            60                MM      MM       73
LOWEST              3                MM      MM       14
AVG. MAXIMUM     38.0              42.2    -4.2     50.9
AVG. MINIMUM     20.6              24.9    -4.3     30.4
MEAN             29.3              33.5    -4.2     40.6
DAYS MAX >= 90      0               0.0     0.0        0
DAYS MAX <= 32     12               5.0     7.0        1
DAYS MIN <= 32     28              24.1     3.9       18
DAYS MIN <= 0       0               0.2    -0.2        0

PRECIPITATION (INCHES)
RECORD
 MAXIMUM        10.55   1940
 MINIMUM         0.75   1981
TOTALS           3.79              3.83   -0.04     0.99
DAILY AVG.       0.12              0.12    0.00     0.03
DAYS >= .01        15                MM      MM       10
DAYS >= .10         7                MM      MM        5
DAYS >= .50         2                MM      MM        0
DAYS >= 1.00        1                MM      MM        0
GREATEST
 24 HR. TOTAL    1.04   03/14 TO 03/14              0.36

DEGREE_DAYS
HEATING TOTAL    1100               975     125      746
 SINCE 7/1       5703              6098    -395     5031
COOLING TOTAL       0                 0       0        0
 SINCE 1/1          0                 0       0        0
..............................................................

WIND (MPH)
AVERAGE WIND SPEED              12.2
HIGHEST WIND SPEED/DIRECTION    33/320    DATE  03/22
HIGHEST GUST SPEED/DIRECTION    53/040    DATE  03/14

SKY COVER
POSSIBLE SUNSHINE (PERCENT)   MM
AVERAGE SKY COVER           0.60
NUMBER OF DAYS FAIR            4
NUMBER OF DAYS PC             16
NUMBER OF DAYS CLOUDY          9

AVERAGE RH (PERCENT)     74

WEATHER CONDITIONS. NUMBER OF DAYS WITH
THUNDERSTORM              0     MIXED PRECIP               1
HEAVY RAIN                3     RAIN                       2
LIGHT RAIN               10     FREEZING RAIN              2
LT FREEZING RAIN          4     HEAVY SNOW                 1
SNOW                      3     LIGHT SNOW                14
SLEET                     1     FOG                       17
FOG W/VIS <= 1/4 MILE     8     HAZE                       3

-  INDICATES NEGATIVE NUMBERS.
R  INDICATES RECORD WAS SET OR TIED.
MM INDICATES DATA IS MISSING.
T  INDICATES TRACE AMOUNT.

$$
